{"id":9329,"date":"2019-09-24T22:21:57","date_gmt":"2019-09-25T00:21:57","guid":{"rendered":"https:\/\/www.tiendaled.cl\/?post_type=product&#038;p=9329"},"modified":"2023-01-26T15:05:39","modified_gmt":"2023-01-26T17:05:39","slug":"lampara-techo-retro-rectangular-6-ampolletas","status":"publish","type":"product","link":"https:\/\/www.tiendaled.cl\/?product=lampara-techo-retro-rectangular-6-ampolletas","title":{"rendered":"Lampara Techo Retro Rectangular 6 Ampolletas"},"content":{"rendered":"<p>L\u00e1mpara de techo r\u00fastica de metal con cadena 6 mpolletas<br \/>\nUtiliza 6 ampolletas de soquete tradicional E27<\/p>\n<p>Incluye de regalo 6 ampolletas vintage de filamento LED<\/p>\n<p>Funciona con ampolletas incandescentes, LED, CFL, hal\u00f3genas (60 W m\u00e1ximo).<br \/>\nTotalmente regulable en su altura para el techo<br \/>\nF\u00e1cil instalaci\u00f3n: incluye todos los accesorios de montaje<br \/>\nEs perfecto para su , living, sala de estar, comedor, restaurante, oficina, bar, etc.<br \/>\nDale un toque rustic a cualquier ambiente cl\u00e1sico<br \/>\nLa sombra le traer\u00e1 de nuevo al siglo XIX y principios del siglo XX.<\/p>\n<p>&nbsp;<\/p>\n<p>Dimensiones<\/p>\n<p>840mm alto<\/p>\n<p>780mm largo<\/p>\n<p>250mm fondo<\/p>\n<p>&nbsp;<\/p>\n<p>&nbsp;<\/p>\n","protected":false},"excerpt":{"rendered":"<p>L\u00e1mpara de techo r\u00fastica de metal con cadena 6 mpolletas Utiliza 6 ampolletas de soquete tradicional E27 Incluye de regalo 6 ampolletas vintage de filamento LED Funciona con ampolletas incandescentes, LED, CFL, hal\u00f3genas (60 W m\u00e1ximo). Totalmente regulable en su altura para el techo F\u00e1cil instalaci\u00f3n: incluye todos los accesorios de montaje Es perfecto para [&#8230;]\n","protected":false},"featured_media":9330,"comment_status":"open","ping_status":"closed","template":"","meta":{"_joinchat":[]},"product_brand":[],"product_cat":[92,93,103,111],"product_tag":[122,147,124],"class_list":{"0":"post-9329","1":"product","2":"type-product","3":"status-publish","4":"has-post-thumbnail","6":"product_cat-productos-led","7":"product_cat-ampolletas-led","8":"product_cat-lamparas-y-apliques","9":"product_cat-lamparas-colgantes","10":"product_tag-lampara-colgante","11":"product_tag-lampara-rustica","12":"product_tag-lampara-vintage","14":"first","15":"instock","16":"shipping-taxable","17":"purchasable","18":"product-type-simple"},"_links":{"self":[{"href":"https:\/\/www.tiendaled.cl\/index.php?rest_route=\/wp\/v2\/product\/9329","targetHints":{"allow":["GET"]}}],"collection":[{"href":"https:\/\/www.tiendaled.cl\/index.php?rest_route=\/wp\/v2\/product"}],"about":[{"href":"https:\/\/www.tiendaled.cl\/index.php?rest_route=\/wp\/v2\/types\/product"}],"replies":[{"embeddable":true,"href":"https:\/\/www.tiendaled.cl\/index.php?rest_route=%2Fwp%2Fv2%2Fcomments&post=9329"}],"wp:featuredmedia":[{"embeddable":true,"href":"https:\/\/www.tiendaled.cl\/index.php?rest_route=\/wp\/v2\/media\/9330"}],"wp:attachment":[{"href":"https:\/\/www.tiendaled.cl\/index.php?rest_route=%2Fwp%2Fv2%2Fmedia&parent=9329"}],"wp:term":[{"taxonomy":"product_brand","embeddable":true,"href":"https:\/\/www.tiendaled.cl\/index.php?rest_route=%2Fwp%2Fv2%2Fproduct_brand&post=9329"},{"taxonomy":"product_cat","embeddable":true,"href":"https:\/\/www.tiendaled.cl\/index.php?rest_route=%2Fwp%2Fv2%2Fproduct_cat&post=9329"},{"taxonomy":"product_tag","embeddable":true,"href":"https:\/\/www.tiendaled.cl\/index.php?rest_route=%2Fwp%2Fv2%2Fproduct_tag&post=9329"}],"curies":[{"name":"wp","href":"https:\/\/api.w.org\/{rel}","templated":true}]}}