{"id":80960,"date":"2026-02-25T13:02:48","date_gmt":"2026-02-25T15:02:48","guid":{"rendered":"https:\/\/www.tiendaled.cl\/?post_type=product&#038;p=80960"},"modified":"2026-02-26T04:26:25","modified_gmt":"2026-02-26T06:26:25","slug":"lampara-triple-colgante-hierro-dorada-3-diamante-25x25cm-dorado","status":"publish","type":"product","link":"https:\/\/www.tiendaled.cl\/?product=lampara-triple-colgante-hierro-dorada-3-diamante-25x25cm-dorado","title":{"rendered":"Lampara Triple Colgante Hierro Dorada 3 Diamante 25x25cm Dorado"},"content":{"rendered":"<p>Lampara Colgante Triple 3 Diamante Color Dorado 25x25cm<\/p>\n<p>L\u00e1mpara de techo con pantalla Blanca de Tela Fabricada en hierro con acabado dorado y forma diamante.<\/p>\n<p>Una l\u00e1mpara de estilo elegante con un dise\u00f1o muy actual.<\/p>\n<p>Con este tipo de pantalla obtendremos una iluminaci\u00f3n general ideal para cualquier lugar de la casa y a su vez conseguiremos un toque elegante y actual.<\/p>\n<p>Estilo retro, la luz con pantalla de hierro agrega el atractivo \u00fanico para tu hogar y puede decorar cualquier espacio vintage.<\/p>\n<p>Soquete tradicional E27 No Incluye la ampolleta<\/p>\n<p>&#8212;&#8211;IMPORTANTE &#8212;-<\/p>\n<p>La foto de este producto ha sido ambientada, la fotograf\u00eda es una aproximaci\u00f3n al color real.<\/p>\n<p>No incluye ning\u00fan adorno, ni accesorios, ni piezas adicionales ni ning\u00fan otro elemento que lo acompa\u00f1an. GARANT\u00cdA<\/p>\n<p>* NO cubre mala manipulaci\u00f3n por parte del usuario, por lo cual es importante que revise el producto apenas lo reciba, independiente si lo instalara despues<\/p>\n<p>* Se debe conservar empaque y accesorios completos.<\/p>\n","protected":false},"excerpt":{"rendered":"<p>Lampara Colgante Triple 3 Diamante Color Dorado 25x25cm\u00a0L\u00e1mpara de techo con pantalla Blanca de Tela Fabricada en hierro con acabado dorado y forma diamante.\u00a0Una l\u00e1mpara de estilo elegante con un dise\u00f1o muy actual.<\/p>\n<p>&nbsp;<\/p>\n","protected":false},"featured_media":80963,"comment_status":"open","ping_status":"closed","template":"","meta":{"_joinchat":[]},"product_brand":[],"product_cat":[192,103,111],"product_tag":[120,122,216,935,196,123,936],"class_list":{"0":"post-80960","1":"product","2":"type-product","3":"status-publish","4":"has-post-thumbnail","6":"product_cat-lamparas-techo","7":"product_cat-lamparas-y-apliques","8":"product_cat-lamparas-colgantes","9":"product_tag-lampara","10":"product_tag-lampara-colgante","11":"product_tag-lampara-diamante","12":"product_tag-lampara-dorada-triple","13":"product_tag-lampara-jaula","14":"product_tag-lampara-triple","15":"product_tag-lampara-triple-jaula","17":"first","18":"instock","19":"shipping-taxable","20":"purchasable","21":"product-type-simple"},"_links":{"self":[{"href":"https:\/\/www.tiendaled.cl\/index.php?rest_route=\/wp\/v2\/product\/80960","targetHints":{"allow":["GET"]}}],"collection":[{"href":"https:\/\/www.tiendaled.cl\/index.php?rest_route=\/wp\/v2\/product"}],"about":[{"href":"https:\/\/www.tiendaled.cl\/index.php?rest_route=\/wp\/v2\/types\/product"}],"replies":[{"embeddable":true,"href":"https:\/\/www.tiendaled.cl\/index.php?rest_route=%2Fwp%2Fv2%2Fcomments&post=80960"}],"wp:featuredmedia":[{"embeddable":true,"href":"https:\/\/www.tiendaled.cl\/index.php?rest_route=\/wp\/v2\/media\/80963"}],"wp:attachment":[{"href":"https:\/\/www.tiendaled.cl\/index.php?rest_route=%2Fwp%2Fv2%2Fmedia&parent=80960"}],"wp:term":[{"taxonomy":"product_brand","embeddable":true,"href":"https:\/\/www.tiendaled.cl\/index.php?rest_route=%2Fwp%2Fv2%2Fproduct_brand&post=80960"},{"taxonomy":"product_cat","embeddable":true,"href":"https:\/\/www.tiendaled.cl\/index.php?rest_route=%2Fwp%2Fv2%2Fproduct_cat&post=80960"},{"taxonomy":"product_tag","embeddable":true,"href":"https:\/\/www.tiendaled.cl\/index.php?rest_route=%2Fwp%2Fv2%2Fproduct_tag&post=80960"}],"curies":[{"name":"wp","href":"https:\/\/api.w.org\/{rel}","templated":true}]}}