{"id":80385,"date":"2025-09-24T16:23:10","date_gmt":"2025-09-24T18:23:10","guid":{"rendered":"https:\/\/www.tiendaled.cl\/?post_type=product&#038;p=80385"},"modified":"2025-09-24T16:28:08","modified_gmt":"2025-09-24T18:28:08","slug":"aplique-muro-doble-foco-soquete-e27-exterior-ip65-gris","status":"publish","type":"product","link":"https:\/\/www.tiendaled.cl\/?product=aplique-muro-doble-foco-soquete-e27-exterior-ip65-gris","title":{"rendered":"Aplique Muro Doble Foco Soquete E27 Exterior Ip65 Gris"},"content":{"rendered":"<p>Aplique de pared Estilo Moderno para Exterior<br \/>\nDise\u00f1o Cilindrico Doble Moderno<br \/>\nApto para su uso en ambientes exteriores (jardines, terrazas, parques, etc.).<\/p>\n<p>Acabado en\u00a0 Gris<br \/>\nFabricado en aluminio y Hierro<br \/>\nPosee un grado de protecci\u00f3n \u00a0contra el agua y las part\u00edculas.<br \/>\nEst\u00e1ndar E27 le que le permitir\u00e1 utilizar cualquier bombilla de bajo consumo o LED, respetando siempre la potencia m\u00e1xima permitida de 60w<\/p>\n<p>NO INCLUYE AMPOLLETAS<br \/>\nDimnesiones 9 X 26 cms<\/p>\n","protected":false},"excerpt":{"rendered":"<p>Aplique de pared Estilo Moderno para Exterior Dise\u00f1o Cilindrico Doble Moderno Apto para su uso en ambientes exteriores (jardines, terrazas, parques, etc.). Acabado en\u00a0 Gris Fabricado en aluminio y Hierro Posee un grado de protecci\u00f3n \u00a0contra el agua y las part\u00edculas. Est\u00e1ndar E27 le que le permitir\u00e1 utilizar cualquier bombilla de bajo consumo o LED, [&#8230;]\n","protected":false},"featured_media":80386,"comment_status":"open","ping_status":"closed","template":"","meta":{"_joinchat":[]},"product_brand":[],"product_cat":[103,106,108],"product_tag":[131,250,133,132],"class_list":{"0":"post-80385","1":"product","2":"type-product","3":"status-publish","4":"has-post-thumbnail","6":"product_cat-lamparas-y-apliques","7":"product_cat-apliques","8":"product_cat-lamparas-de-muro","9":"product_tag-aplique","10":"product_tag-aplique-doble","11":"product_tag-aplique-moderno","12":"product_tag-aplique-muro","14":"first","15":"instock","16":"shipping-taxable","17":"purchasable","18":"product-type-simple"},"_links":{"self":[{"href":"https:\/\/www.tiendaled.cl\/index.php?rest_route=\/wp\/v2\/product\/80385","targetHints":{"allow":["GET"]}}],"collection":[{"href":"https:\/\/www.tiendaled.cl\/index.php?rest_route=\/wp\/v2\/product"}],"about":[{"href":"https:\/\/www.tiendaled.cl\/index.php?rest_route=\/wp\/v2\/types\/product"}],"replies":[{"embeddable":true,"href":"https:\/\/www.tiendaled.cl\/index.php?rest_route=%2Fwp%2Fv2%2Fcomments&post=80385"}],"wp:featuredmedia":[{"embeddable":true,"href":"https:\/\/www.tiendaled.cl\/index.php?rest_route=\/wp\/v2\/media\/80386"}],"wp:attachment":[{"href":"https:\/\/www.tiendaled.cl\/index.php?rest_route=%2Fwp%2Fv2%2Fmedia&parent=80385"}],"wp:term":[{"taxonomy":"product_brand","embeddable":true,"href":"https:\/\/www.tiendaled.cl\/index.php?rest_route=%2Fwp%2Fv2%2Fproduct_brand&post=80385"},{"taxonomy":"product_cat","embeddable":true,"href":"https:\/\/www.tiendaled.cl\/index.php?rest_route=%2Fwp%2Fv2%2Fproduct_cat&post=80385"},{"taxonomy":"product_tag","embeddable":true,"href":"https:\/\/www.tiendaled.cl\/index.php?rest_route=%2Fwp%2Fv2%2Fproduct_tag&post=80385"}],"curies":[{"name":"wp","href":"https:\/\/api.w.org\/{rel}","templated":true}]}}

<p>Aplique de pared Estilo Moderno para Exterior<br />
Diseño Cilindrico Doble Moderno<br />
Apto para su uso en ambientes exteriores (jardines, terrazas, parques, etc.).</p>
<p>Acabado en  Gris<br />
Fabricado en aluminio y Hierro<br />
Posee un grado de protección  contra el agua y las partículas.<br />
Estándar E27 le que le permitirá utilizar cualquier bombilla de bajo consumo o LED, respetando siempre la potencia máxima permitida de 60w</p>
<p>NO INCLUYE AMPOLLETAS<br />
Dimnesiones 9 X 26 cms</p>

<p>Aplique de pared Estilo Moderno para Exterior Diseño Cilindrico Doble Moderno Apto para su uso en ambientes exteriores (jardines, terrazas, parques, etc.). Acabado en  Gris Fabricado en aluminio y Hierro Posee un grado de protección  contra el agua y las partículas. Estándar E27 le que le permitirá utilizar cualquier bombilla de bajo consumo o LED, [&#8230;]
