{"id":79898,"date":"2025-01-14T23:43:49","date_gmt":"2025-01-15T01:43:49","guid":{"rendered":"https:\/\/www.tiendaled.cl\/?post_type=product&#038;p=79898"},"modified":"2025-01-14T23:43:49","modified_gmt":"2025-01-15T01:43:49","slug":"lampara-de-techo-doble-cubo-de-madera-soquete-e27","status":"publish","type":"product","link":"https:\/\/www.tiendaled.cl\/?product=lampara-de-techo-doble-cubo-de-madera-soquete-e27","title":{"rendered":"L\u00e1mpara De Techo Doble Cubo De Madera Soquete E27"},"content":{"rendered":"<p>L\u00e1mpara colgante de dise\u00f1o moderno.<br \/>\nEst\u00e1 compuesta por una base cuadrada negra que se fija al techo, un soporte met\u00e1lico en acabado cromado que conecta con el cuerpo principal, y dos pantallas cuadradas de madera cada una con un orificio circular en el centro.<br \/>\nEste dise\u00f1o permite que la luz atraviese el orificio, creando un efecto decorativo<br \/>\nEs ideal para ambientes interiores que buscan una est\u00e9tica contempor\u00e1nea y minimalista.<\/p>\n<p>Por su dise\u00f1o moderno y elegante, es perfecta para a\u00f1adir un toque decorativo en espacios como salas, comedores, dormitorios o recibidores.<br \/>\nEl dise\u00f1o con la apertura circular dirige la luz de manera espec\u00edfica, siendo \u00fatil para iluminar \u00e1reas peque\u00f1as o generar un ambiente acogedor.<br \/>\nTambi\u00e9n puede usarse en cafeter\u00edas, oficinas modernas, tiendas o restaurantes, donde el dise\u00f1o est\u00e9tico es clave.<br \/>\nComplementa decoraciones de estilo moderno, escandinavo o industrial, gracias a su forma geom\u00e9trica y acabados sencillos.<\/p>\n<p>Se debe usar una ampolleta adecuada (posiblemente LED) para lograr un balance entre luz c\u00e1lida o fr\u00eda, seg\u00fan el ambiente deseado.<\/p>\n<p>Material: Madera, Metal, Vidrio.<br \/>\nColor: Caf\u00e9, Blanco.<br \/>\nAlto: 24 Cms.<br \/>\nAncho: 30Cms.<br \/>\nBase: 10 Cms.<br \/>\nVaso de vidrio: 10 Cms.<br \/>\nProducto no incluye ampolleta<\/p>\n","protected":false},"excerpt":{"rendered":"<p>L\u00e1mpara colgante de dise\u00f1o moderno. Est\u00e1 compuesta por una base cuadrada negra que se fija al techo, un soporte met\u00e1lico en acabado cromado que conecta con el cuerpo principal, y dos pantallas cuadradas de madera cada una con un orificio circular en el centro. Este dise\u00f1o permite que la luz atraviese el orificio, creando un [&#8230;]\n","protected":false},"featured_media":79902,"comment_status":"open","ping_status":"closed","template":"","meta":{"_joinchat":[]},"product_brand":[],"product_cat":[192,103,106,108],"product_tag":[],"class_list":{"0":"post-79898","1":"product","2":"type-product","3":"status-publish","4":"has-post-thumbnail","6":"product_cat-lamparas-techo","7":"product_cat-lamparas-y-apliques","8":"product_cat-apliques","9":"product_cat-lamparas-de-muro","11":"first","12":"instock","13":"shipping-taxable","14":"purchasable","15":"product-type-simple"},"_links":{"self":[{"href":"https:\/\/www.tiendaled.cl\/index.php?rest_route=\/wp\/v2\/product\/79898","targetHints":{"allow":["GET"]}}],"collection":[{"href":"https:\/\/www.tiendaled.cl\/index.php?rest_route=\/wp\/v2\/product"}],"about":[{"href":"https:\/\/www.tiendaled.cl\/index.php?rest_route=\/wp\/v2\/types\/product"}],"replies":[{"embeddable":true,"href":"https:\/\/www.tiendaled.cl\/index.php?rest_route=%2Fwp%2Fv2%2Fcomments&post=79898"}],"wp:featuredmedia":[{"embeddable":true,"href":"https:\/\/www.tiendaled.cl\/index.php?rest_route=\/wp\/v2\/media\/79902"}],"wp:attachment":[{"href":"https:\/\/www.tiendaled.cl\/index.php?rest_route=%2Fwp%2Fv2%2Fmedia&parent=79898"}],"wp:term":[{"taxonomy":"product_brand","embeddable":true,"href":"https:\/\/www.tiendaled.cl\/index.php?rest_route=%2Fwp%2Fv2%2Fproduct_brand&post=79898"},{"taxonomy":"product_cat","embeddable":true,"href":"https:\/\/www.tiendaled.cl\/index.php?rest_route=%2Fwp%2Fv2%2Fproduct_cat&post=79898"},{"taxonomy":"product_tag","embeddable":true,"href":"https:\/\/www.tiendaled.cl\/index.php?rest_route=%2Fwp%2Fv2%2Fproduct_tag&post=79898"}],"curies":[{"name":"wp","href":"https:\/\/api.w.org\/{rel}","templated":true}]}}

Lámpara De Techo Doble Cubo De Madera Soquete E27

<p>Lámpara colgante de diseño moderno.<br />
Está compuesta por una base cuadrada negra que se fija al techo, un soporte metálico en acabado cromado que conecta con el cuerpo principal, y dos pantallas cuadradas de madera cada una con un orificio circular en el centro.<br />
Este diseño permite que la luz atraviese el orificio, creando un efecto decorativo<br />
Es ideal para ambientes interiores que buscan una estética contemporánea y minimalista.</p>
<p>Por su diseño moderno y elegante, es perfecta para añadir un toque decorativo en espacios como salas, comedores, dormitorios o recibidores.<br />
El diseño con la apertura circular dirige la luz de manera específica, siendo útil para iluminar áreas pequeñas o generar un ambiente acogedor.<br />
También puede usarse en cafeterías, oficinas modernas, tiendas o restaurantes, donde el diseño estético es clave.<br />
Complementa decoraciones de estilo moderno, escandinavo o industrial, gracias a su forma geométrica y acabados sencillos.</p>
<p>Se debe usar una ampolleta adecuada (posiblemente LED) para lograr un balance entre luz cálida o fría, según el ambiente deseado.</p>
<p>Material: Madera, Metal, Vidrio.<br />
Color: Café, Blanco.<br />
Alto: 24 Cms.<br />
Ancho: 30Cms.<br />
Base: 10 Cms.<br />
Vaso de vidrio: 10 Cms.<br />
Producto no incluye ampolleta</p>

<p>Lámpara colgante de diseño moderno. Está compuesta por una base cuadrada negra que se fija al techo, un soporte metálico en acabado cromado que conecta con el cuerpo principal, y dos pantallas cuadradas de madera cada una con un orificio circular en el centro. Este diseño permite que la luz atraviese el orificio, creando un [&#8230;]
