{"id":79859,"date":"2025-01-05T23:47:09","date_gmt":"2025-01-06T01:47:09","guid":{"rendered":"https:\/\/www.tiendaled.cl\/?post_type=product&#038;p=79859"},"modified":"2026-03-26T15:16:37","modified_gmt":"2026-03-26T17:16:37","slug":"aplique-lampara-de-pared-exterior-de-diseno-clasico","status":"publish","type":"product","link":"https:\/\/www.tiendaled.cl\/?product=aplique-lampara-de-pared-exterior-de-diseno-clasico","title":{"rendered":"Aplique Lampara De Pared Exterior De Dise\u00f1o Clasico"},"content":{"rendered":"<p>Esta l\u00e1mpara de pared exterior tiene un dise\u00f1o cl\u00e1sico.<br \/>\nDise\u00f1o retro, sabor industrial grueso, caracter\u00edsticas texturizadas y \u00fanicas para tu personalidad.<br \/>\nCon un marco de metal y una cubierta de vidrio esmerilado para la proteger la ampolleta, lo que proporciona un brillo c\u00e1lido y acogedor.<br \/>\nEste estilo se utiliza a menudo para la iluminaci\u00f3n exterior en entornos residenciales, como porches o entradas.<\/p>\n<p>Resistente al agua, con protecci\u00f3n IP23, no solo para interiores, sino tambi\u00e9n para paredes exteriores.<br \/>\nProporciona una excelente resistencia al calor, impactos, bajas temperaturas y cualquier otra condici\u00f3n clim\u00e1tica<br \/>\nAntioxidante y anticorrosi\u00f3n<\/p>\n<p>Totalmente compatible con soquetes tradicionales E27<br \/>\n( NO INCLUYE LA AMPOLLETA)<\/p>\n<p>Medidas<\/p>\n<p>Pantalla 22cm x 12cm<br \/>\nBase de 12cmx20cm<br \/>\nBrazo de 15cm<\/p>\n","protected":false},"excerpt":{"rendered":"<p>Esta l\u00e1mpara de pared exterior tiene un dise\u00f1o cl\u00e1sico.<br \/>\nDise\u00f1o retro, sabor industrial grueso, caracter\u00edsticas texturizadas y \u00fanicas para tu personalidad.<br \/>\nCon un marco de metal y una cubierta de vidrio esmerilado para la proteger la ampolleta, lo que proporciona un brillo c\u00e1lido y acogedor.<br \/>\nEste estilo se utiliza a menudo para la iluminaci\u00f3n exterior en entornos residenciales, como porches o entradas<\/p>\n","protected":false},"featured_media":79864,"comment_status":"open","ping_status":"closed","template":"","meta":{"_joinchat":[]},"product_brand":[],"product_cat":[15],"product_tag":[131,255,364,292,275],"class_list":{"0":"post-79859","1":"product","2":"type-product","3":"status-publish","4":"has-post-thumbnail","6":"product_cat-uncategorized","7":"product_tag-aplique","8":"product_tag-aplique-clasico","9":"product_tag-aplique-exterior","10":"product_tag-farol","11":"product_tag-lampara-de-pared","13":"first","14":"instock","15":"shipping-taxable","16":"purchasable","17":"product-type-simple"},"_links":{"self":[{"href":"https:\/\/www.tiendaled.cl\/index.php?rest_route=\/wp\/v2\/product\/79859","targetHints":{"allow":["GET"]}}],"collection":[{"href":"https:\/\/www.tiendaled.cl\/index.php?rest_route=\/wp\/v2\/product"}],"about":[{"href":"https:\/\/www.tiendaled.cl\/index.php?rest_route=\/wp\/v2\/types\/product"}],"replies":[{"embeddable":true,"href":"https:\/\/www.tiendaled.cl\/index.php?rest_route=%2Fwp%2Fv2%2Fcomments&post=79859"}],"wp:featuredmedia":[{"embeddable":true,"href":"https:\/\/www.tiendaled.cl\/index.php?rest_route=\/wp\/v2\/media\/79864"}],"wp:attachment":[{"href":"https:\/\/www.tiendaled.cl\/index.php?rest_route=%2Fwp%2Fv2%2Fmedia&parent=79859"}],"wp:term":[{"taxonomy":"product_brand","embeddable":true,"href":"https:\/\/www.tiendaled.cl\/index.php?rest_route=%2Fwp%2Fv2%2Fproduct_brand&post=79859"},{"taxonomy":"product_cat","embeddable":true,"href":"https:\/\/www.tiendaled.cl\/index.php?rest_route=%2Fwp%2Fv2%2Fproduct_cat&post=79859"},{"taxonomy":"product_tag","embeddable":true,"href":"https:\/\/www.tiendaled.cl\/index.php?rest_route=%2Fwp%2Fv2%2Fproduct_tag&post=79859"}],"curies":[{"name":"wp","href":"https:\/\/api.w.org\/{rel}","templated":true}]}}

Aplique Lampara De Pared Exterior De Diseño Clasico

<p>Esta lámpara de pared exterior tiene un diseño clásico.<br />
Diseño retro, sabor industrial grueso, características texturizadas y únicas para tu personalidad.<br />
Con un marco de metal y una cubierta de vidrio esmerilado para la proteger la ampolleta, lo que proporciona un brillo cálido y acogedor.<br />
Este estilo se utiliza a menudo para la iluminación exterior en entornos residenciales, como porches o entradas.</p>
<p>Resistente al agua, con protección IP23, no solo para interiores, sino también para paredes exteriores.<br />
Proporciona una excelente resistencia al calor, impactos, bajas temperaturas y cualquier otra condición climática<br />
Antioxidante y anticorrosión</p>
<p>Totalmente compatible con soquetes tradicionales E27<br />
( NO INCLUYE LA AMPOLLETA)</p>
<p>Medidas</p>
<p>Pantalla 22cm x 12cm<br />
Base de 12cmx20cm<br />
Brazo de 15cm</p>

<p>Esta lámpara de pared exterior tiene un diseño clásico.<br />
Diseño retro, sabor industrial grueso, características texturizadas y únicas para tu personalidad.<br />
Con un marco de metal y una cubierta de vidrio esmerilado para la proteger la ampolleta, lo que proporciona un brillo cálido y acogedor.<br />
Este estilo se utiliza a menudo para la iluminación exterior en entornos residenciales, como porches o entradas</p>
