{"id":79697,"date":"2024-10-13T20:09:40","date_gmt":"2024-10-13T22:09:40","guid":{"rendered":"https:\/\/www.tiendaled.cl\/?post_type=product&#038;p=79697"},"modified":"2025-06-29T23:09:10","modified_gmt":"2025-06-30T01:09:10","slug":"luminaria-publica-led-100w-alta-eficiencia-fotocelda-4000k-luz-neutra","status":"publish","type":"product","link":"https:\/\/www.tiendaled.cl\/?product=luminaria-publica-led-100w-alta-eficiencia-fotocelda-4000k-luz-neutra","title":{"rendered":"Luminaria Publica Led 100w Alta Eficiencia Fotocelda 4000K Luz Neutra"},"content":{"rendered":"<p>La Luminaria LED publica de 100W 10000Lm 4000\u00baK IP65 PRO est\u00e1 especialmente pensada para el alumbrado p\u00fablico.<br \/>\nSu fuente lum\u00ednica SMD 2835 produce una alta eficiencia lum\u00ednica de 100 lm\/W<br \/>\nEs el reemplazo perfecto para sustituir a las antiguas farolas de descarga, mejorando la visibilidad en cualquier tipo de v\u00eda y reduciendo el consumo de electricidad de forma importante.<br \/>\nFabricada en aluminio inyectado y PC, la Luminaria LED posee un factor de protecci\u00f3n IP65 que la hace resistente a la intemperie y un tratamiento anticorrosivo, tanto qu\u00edmico como mec\u00e1nico, resistente a los rayos UV que mejora a\u00fan m\u00e1s su durabilidad<\/p>\n<p>Incorpora una fotocelda para encender y apagar autom\u00e1ticamente la luz seg\u00fan la disponibilidad de luz natural. Esto se traduce en un ahorro de energ\u00eda al encenderse solo cuando es necesario, generalmente al anochecer, y apagarse al amanecer.<br \/>\n* Di\u00e1metro de fijaci\u00f3n: \u00d860mm<\/p>\n","protected":false},"excerpt":{"rendered":"<p>Es el reemplazo perfecto para sustituir a las antiguas farolas de descarga, mejorando la visibilidad en cualquier tipo de v\u00eda y reduciendo el consumo de electricidad de forma importante.<br \/>\nFabricada en aluminio inyectado y PC, la Luminaria LED posee un factor de protecci\u00f3n IP65 que la hace resistente a la intemperie y un tratamiento anticorrosivo, tanto qu\u00edmico como mec\u00e1nico, resistente a los rayos UV que mejora a\u00fan m\u00e1s su durabilidad<\/p>\n","protected":false},"featured_media":79371,"comment_status":"open","ping_status":"closed","template":"","meta":{"_joinchat":[]},"product_brand":[],"product_cat":[92,98,101],"product_tag":[188,428,429,226,427],"class_list":{"0":"post-79697","1":"product","2":"type-product","3":"status-publish","4":"has-post-thumbnail","6":"product_cat-productos-led","7":"product_cat-proyectores-led","8":"product_cat-luminaria-led","9":"product_tag-iluminacion-led","10":"product_tag-luminaria-exterior","11":"product_tag-luminaria-fotocelda","12":"product_tag-luminaria-led","13":"product_tag-luminaria-publica","15":"first","16":"instock","17":"shipping-taxable","18":"purchasable","19":"product-type-simple"},"_links":{"self":[{"href":"https:\/\/www.tiendaled.cl\/index.php?rest_route=\/wp\/v2\/product\/79697","targetHints":{"allow":["GET"]}}],"collection":[{"href":"https:\/\/www.tiendaled.cl\/index.php?rest_route=\/wp\/v2\/product"}],"about":[{"href":"https:\/\/www.tiendaled.cl\/index.php?rest_route=\/wp\/v2\/types\/product"}],"replies":[{"embeddable":true,"href":"https:\/\/www.tiendaled.cl\/index.php?rest_route=%2Fwp%2Fv2%2Fcomments&post=79697"}],"wp:featuredmedia":[{"embeddable":true,"href":"https:\/\/www.tiendaled.cl\/index.php?rest_route=\/wp\/v2\/media\/79371"}],"wp:attachment":[{"href":"https:\/\/www.tiendaled.cl\/index.php?rest_route=%2Fwp%2Fv2%2Fmedia&parent=79697"}],"wp:term":[{"taxonomy":"product_brand","embeddable":true,"href":"https:\/\/www.tiendaled.cl\/index.php?rest_route=%2Fwp%2Fv2%2Fproduct_brand&post=79697"},{"taxonomy":"product_cat","embeddable":true,"href":"https:\/\/www.tiendaled.cl\/index.php?rest_route=%2Fwp%2Fv2%2Fproduct_cat&post=79697"},{"taxonomy":"product_tag","embeddable":true,"href":"https:\/\/www.tiendaled.cl\/index.php?rest_route=%2Fwp%2Fv2%2Fproduct_tag&post=79697"}],"curies":[{"name":"wp","href":"https:\/\/api.w.org\/{rel}","templated":true}]}}