{"id":79518,"date":"2024-07-29T14:43:39","date_gmt":"2024-07-29T16:43:39","guid":{"rendered":"https:\/\/www.tiendaled.cl\/?post_type=product&#038;p=79518"},"modified":"2024-07-29T14:43:39","modified_gmt":"2024-07-29T16:43:39","slug":"lampara-colgante-soquete-decorativo-negro-e27-1m","status":"publish","type":"product","link":"https:\/\/www.tiendaled.cl\/?product=lampara-colgante-soquete-decorativo-negro-e27-1m","title":{"rendered":"Lampara Colgante Soquete Decorativo Negro E27 1m"},"content":{"rendered":"<p>Lampara Soquete Colgante Decorativo Negro E-27 1M<\/p>\n<p>La lampara Colgante Soquete Decorativo Negro E-27 es perfecta para decorar interiores como habitaciones o espacios comunes.<br \/>\nUn articulo simple y sencillo para el cual se recomienda usar ampolletas vintage decorativas<\/p>\n<p>NO INCLUYE AMPOLLETA<br \/>\nSu soquete mide 40 x 40 x 60mm, su cable es de 190mm apr\u00f3x. y su rosca es de E-27. L\u00e1mpara perfecta para decorar de forma simple, vers\u00e1til y hermosa.<\/p>\n<p>CARACTER\u00cdSTICAS:<\/p>\n<p>Potencia m\u00e1x.: 35W<br \/>\nVoltaje: 220(V)<br \/>\nBase: E-27<br \/>\nDimensiones: 40 x 40 x 190mm<br \/>\nMaterial: Met\u00e1lico<br \/>\nColor: Negro<br \/>\nIncluye: Canope, fijaciones y soporte.<\/p>\n","protected":false},"excerpt":{"rendered":"<p>Lampara Soquete Colgante Decorativo Negro E-27 1M La lampara Colgante Soquete Decorativo Negro E-27 es perfecta para decorar interiores como habitaciones o espacios comunes. Un articulo simple y sencillo para el cual se recomienda usar ampolletas vintage decorativas NO INCLUYE AMPOLLETA Su soquete mide 40 x 40 x 60mm, su cable es de 190mm apr\u00f3x. [&#8230;]\n","protected":false},"featured_media":79522,"comment_status":"open","ping_status":"closed","template":"","meta":{"_joinchat":[]},"product_brand":[],"product_cat":[192,103,111],"product_tag":[120,122,456,454,455],"class_list":{"0":"post-79518","1":"product","2":"type-product","3":"status-publish","4":"has-post-thumbnail","6":"product_cat-lamparas-techo","7":"product_cat-lamparas-y-apliques","8":"product_cat-lamparas-colgantes","9":"product_tag-lampara","10":"product_tag-lampara-colgante","11":"product_tag-lampara-decorativa","12":"product_tag-lampara-soquete","13":"product_tag-soquete-negro","15":"first","16":"instock","17":"shipping-taxable","18":"purchasable","19":"product-type-simple"},"_links":{"self":[{"href":"https:\/\/www.tiendaled.cl\/index.php?rest_route=\/wp\/v2\/product\/79518","targetHints":{"allow":["GET"]}}],"collection":[{"href":"https:\/\/www.tiendaled.cl\/index.php?rest_route=\/wp\/v2\/product"}],"about":[{"href":"https:\/\/www.tiendaled.cl\/index.php?rest_route=\/wp\/v2\/types\/product"}],"replies":[{"embeddable":true,"href":"https:\/\/www.tiendaled.cl\/index.php?rest_route=%2Fwp%2Fv2%2Fcomments&post=79518"}],"wp:featuredmedia":[{"embeddable":true,"href":"https:\/\/www.tiendaled.cl\/index.php?rest_route=\/wp\/v2\/media\/79522"}],"wp:attachment":[{"href":"https:\/\/www.tiendaled.cl\/index.php?rest_route=%2Fwp%2Fv2%2Fmedia&parent=79518"}],"wp:term":[{"taxonomy":"product_brand","embeddable":true,"href":"https:\/\/www.tiendaled.cl\/index.php?rest_route=%2Fwp%2Fv2%2Fproduct_brand&post=79518"},{"taxonomy":"product_cat","embeddable":true,"href":"https:\/\/www.tiendaled.cl\/index.php?rest_route=%2Fwp%2Fv2%2Fproduct_cat&post=79518"},{"taxonomy":"product_tag","embeddable":true,"href":"https:\/\/www.tiendaled.cl\/index.php?rest_route=%2Fwp%2Fv2%2Fproduct_tag&post=79518"}],"curies":[{"name":"wp","href":"https:\/\/api.w.org\/{rel}","templated":true}]}}

<p>Lampara Soquete Colgante Decorativo Negro E-27 1M</p>
<p>La lampara Colgante Soquete Decorativo Negro E-27 es perfecta para decorar interiores como habitaciones o espacios comunes.<br />
Un articulo simple y sencillo para el cual se recomienda usar ampolletas vintage decorativas</p>
<p>NO INCLUYE AMPOLLETA<br />
Su soquete mide 40 x 40 x 60mm, su cable es de 190mm apróx. y su rosca es de E-27. Lámpara perfecta para decorar de forma simple, versátil y hermosa.</p>
<p>CARACTERÍSTICAS:</p>
<p>Potencia máx.: 35W<br />
Voltaje: 220(V)<br />
Base: E-27<br />
Dimensiones: 40 x 40 x 190mm<br />
Material: Metálico<br />
Color: Negro<br />
Incluye: Canope, fijaciones y soporte.</p>

<p>Lampara Soquete Colgante Decorativo Negro E-27 1M La lampara Colgante Soquete Decorativo Negro E-27 es perfecta para decorar interiores como habitaciones o espacios comunes. Un articulo simple y sencillo para el cual se recomienda usar ampolletas vintage decorativas NO INCLUYE AMPOLLETA Su soquete mide 40 x 40 x 60mm, su cable es de 190mm apróx. [&#8230;]
