{"id":79283,"date":"2024-06-05T03:08:51","date_gmt":"2024-06-05T05:08:51","guid":{"rendered":"https:\/\/www.tiendaled.cl\/?post_type=product&#038;p=79283"},"modified":"2025-11-03T18:34:29","modified_gmt":"2025-11-03T20:34:29","slug":"foco-led-embutido-dirigible-12w-alta-eficiencia-luz-calida","status":"publish","type":"product","link":"https:\/\/www.tiendaled.cl\/?product=foco-led-embutido-dirigible-12w-alta-eficiencia-luz-calida","title":{"rendered":"Foco Led Embutido Dirigible 12w Alta Eficiencia Luz Fria y  Calida"},"content":{"rendered":"<p>El foco embutido COD es una luminaria de alta eficiencia lum\u00ednica con transformador externo de f\u00e1cil conexi\u00f3n y un<br \/>\n\u00e1ngulo de luz m\u00e1s focalizado, ideal para uso en espacios internos como vitrinas, locales comerciales, pasarelas etc.<\/p>\n<p>Serie Embutido COD<br \/>\nFuente de alimentacion AC 170_265V<br \/>\nChip led Cob San\u00b4an<br \/>\nMaterial Aluminio<br \/>\nVida Util 25.000 Hrs<br \/>\nT\u00b0 de color 3000K &#8211; 6500K<br \/>\nCri 70<br \/>\nAngulo de haz 45\u00b0<br \/>\nCertificaci\u00f3n CE, RoHS<br \/>\nPotencia 12w<br \/>\nDimensiones D 115mm 91*h69mm<br \/>\nFlujo Luminoso 900Lm<\/p>\n","protected":false},"excerpt":{"rendered":"<p>El foco embutido COD es una luminaria de alta eficiencia lum\u00ednica con transformador externo de f\u00e1cil conexi\u00f3n y un \u00e1ngulo de luz m\u00e1s focalizado, ideal para uso en espacios internos como vitrinas, locales comerciales, pasarelas etc. Serie Embutido COD Fuente de alimentacion AC 170_265V Chip led Cob San\u00b4an Material Aluminio Vida Util 25.000 Hrs T\u00b0 [&#8230;]\n","protected":false},"featured_media":79290,"comment_status":"open","ping_status":"closed","template":"","meta":{"_joinchat":[]},"product_brand":[],"product_cat":[92,94,96,118],"product_tag":[416,415,342,265,417],"class_list":{"0":"post-79283","1":"product","2":"type-product","3":"status-publish","4":"has-post-thumbnail","6":"product_cat-productos-led","7":"product_cat-plafones-led","8":"product_cat-paneles-led","9":"product_cat-proyecto-de-iluminacion","10":"product_tag-foco-12w","11":"product_tag-foco-dirigible","12":"product_tag-foco-embutido","13":"product_tag-foco-led","14":"product_tag-foco-redondo","16":"first","17":"instock","18":"shipping-taxable","19":"purchasable","20":"product-type-simple"},"_links":{"self":[{"href":"https:\/\/www.tiendaled.cl\/index.php?rest_route=\/wp\/v2\/product\/79283","targetHints":{"allow":["GET"]}}],"collection":[{"href":"https:\/\/www.tiendaled.cl\/index.php?rest_route=\/wp\/v2\/product"}],"about":[{"href":"https:\/\/www.tiendaled.cl\/index.php?rest_route=\/wp\/v2\/types\/product"}],"replies":[{"embeddable":true,"href":"https:\/\/www.tiendaled.cl\/index.php?rest_route=%2Fwp%2Fv2%2Fcomments&post=79283"}],"wp:featuredmedia":[{"embeddable":true,"href":"https:\/\/www.tiendaled.cl\/index.php?rest_route=\/wp\/v2\/media\/79290"}],"wp:attachment":[{"href":"https:\/\/www.tiendaled.cl\/index.php?rest_route=%2Fwp%2Fv2%2Fmedia&parent=79283"}],"wp:term":[{"taxonomy":"product_brand","embeddable":true,"href":"https:\/\/www.tiendaled.cl\/index.php?rest_route=%2Fwp%2Fv2%2Fproduct_brand&post=79283"},{"taxonomy":"product_cat","embeddable":true,"href":"https:\/\/www.tiendaled.cl\/index.php?rest_route=%2Fwp%2Fv2%2Fproduct_cat&post=79283"},{"taxonomy":"product_tag","embeddable":true,"href":"https:\/\/www.tiendaled.cl\/index.php?rest_route=%2Fwp%2Fv2%2Fproduct_tag&post=79283"}],"curies":[{"name":"wp","href":"https:\/\/api.w.org\/{rel}","templated":true}]}}