{"id":78950,"date":"2024-02-06T02:10:47","date_gmt":"2024-02-06T04:10:47","guid":{"rendered":"https:\/\/www.tiendaled.cl\/?post_type=product&#038;p=78950"},"modified":"2025-07-31T10:09:54","modified_gmt":"2025-07-31T12:09:54","slug":"aplique-lampara-led-4w-luz-calida-bidireccional-ip65","status":"publish","type":"product","link":"https:\/\/www.tiendaled.cl\/?product=aplique-lampara-led-4w-luz-calida-bidireccional-ip65","title":{"rendered":"Aplique Lampara Led 4w Luz Calida Bidireccional Ip65"},"content":{"rendered":"<p>Dise\u00f1o moderno y simple: aleaci\u00f3n de aluminio fundido a presi\u00f3n de alta calidad sin \u00f3xido, tratamiento de pintura de laca esmerilada en la superficie, no se oxidan f\u00e1cilmente, no se decoloran.<br \/>\nAhorro de energ\u00eda LED y duradero<br \/>\nIluminaci\u00f3n moderna: para un aspecto actualizado en un dise\u00f1o cl\u00e1sico, esta atractiva l\u00e1mpara se moderniza con un cuerpo rectangular y una placa trasera cuadrada para un atractivo geom\u00e9trico, y cuenta con un elegante acabado negro mate.<br \/>\nLa luz uniforme y sin reflejos protege tus ojos.<br \/>\nLa forma simple se puede combinar con varios estilos de decoraci\u00f3n y destacarse entre s\u00ed, haciendo que tu belleza decorativa sea m\u00e1s diversa.<br \/>\nDise\u00f1o de iluminaci\u00f3n simple, perfecto para el comedor, vest\u00edbulo, sala de estar, dormitorio, porche cubierto, patio cubierto, ba\u00f1o, cocina, entrada, pasillo, escalera, entrada.<\/p>\n","protected":false},"excerpt":{"rendered":"<p>Dise\u00f1o moderno y simple: aleaci\u00f3n de aluminio fundido a presi\u00f3n de alta calidad sin \u00f3xido, tratamiento de pintura de laca esmerilada en la superficie, no se oxidan f\u00e1cilmente, no se decoloran. Ahorro de energ\u00eda LED y duradero Iluminaci\u00f3n moderna: para un aspecto actualizado en un dise\u00f1o cl\u00e1sico, esta atractiva l\u00e1mpara se moderniza con un cuerpo [&#8230;]\n","protected":false},"featured_media":78940,"comment_status":"open","ping_status":"closed","template":"","meta":{"_joinchat":[]},"product_brand":[],"product_cat":[425,92,100,101,103,106],"product_tag":[131,288,364,269,335,386],"class_list":{"0":"post-78950","1":"product","2":"type-product","3":"status-publish","4":"has-post-thumbnail","6":"product_cat-ofertas","7":"product_cat-productos-led","8":"product_cat-apliques-led","9":"product_cat-luminaria-led","10":"product_cat-lamparas-y-apliques","11":"product_cat-apliques","12":"product_tag-aplique","13":"product_tag-aplique-de-muro","14":"product_tag-aplique-exterior","15":"product_tag-aplique-led","16":"product_tag-lampara-led","17":"product_tag-luz-led","19":"first","20":"instock","21":"sale","22":"shipping-taxable","23":"purchasable","24":"product-type-simple"},"_links":{"self":[{"href":"https:\/\/www.tiendaled.cl\/index.php?rest_route=\/wp\/v2\/product\/78950","targetHints":{"allow":["GET"]}}],"collection":[{"href":"https:\/\/www.tiendaled.cl\/index.php?rest_route=\/wp\/v2\/product"}],"about":[{"href":"https:\/\/www.tiendaled.cl\/index.php?rest_route=\/wp\/v2\/types\/product"}],"replies":[{"embeddable":true,"href":"https:\/\/www.tiendaled.cl\/index.php?rest_route=%2Fwp%2Fv2%2Fcomments&post=78950"}],"wp:featuredmedia":[{"embeddable":true,"href":"https:\/\/www.tiendaled.cl\/index.php?rest_route=\/wp\/v2\/media\/78940"}],"wp:attachment":[{"href":"https:\/\/www.tiendaled.cl\/index.php?rest_route=%2Fwp%2Fv2%2Fmedia&parent=78950"}],"wp:term":[{"taxonomy":"product_brand","embeddable":true,"href":"https:\/\/www.tiendaled.cl\/index.php?rest_route=%2Fwp%2Fv2%2Fproduct_brand&post=78950"},{"taxonomy":"product_cat","embeddable":true,"href":"https:\/\/www.tiendaled.cl\/index.php?rest_route=%2Fwp%2Fv2%2Fproduct_cat&post=78950"},{"taxonomy":"product_tag","embeddable":true,"href":"https:\/\/www.tiendaled.cl\/index.php?rest_route=%2Fwp%2Fv2%2Fproduct_tag&post=78950"}],"curies":[{"name":"wp","href":"https:\/\/api.w.org\/{rel}","templated":true}]}}