{"id":78765,"date":"2023-12-21T10:06:41","date_gmt":"2023-12-21T12:06:41","guid":{"rendered":"https:\/\/www.tiendaled.cl\/?post_type=product&#038;p=78765"},"modified":"2024-08-05T19:38:35","modified_gmt":"2024-08-05T21:38:35","slug":"lampara-led-infantil-de-techo-diseno-timon","status":"publish","type":"product","link":"https:\/\/www.tiendaled.cl\/?product=lampara-led-infantil-de-techo-diseno-timon","title":{"rendered":"Lampara Led Infantil De Techo Dise\u00f1o Timon"},"content":{"rendered":"<p>Dise\u00f1o creativo del tim\u00f3n, dej\u00f3 caer el ni\u00f1o enamorado de su habitaci\u00f3n. Ultra-delgada, el espesor de la l\u00e1mpara s\u00f3lo es 6.5cm, por lo que la luz de la l\u00e1mpara y la luz vistazo general, adecuados para su instalaci\u00f3n en dormitorios, estudios, guarder\u00edas infantiles, etc.<br \/>\nConexi\u00f3n de alta calidad y dise\u00f1o; pantalla acr\u00edlico lavable con alta transmisi\u00f3n de luz, anti-corrosi\u00f3n, anti-corrosi\u00f3n, buena durabilidad.<br \/>\nF\u00e1cil de instalar y f\u00e1cil de instalar. f\u00e1cil de instalar y quitar. iluminaci\u00f3n interior ideal para sala de estar, dormitorio, pasillo, sala de lectura, oficinas, hoteles, etc.<br \/>\nNo hay interferencia de RF, brillante y suave luz, puede proteger los ojos y el cerebro de su hijo<br \/>\nDeje de lado todos los elementos complejos y muestre los dise\u00f1os m\u00e1s creativos con los factores m\u00e1s simples<br \/>\nMaterial: madera, pintura , patr\u00f3n de dibujos animados<br \/>\nTama\u00f1o: Di\u00e1metro 62Cm<br \/>\nForma creativa, textura exquisita, cuerpo de l\u00e1mpara exquisito, es una l\u00e1mpara con buen valor y connotaci\u00f3n<\/p>\n","protected":false},"excerpt":{"rendered":"<p>Dise\u00f1o creativo del tim\u00f3n, dej\u00f3 caer el ni\u00f1o enamorado de su habitaci\u00f3n. Ultra-delgada, el espesor de la l\u00e1mpara s\u00f3lo es 6.5cm, por lo que la luz de la l\u00e1mpara y la luz vistazo general, adecuados para su instalaci\u00f3n en dormitorios, estudios, guarder\u00edas infantiles, etc. Conexi\u00f3n de alta calidad y dise\u00f1o; pantalla acr\u00edlico lavable con alta [&#8230;]\n","protected":false},"featured_media":78766,"comment_status":"open","ping_status":"closed","template":"","meta":{"_joinchat":[]},"product_brand":[],"product_cat":[192,92,96,101,103],"product_tag":[120,159,335,148,377],"class_list":{"0":"post-78765","1":"product","2":"type-product","3":"status-publish","4":"has-post-thumbnail","6":"product_cat-lamparas-techo","7":"product_cat-productos-led","8":"product_cat-paneles-led","9":"product_cat-luminaria-led","10":"product_cat-lamparas-y-apliques","11":"product_tag-lampara","12":"product_tag-lampara-infantil","13":"product_tag-lampara-led","14":"product_tag-lampara-techo","15":"product_tag-lampara-timon","17":"first","18":"instock","19":"shipping-taxable","20":"purchasable","21":"product-type-simple"},"_links":{"self":[{"href":"https:\/\/www.tiendaled.cl\/index.php?rest_route=\/wp\/v2\/product\/78765","targetHints":{"allow":["GET"]}}],"collection":[{"href":"https:\/\/www.tiendaled.cl\/index.php?rest_route=\/wp\/v2\/product"}],"about":[{"href":"https:\/\/www.tiendaled.cl\/index.php?rest_route=\/wp\/v2\/types\/product"}],"replies":[{"embeddable":true,"href":"https:\/\/www.tiendaled.cl\/index.php?rest_route=%2Fwp%2Fv2%2Fcomments&post=78765"}],"wp:featuredmedia":[{"embeddable":true,"href":"https:\/\/www.tiendaled.cl\/index.php?rest_route=\/wp\/v2\/media\/78766"}],"wp:attachment":[{"href":"https:\/\/www.tiendaled.cl\/index.php?rest_route=%2Fwp%2Fv2%2Fmedia&parent=78765"}],"wp:term":[{"taxonomy":"product_brand","embeddable":true,"href":"https:\/\/www.tiendaled.cl\/index.php?rest_route=%2Fwp%2Fv2%2Fproduct_brand&post=78765"},{"taxonomy":"product_cat","embeddable":true,"href":"https:\/\/www.tiendaled.cl\/index.php?rest_route=%2Fwp%2Fv2%2Fproduct_cat&post=78765"},{"taxonomy":"product_tag","embeddable":true,"href":"https:\/\/www.tiendaled.cl\/index.php?rest_route=%2Fwp%2Fv2%2Fproduct_tag&post=78765"}],"curies":[{"name":"wp","href":"https:\/\/api.w.org\/{rel}","templated":true}]}}

Lampara Led Infantil De Techo Diseño Timon

<p>Diseño creativo del timón, dejó caer el niño enamorado de su habitación. Ultra-delgada, el espesor de la lámpara sólo es 6.5cm, por lo que la luz de la lámpara y la luz vistazo general, adecuados para su instalación en dormitorios, estudios, guarderías infantiles, etc.<br />
Conexión de alta calidad y diseño; pantalla acrílico lavable con alta transmisión de luz, anti-corrosión, anti-corrosión, buena durabilidad.<br />
Fácil de instalar y fácil de instalar. fácil de instalar y quitar. iluminación interior ideal para sala de estar, dormitorio, pasillo, sala de lectura, oficinas, hoteles, etc.<br />
No hay interferencia de RF, brillante y suave luz, puede proteger los ojos y el cerebro de su hijo<br />
Deje de lado todos los elementos complejos y muestre los diseños más creativos con los factores más simples<br />
Material: madera, pintura , patrón de dibujos animados<br />
Tamaño: Diámetro 62Cm<br />
Forma creativa, textura exquisita, cuerpo de lámpara exquisito, es una lámpara con buen valor y connotación</p>

<p>Diseño creativo del timón, dejó caer el niño enamorado de su habitación. Ultra-delgada, el espesor de la lámpara sólo es 6.5cm, por lo que la luz de la lámpara y la luz vistazo general, adecuados para su instalación en dormitorios, estudios, guarderías infantiles, etc. Conexión de alta calidad y diseño; pantalla acrílico lavable con alta [&#8230;]
