{"id":78651,"date":"2023-12-03T00:19:12","date_gmt":"2023-12-03T02:19:12","guid":{"rendered":"https:\/\/www.tiendaled.cl\/?post_type=product&#038;p=78651"},"modified":"2023-12-03T00:19:12","modified_gmt":"2023-12-03T02:19:12","slug":"lampara-colgante-infantil-de-madera-y-vidrio-coche-de-osos","status":"publish","type":"product","link":"https:\/\/www.tiendaled.cl\/?product=lampara-colgante-infantil-de-madera-y-vidrio-coche-de-osos","title":{"rendered":"L\u00e1mpara Colgante Infantil De Madera Y Vidrio Coche De Osos"},"content":{"rendered":"<p>L\u00e1mpara colgante infantil de madera y vidrio coche de osos<\/p>\n<p>Lampara de dise\u00f1o elegante y unico, la cual otorga hermosas formas de iluminaci\u00f3n.<br \/>\nNo solo ilumina, sino tambi\u00e9n que decora, el espacio.<br \/>\nConectividad y dise\u00f1o de alta calidad, hermosa y elegante. Adecuado para instalaci\u00f3n en habitaciones de ni\u00f1os, ni\u00f1as, estudios y guarder\u00edas.<br \/>\nEsta l\u00e1mpara puede dar a un ni\u00f1o o ni\u00f1a m\u00e1s comodidad y relajaci\u00f3n, y proporcionar un buen ambiente de iluminaci\u00f3n para su desarrollo.<br \/>\nPerfecto para dormitorios o en cualquier lugar que desee instalar<br \/>\nUn articulo moderno y pr\u00e1ctico para uso en el hogar<\/p>\n<p>Contiene dos soquetes tradiccionales E27<\/p>\n<p>NO INCLUYE LAS AMPOLLETAS<\/p>\n<p>Medidas<br \/>\n45cm de largo,<br \/>\n25cm de alto<br \/>\n25cm de ancho<br \/>\n70 cm de largo del cable<\/p>\n","protected":false},"excerpt":{"rendered":"<p>L\u00e1mpara colgante infantil de madera y vidrio coche de osos Lampara de dise\u00f1o elegante y unico, la cual otorga hermosas formas de iluminaci\u00f3n. No solo ilumina, sino tambi\u00e9n que decora, el espacio. Conectividad y dise\u00f1o de alta calidad, hermosa y elegante. Adecuado para instalaci\u00f3n en habitaciones de ni\u00f1os, ni\u00f1as, estudios y guarder\u00edas. Esta l\u00e1mpara puede [&#8230;]\n","protected":false},"featured_media":78654,"comment_status":"open","ping_status":"closed","template":"","meta":{"_joinchat":[]},"product_brand":[],"product_cat":[192,103,111],"product_tag":[120,122,159,355],"class_list":{"0":"post-78651","1":"product","2":"type-product","3":"status-publish","4":"has-post-thumbnail","6":"product_cat-lamparas-techo","7":"product_cat-lamparas-y-apliques","8":"product_cat-lamparas-colgantes","9":"product_tag-lampara","10":"product_tag-lampara-colgante","11":"product_tag-lampara-infantil","12":"product_tag-lampara-nina","14":"first","15":"instock","16":"shipping-taxable","17":"purchasable","18":"product-type-simple"},"_links":{"self":[{"href":"https:\/\/www.tiendaled.cl\/index.php?rest_route=\/wp\/v2\/product\/78651","targetHints":{"allow":["GET"]}}],"collection":[{"href":"https:\/\/www.tiendaled.cl\/index.php?rest_route=\/wp\/v2\/product"}],"about":[{"href":"https:\/\/www.tiendaled.cl\/index.php?rest_route=\/wp\/v2\/types\/product"}],"replies":[{"embeddable":true,"href":"https:\/\/www.tiendaled.cl\/index.php?rest_route=%2Fwp%2Fv2%2Fcomments&post=78651"}],"wp:featuredmedia":[{"embeddable":true,"href":"https:\/\/www.tiendaled.cl\/index.php?rest_route=\/wp\/v2\/media\/78654"}],"wp:attachment":[{"href":"https:\/\/www.tiendaled.cl\/index.php?rest_route=%2Fwp%2Fv2%2Fmedia&parent=78651"}],"wp:term":[{"taxonomy":"product_brand","embeddable":true,"href":"https:\/\/www.tiendaled.cl\/index.php?rest_route=%2Fwp%2Fv2%2Fproduct_brand&post=78651"},{"taxonomy":"product_cat","embeddable":true,"href":"https:\/\/www.tiendaled.cl\/index.php?rest_route=%2Fwp%2Fv2%2Fproduct_cat&post=78651"},{"taxonomy":"product_tag","embeddable":true,"href":"https:\/\/www.tiendaled.cl\/index.php?rest_route=%2Fwp%2Fv2%2Fproduct_tag&post=78651"}],"curies":[{"name":"wp","href":"https:\/\/api.w.org\/{rel}","templated":true}]}}

Lámpara Colgante Infantil De Madera Y Vidrio Coche De Osos

<p>Lámpara colgante infantil de madera y vidrio coche de osos</p>
<p>Lampara de diseño elegante y unico, la cual otorga hermosas formas de iluminación.<br />
No solo ilumina, sino también que decora, el espacio.<br />
Conectividad y diseño de alta calidad, hermosa y elegante. Adecuado para instalación en habitaciones de niños, niñas, estudios y guarderías.<br />
Esta lámpara puede dar a un niño o niña más comodidad y relajación, y proporcionar un buen ambiente de iluminación para su desarrollo.<br />
Perfecto para dormitorios o en cualquier lugar que desee instalar<br />
Un articulo moderno y práctico para uso en el hogar</p>
<p>Contiene dos soquetes tradiccionales E27</p>
<p>NO INCLUYE LAS AMPOLLETAS</p>
<p>Medidas<br />
45cm de largo,<br />
25cm de alto<br />
25cm de ancho<br />
70 cm de largo del cable</p>

<p>Lámpara colgante infantil de madera y vidrio coche de osos Lampara de diseño elegante y unico, la cual otorga hermosas formas de iluminación. No solo ilumina, sino también que decora, el espacio. Conectividad y diseño de alta calidad, hermosa y elegante. Adecuado para instalación en habitaciones de niños, niñas, estudios y guarderías. Esta lámpara puede [&#8230;]
