{"id":78629,"date":"2023-12-01T01:08:14","date_gmt":"2023-12-01T03:08:14","guid":{"rendered":"https:\/\/www.tiendaled.cl\/?post_type=product&#038;p=78629"},"modified":"2024-07-04T01:32:17","modified_gmt":"2024-07-04T03:32:17","slug":"lampara-colgante-de-vidrio-conico-con-acabado-de-madera","status":"publish","type":"product","link":"https:\/\/www.tiendaled.cl\/?product=lampara-colgante-de-vidrio-conico-con-acabado-de-madera","title":{"rendered":"Lampara Colgante De Vidrio Conico Con Acabado De Madera"},"content":{"rendered":"<p>Lampara colgante de Vidrio de forma c\u00f3nica de una sola luz con acabado de madera<\/p>\n<p>Esta gama de l\u00e1mparas colgantes se presenta con una \u00fanica luz con un acabado en madera de forma c\u00f3nica.<br \/>\nEs el tipo de dise\u00f1o que nunca se extinguir\u00e1 en t\u00e9rminos de dise\u00f1o.<br \/>\nLa altura se puede ajustar en el momento de la instalaci\u00f3n.<br \/>\nTambi\u00e9n es f\u00e1cil de mantener ya que la secci\u00f3n de vidrio se puede quitar en el momento de la limpieza.<br \/>\nLa instalaci\u00f3n incluye espacios tanto residenciales como comerciales.<\/p>\n<p>Soquete Tradicional E27<\/p>\n<p>NO INCLUYE AMPOLLETA<\/p>\n<p>Dimensiones<\/p>\n<p>Alto 45cm<br \/>\nAncho 15cm<\/p>\n<p>Cable 70cm<\/p>\n","protected":false},"excerpt":{"rendered":"<p>Lampara colgante de Vidrio de forma c\u00f3nica de una sola luz con acabado de madera Esta gama de l\u00e1mparas colgantes se presenta con una \u00fanica luz con un acabado en madera de forma c\u00f3nica. Es el tipo de dise\u00f1o que nunca se extinguir\u00e1 en t\u00e9rminos de dise\u00f1o. La altura se puede ajustar en el momento [&#8230;]\n","protected":false},"featured_media":78641,"comment_status":"open","ping_status":"closed","template":"","meta":{"_joinchat":[]},"product_brand":[],"product_cat":[192,425,103,111,105],"product_tag":[122,202,368,124],"class_list":{"0":"post-78629","1":"product","2":"type-product","3":"status-publish","4":"has-post-thumbnail","6":"product_cat-lamparas-techo","7":"product_cat-ofertas","8":"product_cat-lamparas-y-apliques","9":"product_cat-lamparas-colgantes","10":"product_cat-lamparas-vintage","11":"product_tag-lampara-colgante","12":"product_tag-lampara-madera","13":"product_tag-lampara-vidrio","14":"product_tag-lampara-vintage","16":"first","17":"instock","18":"sale","19":"shipping-taxable","20":"purchasable","21":"product-type-simple"},"_links":{"self":[{"href":"https:\/\/www.tiendaled.cl\/index.php?rest_route=\/wp\/v2\/product\/78629","targetHints":{"allow":["GET"]}}],"collection":[{"href":"https:\/\/www.tiendaled.cl\/index.php?rest_route=\/wp\/v2\/product"}],"about":[{"href":"https:\/\/www.tiendaled.cl\/index.php?rest_route=\/wp\/v2\/types\/product"}],"replies":[{"embeddable":true,"href":"https:\/\/www.tiendaled.cl\/index.php?rest_route=%2Fwp%2Fv2%2Fcomments&post=78629"}],"wp:featuredmedia":[{"embeddable":true,"href":"https:\/\/www.tiendaled.cl\/index.php?rest_route=\/wp\/v2\/media\/78641"}],"wp:attachment":[{"href":"https:\/\/www.tiendaled.cl\/index.php?rest_route=%2Fwp%2Fv2%2Fmedia&parent=78629"}],"wp:term":[{"taxonomy":"product_brand","embeddable":true,"href":"https:\/\/www.tiendaled.cl\/index.php?rest_route=%2Fwp%2Fv2%2Fproduct_brand&post=78629"},{"taxonomy":"product_cat","embeddable":true,"href":"https:\/\/www.tiendaled.cl\/index.php?rest_route=%2Fwp%2Fv2%2Fproduct_cat&post=78629"},{"taxonomy":"product_tag","embeddable":true,"href":"https:\/\/www.tiendaled.cl\/index.php?rest_route=%2Fwp%2Fv2%2Fproduct_tag&post=78629"}],"curies":[{"name":"wp","href":"https:\/\/api.w.org\/{rel}","templated":true}]}}

<p>Lampara colgante de Vidrio de forma cónica de una sola luz con acabado de madera</p>
<p>Esta gama de lámparas colgantes se presenta con una única luz con un acabado en madera de forma cónica.<br />
Es el tipo de diseño que nunca se extinguirá en términos de diseño.<br />
La altura se puede ajustar en el momento de la instalación.<br />
También es fácil de mantener ya que la sección de vidrio se puede quitar en el momento de la limpieza.<br />
La instalación incluye espacios tanto residenciales como comerciales.</p>
<p>Soquete Tradicional E27</p>
<p>NO INCLUYE AMPOLLETA</p>
<p>Dimensiones</p>
<p>Alto 45cm<br />
Ancho 15cm</p>
<p>Cable 70cm</p>

<p>Lampara colgante de Vidrio de forma cónica de una sola luz con acabado de madera Esta gama de lámparas colgantes se presenta con una única luz con un acabado en madera de forma cónica. Es el tipo de diseño que nunca se extinguirá en términos de diseño. La altura se puede ajustar en el momento [&#8230;]
