{"id":78617,"date":"2023-12-01T00:19:45","date_gmt":"2023-12-01T02:19:45","guid":{"rendered":"https:\/\/www.tiendaled.cl\/?post_type=product&#038;p=78617"},"modified":"2024-07-04T01:32:33","modified_gmt":"2024-07-04T03:32:33","slug":"lampara-colgante-nordica-campana-negra-interior-blanco","status":"publish","type":"product","link":"https:\/\/www.tiendaled.cl\/?product=lampara-colgante-nordica-campana-negra-interior-blanco","title":{"rendered":"Lampara Colgante Nordica Campana Negra Interior Blanco"},"content":{"rendered":"<p>Dise\u00f1o ligero y compacto, muy f\u00e1cil de instalar.<br \/>\nDise\u00f1o reforzado para que su instalaci\u00f3n y experiencia de uso sean perfectas.<br \/>\nDecoraci\u00f3n ideal, elegante y moderno dise\u00f1o retro industrial, agrega un color especial a su espacio.<\/p>\n<p>Soquete Tradicional E27<\/p>\n<p>NO INCLUYE AMPOLLETA<\/p>\n<p>Medidas<br \/>\n35cm de alto<br \/>\n20cm de ancho<br \/>\nCable 80cm<\/p>\n<p>Alcance de uso: Puede ser ampliamente utilizado en estudio, dormitorio, comedor, sala de estar, cocina, cafeter\u00eda, pasillo, bar, club y otros lugares.<\/p>\n","protected":false},"excerpt":{"rendered":"<p>Dise\u00f1o ligero y compacto, muy f\u00e1cil de instalar. Dise\u00f1o reforzado para que su instalaci\u00f3n y experiencia de uso sean perfectas. Decoraci\u00f3n ideal, elegante y moderno dise\u00f1o retro industrial, agrega un color especial a su espacio. Soquete Tradicional E27 NO INCLUYE AMPOLLETA Medidas 35cm de alto 20cm de ancho Cable 80cm Alcance de uso: Puede ser [&#8230;]\n","protected":false},"featured_media":78623,"comment_status":"open","ping_status":"closed","template":"","meta":{"_joinchat":[]},"product_brand":[],"product_cat":[192,425,103,111],"product_tag":[120,367,122,176],"class_list":{"0":"post-78617","1":"product","2":"type-product","3":"status-publish","4":"has-post-thumbnail","6":"product_cat-lamparas-techo","7":"product_cat-ofertas","8":"product_cat-lamparas-y-apliques","9":"product_cat-lamparas-colgantes","10":"product_tag-lampara","11":"product_tag-lampara-campana","12":"product_tag-lampara-colgante","13":"product_tag-lampara-nordica","15":"first","16":"instock","17":"sale","18":"shipping-taxable","19":"purchasable","20":"product-type-simple"},"_links":{"self":[{"href":"https:\/\/www.tiendaled.cl\/index.php?rest_route=\/wp\/v2\/product\/78617","targetHints":{"allow":["GET"]}}],"collection":[{"href":"https:\/\/www.tiendaled.cl\/index.php?rest_route=\/wp\/v2\/product"}],"about":[{"href":"https:\/\/www.tiendaled.cl\/index.php?rest_route=\/wp\/v2\/types\/product"}],"replies":[{"embeddable":true,"href":"https:\/\/www.tiendaled.cl\/index.php?rest_route=%2Fwp%2Fv2%2Fcomments&post=78617"}],"wp:featuredmedia":[{"embeddable":true,"href":"https:\/\/www.tiendaled.cl\/index.php?rest_route=\/wp\/v2\/media\/78623"}],"wp:attachment":[{"href":"https:\/\/www.tiendaled.cl\/index.php?rest_route=%2Fwp%2Fv2%2Fmedia&parent=78617"}],"wp:term":[{"taxonomy":"product_brand","embeddable":true,"href":"https:\/\/www.tiendaled.cl\/index.php?rest_route=%2Fwp%2Fv2%2Fproduct_brand&post=78617"},{"taxonomy":"product_cat","embeddable":true,"href":"https:\/\/www.tiendaled.cl\/index.php?rest_route=%2Fwp%2Fv2%2Fproduct_cat&post=78617"},{"taxonomy":"product_tag","embeddable":true,"href":"https:\/\/www.tiendaled.cl\/index.php?rest_route=%2Fwp%2Fv2%2Fproduct_tag&post=78617"}],"curies":[{"name":"wp","href":"https:\/\/api.w.org\/{rel}","templated":true}]}}

<p>Diseño ligero y compacto, muy fácil de instalar.<br />
Diseño reforzado para que su instalación y experiencia de uso sean perfectas.<br />
Decoración ideal, elegante y moderno diseño retro industrial, agrega un color especial a su espacio.</p>
<p>Soquete Tradicional E27</p>
<p>NO INCLUYE AMPOLLETA</p>
<p>Medidas<br />
35cm de alto<br />
20cm de ancho<br />
Cable 80cm</p>
<p>Alcance de uso: Puede ser ampliamente utilizado en estudio, dormitorio, comedor, sala de estar, cocina, cafetería, pasillo, bar, club y otros lugares.</p>

<p>Diseño ligero y compacto, muy fácil de instalar. Diseño reforzado para que su instalación y experiencia de uso sean perfectas. Decoración ideal, elegante y moderno diseño retro industrial, agrega un color especial a su espacio. Soquete Tradicional E27 NO INCLUYE AMPOLLETA Medidas 35cm de alto 20cm de ancho Cable 80cm Alcance de uso: Puede ser [&#8230;]
