{"id":78297,"date":"2023-11-15T00:36:24","date_gmt":"2023-11-15T02:36:24","guid":{"rendered":"https:\/\/www.tiendaled.cl\/?post_type=product&#038;p=78297"},"modified":"2025-07-10T04:18:44","modified_gmt":"2025-07-10T06:18:44","slug":"farol-lampara-de-muro-exterior-mod-calabaza-ip44-50cm-alto","status":"publish","type":"product","link":"https:\/\/www.tiendaled.cl\/?product=farol-lampara-de-muro-exterior-mod-calabaza-ip44-50cm-alto","title":{"rendered":"Farol Lampara De Muro Exterior Mod Calabaza Ip44 50cm Alto"},"content":{"rendered":"<p>El farol modelo Calabaza, est\u00e1 hecho con una base de aluminio.<br \/>\nCuenta con entrada E27 Soquete tradicional<br \/>\nDise\u00f1ado para su uso en exteriores.<\/p>\n<p>Dise\u00f1o especial que aporta belleza a todos tus diferentes espacios.<br \/>\nOfrezca una gran selecci\u00f3n de iluminaci\u00f3n<br \/>\nCon un dise\u00f1o IP44 simple pero cl\u00e1sico hecho de resina duradera en negro con globo transparente, este farol estilo clasico de pared encaja f\u00e1cilmente en cualquier ubicaci\u00f3n cl\u00e1sica o tradicional.<br \/>\nModelo que aportar\u00e1 presencia y elegancia.<br \/>\nTu hogar merece tener lo mejor y m\u00e1s sofisticado en iluminaci\u00f3n, d\u00e1ndole un toque moderno o acogedor a tu espacio.<\/p>\n<p>Medidas<\/p>\n<p>Largo: 500 mm<br \/>\nAncho: 200 mm<br \/>\nFondo: 2270 mm<br \/>\nPeso: .3 kg<br \/>\nMaterial Aluminio<\/p>\n","protected":false},"excerpt":{"rendered":"<p>El farol modelo Calabaza, est\u00e1 hecho con una base de aluminio. Cuenta con entrada E27 Soquete tradicional Dise\u00f1ado para su uso en exteriores. Dise\u00f1o especial que aporta belleza a todos tus diferentes espacios. Ofrezca una gran selecci\u00f3n de iluminaci\u00f3n Con un dise\u00f1o IP44 simple pero cl\u00e1sico hecho de resina duradera en negro con globo transparente, [&#8230;]\n","protected":false},"featured_media":78306,"comment_status":"open","ping_status":"closed","template":"","meta":{"_joinchat":[]},"product_brand":[],"product_cat":[103,107,108],"product_tag":[292,293,224,139,295],"class_list":{"0":"post-78297","1":"product","2":"type-product","3":"status-publish","4":"has-post-thumbnail","6":"product_cat-lamparas-y-apliques","7":"product_cat-faroles","8":"product_cat-lamparas-de-muro","9":"product_tag-farol","10":"product_tag-farol-aplique","11":"product_tag-farol-calabaza","12":"product_tag-farol-exterior","13":"product_tag-farol-grande","15":"first","16":"instock","17":"shipping-taxable","18":"purchasable","19":"product-type-simple"},"_links":{"self":[{"href":"https:\/\/www.tiendaled.cl\/index.php?rest_route=\/wp\/v2\/product\/78297","targetHints":{"allow":["GET"]}}],"collection":[{"href":"https:\/\/www.tiendaled.cl\/index.php?rest_route=\/wp\/v2\/product"}],"about":[{"href":"https:\/\/www.tiendaled.cl\/index.php?rest_route=\/wp\/v2\/types\/product"}],"replies":[{"embeddable":true,"href":"https:\/\/www.tiendaled.cl\/index.php?rest_route=%2Fwp%2Fv2%2Fcomments&post=78297"}],"wp:featuredmedia":[{"embeddable":true,"href":"https:\/\/www.tiendaled.cl\/index.php?rest_route=\/wp\/v2\/media\/78306"}],"wp:attachment":[{"href":"https:\/\/www.tiendaled.cl\/index.php?rest_route=%2Fwp%2Fv2%2Fmedia&parent=78297"}],"wp:term":[{"taxonomy":"product_brand","embeddable":true,"href":"https:\/\/www.tiendaled.cl\/index.php?rest_route=%2Fwp%2Fv2%2Fproduct_brand&post=78297"},{"taxonomy":"product_cat","embeddable":true,"href":"https:\/\/www.tiendaled.cl\/index.php?rest_route=%2Fwp%2Fv2%2Fproduct_cat&post=78297"},{"taxonomy":"product_tag","embeddable":true,"href":"https:\/\/www.tiendaled.cl\/index.php?rest_route=%2Fwp%2Fv2%2Fproduct_tag&post=78297"}],"curies":[{"name":"wp","href":"https:\/\/api.w.org\/{rel}","templated":true}]}}