{"id":76035,"date":"2023-11-05T12:56:08","date_gmt":"2023-11-05T14:56:08","guid":{"rendered":"https:\/\/www.tiendaled.cl\/?post_type=product&#038;p=76035"},"modified":"2023-11-05T12:56:09","modified_gmt":"2023-11-05T14:56:09","slug":"aplique-geometrico-diseno-moderno-ip65-gris-e27-1-ampolleta","status":"publish","type":"product","link":"https:\/\/www.tiendaled.cl\/?product=aplique-geometrico-diseno-moderno-ip65-gris-e27-1-ampolleta","title":{"rendered":"Aplique Geometrico Dise\u00f1o Moderno Ip65 Gris E27 1 Ampolleta"},"content":{"rendered":"<p>Aplique de dise\u00f1o moderno para una ampolleta<br \/>\nDise\u00f1o elegante y sofisticado, dando un toque de distincion en los lugares donde lo desee instalar.<\/p>\n<p>Fabricado en aluminio de alta calidad y carcasa de PC blanca, no es f\u00e1cil de oxidar, no se desvanece.<br \/>\nDise\u00f1o moderno de forma simple, apariencia aspecto especial y elegante.<br \/>\nAluminio y PC de alta calidad.<br \/>\nUn soquete de ceramico incorporado E27<\/p>\n<p>NO INCLUYE AMPOLLETA<\/p>\n<p>La luz suave crea una atm\u00f3sfera relajada, libera tu estado de \u00e1nimo.<br \/>\nDoble uso en interiores y exteriores. IP65 impermeable, traje para el hogar, bar, cafeter\u00eda, pasillo, balc\u00f3n, escaleras, pasarela, patio y decoraci\u00f3n exterior.<\/p>\n","protected":false},"excerpt":{"rendered":"<p>Aplique de dise\u00f1o moderno para una ampolleta Dise\u00f1o elegante y sofisticado, dando un toque de distincion en los lugares donde lo desee instalar. Fabricado en aluminio de alta calidad y carcasa de PC blanca, no es f\u00e1cil de oxidar, no se desvanece. Dise\u00f1o moderno de forma simple, apariencia aspecto especial y elegante. Aluminio y PC [&#8230;]\n","protected":false},"featured_media":76036,"comment_status":"open","ping_status":"closed","template":"","meta":{"_joinchat":[]},"product_brand":[],"product_cat":[103,106,108],"product_tag":[131,364,133,132,363,276],"class_list":{"0":"post-76035","1":"product","2":"type-product","3":"status-publish","4":"has-post-thumbnail","6":"product_cat-lamparas-y-apliques","7":"product_cat-apliques","8":"product_cat-lamparas-de-muro","9":"product_tag-aplique","10":"product_tag-aplique-exterior","11":"product_tag-aplique-moderno","12":"product_tag-aplique-muro","13":"product_tag-aplique-pared","14":"product_tag-lampara-de-muro","16":"first","17":"instock","18":"shipping-taxable","19":"purchasable","20":"product-type-simple"},"_links":{"self":[{"href":"https:\/\/www.tiendaled.cl\/index.php?rest_route=\/wp\/v2\/product\/76035","targetHints":{"allow":["GET"]}}],"collection":[{"href":"https:\/\/www.tiendaled.cl\/index.php?rest_route=\/wp\/v2\/product"}],"about":[{"href":"https:\/\/www.tiendaled.cl\/index.php?rest_route=\/wp\/v2\/types\/product"}],"replies":[{"embeddable":true,"href":"https:\/\/www.tiendaled.cl\/index.php?rest_route=%2Fwp%2Fv2%2Fcomments&post=76035"}],"wp:featuredmedia":[{"embeddable":true,"href":"https:\/\/www.tiendaled.cl\/index.php?rest_route=\/wp\/v2\/media\/76036"}],"wp:attachment":[{"href":"https:\/\/www.tiendaled.cl\/index.php?rest_route=%2Fwp%2Fv2%2Fmedia&parent=76035"}],"wp:term":[{"taxonomy":"product_brand","embeddable":true,"href":"https:\/\/www.tiendaled.cl\/index.php?rest_route=%2Fwp%2Fv2%2Fproduct_brand&post=76035"},{"taxonomy":"product_cat","embeddable":true,"href":"https:\/\/www.tiendaled.cl\/index.php?rest_route=%2Fwp%2Fv2%2Fproduct_cat&post=76035"},{"taxonomy":"product_tag","embeddable":true,"href":"https:\/\/www.tiendaled.cl\/index.php?rest_route=%2Fwp%2Fv2%2Fproduct_tag&post=76035"}],"curies":[{"name":"wp","href":"https:\/\/api.w.org\/{rel}","templated":true}]}}

Aplique Geometrico Diseño Moderno Ip65 Gris E27 1 Ampolleta

<p>Aplique de diseño moderno para una ampolleta<br />
Diseño elegante y sofisticado, dando un toque de distincion en los lugares donde lo desee instalar.</p>
<p>Fabricado en aluminio de alta calidad y carcasa de PC blanca, no es fácil de oxidar, no se desvanece.<br />
Diseño moderno de forma simple, apariencia aspecto especial y elegante.<br />
Aluminio y PC de alta calidad.<br />
Un soquete de ceramico incorporado E27</p>
<p>NO INCLUYE AMPOLLETA</p>
<p>La luz suave crea una atmósfera relajada, libera tu estado de ánimo.<br />
Doble uso en interiores y exteriores. IP65 impermeable, traje para el hogar, bar, cafetería, pasillo, balcón, escaleras, pasarela, patio y decoración exterior.</p>

<p>Aplique de diseño moderno para una ampolleta Diseño elegante y sofisticado, dando un toque de distincion en los lugares donde lo desee instalar. Fabricado en aluminio de alta calidad y carcasa de PC blanca, no es fácil de oxidar, no se desvanece. Diseño moderno de forma simple, apariencia aspecto especial y elegante. Aluminio y PC [&#8230;]
