{"id":5439,"date":"2019-07-18T01:19:23","date_gmt":"2019-07-18T04:19:23","guid":{"rendered":"https:\/\/www.tiendaled.cl\/?post_type=product&#038;p=5439"},"modified":"2024-07-04T01:51:44","modified_gmt":"2024-07-04T03:51:44","slug":"lampara-colgante-redonda-negra-diseno-rombo","status":"publish","type":"product","link":"https:\/\/www.tiendaled.cl\/?product=lampara-colgante-redonda-negra-diseno-rombo","title":{"rendered":"Lampara Colgante Redonda Negra Dise\u00f1o Rombo"},"content":{"rendered":"<p>Interesante l\u00e1mpara colgante en color negro<br \/>\nPantalla de metal redonda con elementos en forma rombos<br \/>\nLa altura de la pantalla 40 cm, di\u00e1metro 35 cm<br \/>\nAltura total 121. 5 cm, longitud del cable de 109 cm,<br \/>\nSe adapta a cualquier estilo de interior<br \/>\nTensi\u00f3n de alimentaci\u00f3n 220-240 V.<br \/>\nRosca E27,<br \/>\nLa ampolleta no est\u00e1 incluida<\/p>\n<p>Facil Montaje<br \/>\nRequiere ensamble parcial<br \/>\nAlta calidad<br \/>\nGran eficiencia energ\u00e9tica<br \/>\nDecorativo y funcional<br \/>\nDise\u00f1o moderno<br \/>\nIdeal para todo tipo de interior<\/p>\n<p>&#8211; Di\u00e1metro de la base: 12cm<br \/>\n&#8211; Longitud del cable: 109 cm<br \/>\n&#8211; Di\u00e1metro: 35cm<br \/>\n&#8211; Voltaje: 220-240 V (50 Hz)<\/p>\n","protected":false},"excerpt":{"rendered":"<p>Interesante l\u00e1mpara colgante en color negro Pantalla de metal redonda con elementos en forma rombos La altura de la pantalla 40 cm, di\u00e1metro 35 cm Altura total 121. 5 cm, longitud del cable de 109 cm, Se adapta a cualquier estilo de interior Tensi\u00f3n de alimentaci\u00f3n 220-240 V. Rosca E27, La ampolleta no est\u00e1 incluida [&#8230;]\n","protected":false},"featured_media":5440,"comment_status":"open","ping_status":"closed","template":"","meta":{"_joinchat":[]},"product_brand":[],"product_cat":[425,103,111],"product_tag":[120,148],"class_list":{"0":"post-5439","1":"product","2":"type-product","3":"status-publish","4":"has-post-thumbnail","6":"product_cat-ofertas","7":"product_cat-lamparas-y-apliques","8":"product_cat-lamparas-colgantes","9":"product_tag-lampara","10":"product_tag-lampara-techo","12":"first","13":"instock","14":"sale","15":"shipping-taxable","16":"purchasable","17":"product-type-simple"},"_links":{"self":[{"href":"https:\/\/www.tiendaled.cl\/index.php?rest_route=\/wp\/v2\/product\/5439","targetHints":{"allow":["GET"]}}],"collection":[{"href":"https:\/\/www.tiendaled.cl\/index.php?rest_route=\/wp\/v2\/product"}],"about":[{"href":"https:\/\/www.tiendaled.cl\/index.php?rest_route=\/wp\/v2\/types\/product"}],"replies":[{"embeddable":true,"href":"https:\/\/www.tiendaled.cl\/index.php?rest_route=%2Fwp%2Fv2%2Fcomments&post=5439"}],"wp:featuredmedia":[{"embeddable":true,"href":"https:\/\/www.tiendaled.cl\/index.php?rest_route=\/wp\/v2\/media\/5440"}],"wp:attachment":[{"href":"https:\/\/www.tiendaled.cl\/index.php?rest_route=%2Fwp%2Fv2%2Fmedia&parent=5439"}],"wp:term":[{"taxonomy":"product_brand","embeddable":true,"href":"https:\/\/www.tiendaled.cl\/index.php?rest_route=%2Fwp%2Fv2%2Fproduct_brand&post=5439"},{"taxonomy":"product_cat","embeddable":true,"href":"https:\/\/www.tiendaled.cl\/index.php?rest_route=%2Fwp%2Fv2%2Fproduct_cat&post=5439"},{"taxonomy":"product_tag","embeddable":true,"href":"https:\/\/www.tiendaled.cl\/index.php?rest_route=%2Fwp%2Fv2%2Fproduct_tag&post=5439"}],"curies":[{"name":"wp","href":"https:\/\/api.w.org\/{rel}","templated":true}]}}

Lampara Colgante Redonda Negra Diseño Rombo

<p>Interesante lámpara colgante en color negro<br />
Pantalla de metal redonda con elementos en forma rombos<br />
La altura de la pantalla 40 cm, diámetro 35 cm<br />
Altura total 121. 5 cm, longitud del cable de 109 cm,<br />
Se adapta a cualquier estilo de interior<br />
Tensión de alimentación 220-240 V.<br />
Rosca E27,<br />
La ampolleta no está incluida</p>
<p>Facil Montaje<br />
Requiere ensamble parcial<br />
Alta calidad<br />
Gran eficiencia energética<br />
Decorativo y funcional<br />
Diseño moderno<br />
Ideal para todo tipo de interior</p>
<p>&#8211; Diámetro de la base: 12cm<br />
&#8211; Longitud del cable: 109 cm<br />
&#8211; Diámetro: 35cm<br />
&#8211; Voltaje: 220-240 V (50 Hz)</p>

<p>Interesante lámpara colgante en color negro Pantalla de metal redonda con elementos en forma rombos La altura de la pantalla 40 cm, diámetro 35 cm Altura total 121. 5 cm, longitud del cable de 109 cm, Se adapta a cualquier estilo de interior Tensión de alimentación 220-240 V. Rosca E27, La ampolleta no está incluida [&#8230;]
