{"id":45922,"date":"2023-06-27T00:35:46","date_gmt":"2023-06-27T02:35:46","guid":{"rendered":"https:\/\/www.tiendaled.cl\/?post_type=product&#038;p=45922"},"modified":"2025-11-03T21:45:54","modified_gmt":"2025-11-03T23:45:54","slug":"aplique-rustico-lampara-de-pared-retro-de-madera-y-canamo","status":"publish","type":"product","link":"https:\/\/www.tiendaled.cl\/?product=aplique-rustico-lampara-de-pared-retro-de-madera-y-canamo","title":{"rendered":"Aplique Rustico Lampara De Pared Retro De Madera Y Ca\u00f1amo"},"content":{"rendered":"<p>Adecuado para cualquier espacio del hogar que necesite un toque rustico y natural<\/p>\n<p>Esta l\u00e1mpara de pared con un cuerpo de luz de hierro y madera est\u00e1 fabricada a trav\u00e9s de m\u00faltiples procesos. color estable en el tiempo y no se cae f\u00e1cilmente, y al mismo tiempo aporta belleza simple y moderna a tu hogar.<br \/>\nTama\u00f1o: el tama\u00f1o de la l\u00e1mpara: 7.9 x 11.8 in, voltaje: 90-260 V (incluido)<br \/>\nDe soquete tradicional e27 es ideal para ser usada con ampolleta de filamento vintage<br \/>\nAMPOLLETA NO INCLUIDA<br \/>\nIluminaci\u00f3n c\u00f3modo de materiales exclente materiales, permitiendo emitir una luz uniforme, c\u00f3moda y relajante sin deslumbramiento<br \/>\nEsta l\u00e1mpara de pared es cualquier cosa en tu hogar. La decoraci\u00f3n perfecta del lugar<br \/>\nAspecto elegante: la l\u00e1mpara de pared \u00fanica tiene l\u00edneas simples, modelado creativo y capas ricas, creando una fuerte sensaci\u00f3n de espacio y un rico color art\u00edstico<br \/>\nLuce en cualquier lugar de la casa que quede instalada, omo cocina, comedor, dormitorio, sala de lectura, sala de estar, cafeter\u00eda, club, hotel, almac\u00e9n, pasillo, etc.<\/p>\n","protected":false},"excerpt":{"rendered":"<p>Adecuado para cualquier espacio del hogar que necesite un toque rustico y natural Esta l\u00e1mpara de pared con un cuerpo de luz de hierro y madera est\u00e1 fabricada a trav\u00e9s de m\u00faltiples procesos. color estable en el tiempo y no se cae f\u00e1cilmente, y al mismo tiempo aporta belleza simple y moderna a tu hogar. [&#8230;]\n","protected":false},"featured_media":45923,"comment_status":"open","ping_status":"closed","template":"","meta":{"_joinchat":[]},"product_brand":[],"product_cat":[181,103,106,104,108],"product_tag":[131,316,145,144,276],"class_list":{"0":"post-45922","1":"product","2":"type-product","3":"status-publish","4":"has-post-thumbnail","6":"product_cat-lamparas-canamo","7":"product_cat-lamparas-y-apliques","8":"product_cat-apliques","9":"product_cat-apliques-vintage","10":"product_cat-lamparas-de-muro","11":"product_tag-aplique","12":"product_tag-aplique-madera","13":"product_tag-aplique-retro","14":"product_tag-aplique-vintage","15":"product_tag-lampara-de-muro","17":"first","18":"instock","19":"shipping-taxable","20":"purchasable","21":"product-type-simple"},"_links":{"self":[{"href":"https:\/\/www.tiendaled.cl\/index.php?rest_route=\/wp\/v2\/product\/45922","targetHints":{"allow":["GET"]}}],"collection":[{"href":"https:\/\/www.tiendaled.cl\/index.php?rest_route=\/wp\/v2\/product"}],"about":[{"href":"https:\/\/www.tiendaled.cl\/index.php?rest_route=\/wp\/v2\/types\/product"}],"replies":[{"embeddable":true,"href":"https:\/\/www.tiendaled.cl\/index.php?rest_route=%2Fwp%2Fv2%2Fcomments&post=45922"}],"wp:featuredmedia":[{"embeddable":true,"href":"https:\/\/www.tiendaled.cl\/index.php?rest_route=\/wp\/v2\/media\/45923"}],"wp:attachment":[{"href":"https:\/\/www.tiendaled.cl\/index.php?rest_route=%2Fwp%2Fv2%2Fmedia&parent=45922"}],"wp:term":[{"taxonomy":"product_brand","embeddable":true,"href":"https:\/\/www.tiendaled.cl\/index.php?rest_route=%2Fwp%2Fv2%2Fproduct_brand&post=45922"},{"taxonomy":"product_cat","embeddable":true,"href":"https:\/\/www.tiendaled.cl\/index.php?rest_route=%2Fwp%2Fv2%2Fproduct_cat&post=45922"},{"taxonomy":"product_tag","embeddable":true,"href":"https:\/\/www.tiendaled.cl\/index.php?rest_route=%2Fwp%2Fv2%2Fproduct_tag&post=45922"}],"curies":[{"name":"wp","href":"https:\/\/api.w.org\/{rel}","templated":true}]}}

Aplique Rustico Lampara De Pared Retro De Madera Y Cañamo

<p>Adecuado para cualquier espacio del hogar que necesite un toque rustico y natural</p>
<p>Esta lámpara de pared con un cuerpo de luz de hierro y madera está fabricada a través de múltiples procesos. color estable en el tiempo y no se cae fácilmente, y al mismo tiempo aporta belleza simple y moderna a tu hogar.<br />
Tamaño: el tamaño de la lámpara: 7.9 x 11.8 in, voltaje: 90-260 V (incluido)<br />
De soquete tradicional e27 es ideal para ser usada con ampolleta de filamento vintage<br />
AMPOLLETA NO INCLUIDA<br />
Iluminación cómodo de materiales exclente materiales, permitiendo emitir una luz uniforme, cómoda y relajante sin deslumbramiento<br />
Esta lámpara de pared es cualquier cosa en tu hogar. La decoración perfecta del lugar<br />
Aspecto elegante: la lámpara de pared única tiene líneas simples, modelado creativo y capas ricas, creando una fuerte sensación de espacio y un rico color artístico<br />
Luce en cualquier lugar de la casa que quede instalada, omo cocina, comedor, dormitorio, sala de lectura, sala de estar, cafetería, club, hotel, almacén, pasillo, etc.</p>

<p>Adecuado para cualquier espacio del hogar que necesite un toque rustico y natural Esta lámpara de pared con un cuerpo de luz de hierro y madera está fabricada a través de múltiples procesos. color estable en el tiempo y no se cae fácilmente, y al mismo tiempo aporta belleza simple y moderna a tu hogar. [&#8230;]
