{"id":44048,"date":"2023-06-05T23:46:47","date_gmt":"2023-06-06T01:46:47","guid":{"rendered":"https:\/\/www.tiendaled.cl\/?post_type=product&#038;p=44048"},"modified":"2026-03-13T12:55:42","modified_gmt":"2026-03-13T14:55:42","slug":"ampolleta-led-e14-tipo-vela-flama-5w-luz-calida-y-luz-fria","status":"publish","type":"product","link":"https:\/\/www.tiendaled.cl\/?product=ampolleta-led-e14-tipo-vela-flama-5w-luz-calida-y-luz-fria","title":{"rendered":"Ampolleta Led E14 Tipo Vela Flama 5w Luz Calida y Luz Fria"},"content":{"rendered":"<p>Ampolleta tipo vela de 5 W<br \/>\nVela Tipo Flama<br \/>\nRosca E14<br \/>\nLuz calida y luz fria<br \/>\nLarga Duracion hasta 20000h<br \/>\n360\u00b0 de brillo integral<br \/>\nAlta conservaci\u00f3n de energ\u00eda l\u00e1mpara de la vela<br \/>\nHasta Un 90% de Ahorro de Energia<br \/>\nDimensiones 35 mm X 105 mm<br \/>\n25 leds de alta iluminacion<br \/>\nAmpolleta ideal para lamparas candelabros, lamparas decorativas.<br \/>\nReemplace su antigua ampolleta incandesente por esta ampolleta y ahorre hasta un 90%<\/p>\n","protected":false},"excerpt":{"rendered":"<p>Ampolleta tipo vela de 5 W Vela Tipo Flama Rosca E14 Luz calida y luz fria Larga Duracion hasta 20000h 360\u00b0 de brillo integral Alta conservaci\u00f3n de energ\u00eda l\u00e1mpara de la vela Hasta Un 90% de Ahorro de Energia Dimensiones 35 mm X 105 mm 25 leds de alta iluminacion Ampolleta ideal para lamparas candelabros, [&#8230;]\n","protected":false},"featured_media":44049,"comment_status":"open","ping_status":"closed","template":"","meta":{"_joinchat":[]},"product_brand":[],"product_cat":[233,92,93],"product_tag":[227,135,303,305,304,136],"class_list":{"0":"post-44048","1":"product","2":"type-product","3":"status-publish","4":"has-post-thumbnail","6":"product_cat-ampolletas-vintage","7":"product_cat-productos-led","8":"product_cat-ampolletas-led","9":"product_tag-ampolleta-e14","10":"product_tag-ampolleta-led","11":"product_tag-ampolleta-vela-vela-flama","12":"product_tag-led-e14","13":"product_tag-led-flama","14":"product_tag-led-vela","16":"first","17":"instock","18":"shipping-taxable","19":"purchasable","20":"product-type-simple"},"_links":{"self":[{"href":"https:\/\/www.tiendaled.cl\/index.php?rest_route=\/wp\/v2\/product\/44048","targetHints":{"allow":["GET"]}}],"collection":[{"href":"https:\/\/www.tiendaled.cl\/index.php?rest_route=\/wp\/v2\/product"}],"about":[{"href":"https:\/\/www.tiendaled.cl\/index.php?rest_route=\/wp\/v2\/types\/product"}],"replies":[{"embeddable":true,"href":"https:\/\/www.tiendaled.cl\/index.php?rest_route=%2Fwp%2Fv2%2Fcomments&post=44048"}],"wp:featuredmedia":[{"embeddable":true,"href":"https:\/\/www.tiendaled.cl\/index.php?rest_route=\/wp\/v2\/media\/44049"}],"wp:attachment":[{"href":"https:\/\/www.tiendaled.cl\/index.php?rest_route=%2Fwp%2Fv2%2Fmedia&parent=44048"}],"wp:term":[{"taxonomy":"product_brand","embeddable":true,"href":"https:\/\/www.tiendaled.cl\/index.php?rest_route=%2Fwp%2Fv2%2Fproduct_brand&post=44048"},{"taxonomy":"product_cat","embeddable":true,"href":"https:\/\/www.tiendaled.cl\/index.php?rest_route=%2Fwp%2Fv2%2Fproduct_cat&post=44048"},{"taxonomy":"product_tag","embeddable":true,"href":"https:\/\/www.tiendaled.cl\/index.php?rest_route=%2Fwp%2Fv2%2Fproduct_tag&post=44048"}],"curies":[{"name":"wp","href":"https:\/\/api.w.org\/{rel}","templated":true}]}}