{"id":42953,"date":"2023-05-17T20:13:07","date_gmt":"2023-05-17T22:13:07","guid":{"rendered":"https:\/\/www.tiendaled.cl\/?post_type=product&#038;p=42953"},"modified":"2026-02-11T12:29:57","modified_gmt":"2026-02-11T14:29:57","slug":"farol-aplique-de-pared-estilo-clasico-exterior-negro-44cm","status":"publish","type":"product","link":"https:\/\/www.tiendaled.cl\/?product=farol-aplique-de-pared-estilo-clasico-exterior-negro-44cm","title":{"rendered":"Farol Aplique De Pared Estilo Clasico Exterior Negro 44cm"},"content":{"rendered":"<p>Aplique de pared farol<br \/>\nDe estilo cl\u00e1sico.<br \/>\nApto para su uso en ambientes exteriores (jardines, terrazas, parques, etc.).<br \/>\nAcabado en color Negro<br \/>\nFabricado en aluminio y cristal transparente.<br \/>\nPosee un grado de protecci\u00f3n \u00a0contra el agua y las part\u00edculas.<br \/>\nEst\u00e1ndar E27 le que le permitir\u00e1 utilizar cualquier bombilla de bajo consumo o LED, respetando siempre la potencia m\u00e1xima permitida de 100W<br \/>\nDimnesiones 44 x 25 cms<\/p>\n","protected":false},"excerpt":{"rendered":"<p>Aplique de pared farol De estilo cl\u00e1sico. Apto para su uso en ambientes exteriores (jardines, terrazas, parques, etc.). Acabado en color Negro Fabricado en aluminio y cristal transparente. Posee un grado de protecci\u00f3n \u00a0contra el agua y las part\u00edculas. Est\u00e1ndar E27 le que le permitir\u00e1 utilizar cualquier bombilla de bajo consumo o LED, respetando siempre [&#8230;]\n","protected":false},"featured_media":42971,"comment_status":"open","ping_status":"closed","template":"","meta":{"_joinchat":[]},"product_brand":[],"product_cat":[103,106,107,108],"product_tag":[131,292,293,220,295,294],"class_list":{"0":"post-42953","1":"product","2":"type-product","3":"status-publish","4":"has-post-thumbnail","6":"product_cat-lamparas-y-apliques","7":"product_cat-apliques","8":"product_cat-faroles","9":"product_cat-lamparas-de-muro","10":"product_tag-aplique","11":"product_tag-farol","12":"product_tag-farol-aplique","13":"product_tag-farol-clasico","14":"product_tag-farol-grande","15":"product_tag-farol-negro","17":"first","18":"instock","19":"shipping-taxable","20":"purchasable","21":"product-type-simple"},"_links":{"self":[{"href":"https:\/\/www.tiendaled.cl\/index.php?rest_route=\/wp\/v2\/product\/42953","targetHints":{"allow":["GET"]}}],"collection":[{"href":"https:\/\/www.tiendaled.cl\/index.php?rest_route=\/wp\/v2\/product"}],"about":[{"href":"https:\/\/www.tiendaled.cl\/index.php?rest_route=\/wp\/v2\/types\/product"}],"replies":[{"embeddable":true,"href":"https:\/\/www.tiendaled.cl\/index.php?rest_route=%2Fwp%2Fv2%2Fcomments&post=42953"}],"wp:featuredmedia":[{"embeddable":true,"href":"https:\/\/www.tiendaled.cl\/index.php?rest_route=\/wp\/v2\/media\/42971"}],"wp:attachment":[{"href":"https:\/\/www.tiendaled.cl\/index.php?rest_route=%2Fwp%2Fv2%2Fmedia&parent=42953"}],"wp:term":[{"taxonomy":"product_brand","embeddable":true,"href":"https:\/\/www.tiendaled.cl\/index.php?rest_route=%2Fwp%2Fv2%2Fproduct_brand&post=42953"},{"taxonomy":"product_cat","embeddable":true,"href":"https:\/\/www.tiendaled.cl\/index.php?rest_route=%2Fwp%2Fv2%2Fproduct_cat&post=42953"},{"taxonomy":"product_tag","embeddable":true,"href":"https:\/\/www.tiendaled.cl\/index.php?rest_route=%2Fwp%2Fv2%2Fproduct_tag&post=42953"}],"curies":[{"name":"wp","href":"https:\/\/api.w.org\/{rel}","templated":true}]}}

<p>Aplique de pared farol<br />
De estilo clásico.<br />
Apto para su uso en ambientes exteriores (jardines, terrazas, parques, etc.).<br />
Acabado en color Negro<br />
Fabricado en aluminio y cristal transparente.<br />
Posee un grado de protección  contra el agua y las partículas.<br />
Estándar E27 le que le permitirá utilizar cualquier bombilla de bajo consumo o LED, respetando siempre la potencia máxima permitida de 100W<br />
Dimnesiones 44 x 25 cms</p>

<p>Aplique de pared farol De estilo clásico. Apto para su uso en ambientes exteriores (jardines, terrazas, parques, etc.). Acabado en color Negro Fabricado en aluminio y cristal transparente. Posee un grado de protección  contra el agua y las partículas. Estándar E27 le que le permitirá utilizar cualquier bombilla de bajo consumo o LED, respetando siempre [&#8230;]
