{"id":42135,"date":"2023-05-05T01:06:37","date_gmt":"2023-05-05T03:06:37","guid":{"rendered":"https:\/\/www.tiendaled.cl\/?post_type=product&#038;p=42135"},"modified":"2024-09-14T22:30:36","modified_gmt":"2024-09-15T00:30:36","slug":"lampara-colgante-estilo-nordica-florencia-blanca","status":"publish","type":"product","link":"https:\/\/www.tiendaled.cl\/?product=lampara-colgante-estilo-nordica-florencia-blanca","title":{"rendered":"Lampara Colgante Estilo Nordica Florencia Blanca"},"content":{"rendered":"<p>LAMPARA TECHO FLORENCIA<\/p>\n<p>Con su dise\u00f1o de inspiraci\u00f3n escandinava,<br \/>\nesta l\u00e1mpara de techo sigue los preceptos de este tipo de decoraci\u00f3n:<br \/>\nsimpleza, sencillez e iluminaci\u00f3n.<br \/>\nEl dise\u00f1o de la L\u00e1mpara destaca por el contraste del acero negro o blanco del exterior con el interior dorado.<br \/>\nSu aportaci\u00f3n de luz directa y la originalidad y elegancia exclusiva de su dise\u00f1o,<br \/>\ncombinan con decoraciones tanto cl\u00e1sicas como modernas convirti\u00e9ndola en la l\u00e1mpara ideal para cualquier espacio,<\/p>\n<p>Tambien puedes combinarla con sus hermanas Viena y Siena,<br \/>\ncrear\u00e1s un ambiente con mucha personalidad.<br \/>\nColocalas en hilera a cierta distancia,<br \/>\nconseguir\u00e1s un espacio con mucha elegancia.<br \/>\nSi te decantas m\u00e1s por un ambiente ecl\u00e9ctico,<br \/>\nponlas agrupadas y a diferentes alturas, \u00a1acierto seguro!<\/p>\n<p>Producto L\u00e1mpara de techo<br \/>\nColor: negro o blanco \/ Interior dorado<br \/>\nSoquete tradicional E27<\/p>\n<p>NO INCLUYE AMPOLLETA<\/p>\n<p>Material Metal Lacado al Horno mediante pintura de alta resistencia<br \/>\nDimensiones: 25x31x25 cm (120 cm de cable)<br \/>\nPeso 0.85 cm<br \/>\nAlto 31cm<br \/>\nAncho 25 cm<br \/>\nProfundo 25 cm<br \/>\nDiametro 25 cm<\/p>\n","protected":false},"excerpt":{"rendered":"<p>LAMPARA TECHO FLORENCIA Con su dise\u00f1o de inspiraci\u00f3n escandinava, esta l\u00e1mpara de techo sigue los preceptos de este tipo de decoraci\u00f3n: simpleza, sencillez e iluminaci\u00f3n. El dise\u00f1o de la L\u00e1mpara destaca por el contraste del acero negro o blanco del exterior con el interior dorado. Su aportaci\u00f3n de luz directa y la originalidad y elegancia [&#8230;]\n","protected":false},"featured_media":42141,"comment_status":"open","ping_status":"closed","template":"","meta":{"_joinchat":[]},"product_brand":[],"product_cat":[192,425,103,111],"product_tag":[122,282,177,176,283],"class_list":{"0":"post-42135","1":"product","2":"type-product","3":"status-publish","4":"has-post-thumbnail","6":"product_cat-lamparas-techo","7":"product_cat-ofertas","8":"product_cat-lamparas-y-apliques","9":"product_cat-lamparas-colgantes","10":"product_tag-lampara-colgante","11":"product_tag-lampara-florencia","12":"product_tag-lampara-moderna","13":"product_tag-lampara-nordica","14":"product_tag-lampara-tom-dixon","16":"first","17":"instock","18":"sale","19":"shipping-taxable","20":"purchasable","21":"product-type-simple"},"_links":{"self":[{"href":"https:\/\/www.tiendaled.cl\/index.php?rest_route=\/wp\/v2\/product\/42135","targetHints":{"allow":["GET"]}}],"collection":[{"href":"https:\/\/www.tiendaled.cl\/index.php?rest_route=\/wp\/v2\/product"}],"about":[{"href":"https:\/\/www.tiendaled.cl\/index.php?rest_route=\/wp\/v2\/types\/product"}],"replies":[{"embeddable":true,"href":"https:\/\/www.tiendaled.cl\/index.php?rest_route=%2Fwp%2Fv2%2Fcomments&post=42135"}],"wp:featuredmedia":[{"embeddable":true,"href":"https:\/\/www.tiendaled.cl\/index.php?rest_route=\/wp\/v2\/media\/42141"}],"wp:attachment":[{"href":"https:\/\/www.tiendaled.cl\/index.php?rest_route=%2Fwp%2Fv2%2Fmedia&parent=42135"}],"wp:term":[{"taxonomy":"product_brand","embeddable":true,"href":"https:\/\/www.tiendaled.cl\/index.php?rest_route=%2Fwp%2Fv2%2Fproduct_brand&post=42135"},{"taxonomy":"product_cat","embeddable":true,"href":"https:\/\/www.tiendaled.cl\/index.php?rest_route=%2Fwp%2Fv2%2Fproduct_cat&post=42135"},{"taxonomy":"product_tag","embeddable":true,"href":"https:\/\/www.tiendaled.cl\/index.php?rest_route=%2Fwp%2Fv2%2Fproduct_tag&post=42135"}],"curies":[{"name":"wp","href":"https:\/\/api.w.org\/{rel}","templated":true}]}}

<p>LAMPARA TECHO FLORENCIA</p>
<p>Con su diseño de inspiración escandinava,<br />
esta lámpara de techo sigue los preceptos de este tipo de decoración:<br />
simpleza, sencillez e iluminación.<br />
El diseño de la Lámpara destaca por el contraste del acero negro o blanco del exterior con el interior dorado.<br />
Su aportación de luz directa y la originalidad y elegancia exclusiva de su diseño,<br />
combinan con decoraciones tanto clásicas como modernas convirtiéndola en la lámpara ideal para cualquier espacio,</p>
<p>Tambien puedes combinarla con sus hermanas Viena y Siena,<br />
crearás un ambiente con mucha personalidad.<br />
Colocalas en hilera a cierta distancia,<br />
conseguirás un espacio con mucha elegancia.<br />
Si te decantas más por un ambiente ecléctico,<br />
ponlas agrupadas y a diferentes alturas, ¡acierto seguro!</p>
<p>Producto Lámpara de techo<br />
Color: negro o blanco / Interior dorado<br />
Soquete tradicional E27</p>
<p>NO INCLUYE AMPOLLETA</p>
<p>Material Metal Lacado al Horno mediante pintura de alta resistencia<br />
Dimensiones: 25x31x25 cm (120 cm de cable)<br />
Peso 0.85 cm<br />
Alto 31cm<br />
Ancho 25 cm<br />
Profundo 25 cm<br />
Diametro 25 cm</p>

<p>LAMPARA TECHO FLORENCIA Con su diseño de inspiración escandinava, esta lámpara de techo sigue los preceptos de este tipo de decoración: simpleza, sencillez e iluminación. El diseño de la Lámpara destaca por el contraste del acero negro o blanco del exterior con el interior dorado. Su aportación de luz directa y la originalidad y elegancia [&#8230;]
