{"id":38082,"date":"2023-01-10T23:45:57","date_gmt":"2023-01-11T01:45:57","guid":{"rendered":"https:\/\/www.tiendaled.cl\/?post_type=product&#038;p=38082"},"modified":"2023-01-11T00:32:53","modified_gmt":"2023-01-11T02:32:53","slug":"aplique-doble-de-pared-loop-10w-ip65-negro-oro-emily","status":"publish","type":"product","link":"https:\/\/www.tiendaled.cl\/?product=aplique-doble-de-pared-loop-10w-ip65-negro-oro-emily","title":{"rendered":"Aplique Doble De Pared Loop 10w Ip65 negro-oro Emily"},"content":{"rendered":"<p>Aplique minimalista y moderno con un dise\u00f1o \u00fanico creado por la famosa dise\u00f1adora polaca \u00abEmily\u00bb.<br \/>\nSe caracteriza por su inconfundible coloraci\u00f3n negro-oro<\/p>\n<p>Este aplique de dise\u00f1o es perfecto para ser instalado en cualquier ambiente, tanto en el hogar como en el trabajo.<br \/>\nEs ideal para un sal\u00f3n elegante, para un sal\u00f3n de estilo moderno\/contempor\u00e1neo o para una tienda que quiera iluminar su entorno con un dise\u00f1o particular.<\/p>\n<p>La estructura est\u00e1 revestida con pintura de la m\u00e1s alta calidad.<br \/>\nCada detalle de esta l\u00e1mpara est\u00e1 cuidado y acabado a mano para garantizar al cliente un producto \u00fanico y exclusivo.<\/p>\n<p>Aplique LED Loop de 10W de potencia y 800 l\u00famenes, apto para uso en interior o exterior gracias a su grado de protecci\u00f3n IP65.<br \/>\nFabricado en aluminio y cristal, resistente a condiciones meteorol\u00f3gicas adversas, proporciona una iluminaci\u00f3n de calidad en color blanco natural 4000K con un bajo consumo.<br \/>\nProporciona una agradable iluminaci\u00f3n indirecta en su parte superior e inferior gracias a su doble fuente lum\u00ednica LED COB ya incorporados<\/p>\n<p>Color de la luz: Blanco natural<br \/>\nL\u00famenes: 800<br \/>\nPotencia: 10 W<br \/>\nProyecci\u00f3n de la luz: Luz directa + luz indirecta<br \/>\nTemperatura luz: 4000k<br \/>\nTipo de iluminaci\u00f3n: Tecnolog\u00eda LED integrada<br \/>\nColor: Negro \/ Oro<br \/>\nMaterial: Metal<br \/>\nUso (Interior\/Exterior)<br \/>\nTipo de instalaci\u00f3n: En superficie<br \/>\nCertificado CE: S\u00ed<br \/>\nDimensiones<br \/>\nDimensiones (alto x ancho x fondo): 10x20x9<br \/>\nMedidas embalaje: 22x10x10<br \/>\nInformaci\u00f3n T\u00e9cnica<br \/>\nIndice de protecci\u00f3n: 65 IP<\/p>\n<p>Voltaje: 220-240 V<\/p>\n","protected":false},"excerpt":{"rendered":"<p>Aplique minimalista y moderno con un dise\u00f1o \u00fanico creado por la famosa dise\u00f1adora polaca \u00abEmily\u00bb. Se caracteriza por su inconfundible coloraci\u00f3n negro-oro Este aplique de dise\u00f1o es perfecto para ser instalado en cualquier ambiente, tanto en el hogar como en el trabajo. Es ideal para un sal\u00f3n elegante, para un sal\u00f3n de estilo moderno\/contempor\u00e1neo o [&#8230;]\n","protected":false},"featured_media":38090,"comment_status":"open","ping_status":"closed","template":"","meta":{"_joinchat":[]},"product_brand":[],"product_cat":[92,94,100,103,106],"product_tag":[131,269,133,132],"class_list":{"0":"post-38082","1":"product","2":"type-product","3":"status-publish","4":"has-post-thumbnail","6":"product_cat-productos-led","7":"product_cat-plafones-led","8":"product_cat-apliques-led","9":"product_cat-lamparas-y-apliques","10":"product_cat-apliques","11":"product_tag-aplique","12":"product_tag-aplique-led","13":"product_tag-aplique-moderno","14":"product_tag-aplique-muro","16":"first","17":"instock","18":"sale","19":"shipping-taxable","20":"purchasable","21":"product-type-simple"},"_links":{"self":[{"href":"https:\/\/www.tiendaled.cl\/index.php?rest_route=\/wp\/v2\/product\/38082","targetHints":{"allow":["GET"]}}],"collection":[{"href":"https:\/\/www.tiendaled.cl\/index.php?rest_route=\/wp\/v2\/product"}],"about":[{"href":"https:\/\/www.tiendaled.cl\/index.php?rest_route=\/wp\/v2\/types\/product"}],"replies":[{"embeddable":true,"href":"https:\/\/www.tiendaled.cl\/index.php?rest_route=%2Fwp%2Fv2%2Fcomments&post=38082"}],"wp:featuredmedia":[{"embeddable":true,"href":"https:\/\/www.tiendaled.cl\/index.php?rest_route=\/wp\/v2\/media\/38090"}],"wp:attachment":[{"href":"https:\/\/www.tiendaled.cl\/index.php?rest_route=%2Fwp%2Fv2%2Fmedia&parent=38082"}],"wp:term":[{"taxonomy":"product_brand","embeddable":true,"href":"https:\/\/www.tiendaled.cl\/index.php?rest_route=%2Fwp%2Fv2%2Fproduct_brand&post=38082"},{"taxonomy":"product_cat","embeddable":true,"href":"https:\/\/www.tiendaled.cl\/index.php?rest_route=%2Fwp%2Fv2%2Fproduct_cat&post=38082"},{"taxonomy":"product_tag","embeddable":true,"href":"https:\/\/www.tiendaled.cl\/index.php?rest_route=%2Fwp%2Fv2%2Fproduct_tag&post=38082"}],"curies":[{"name":"wp","href":"https:\/\/api.w.org\/{rel}","templated":true}]}}