{"id":37991,"date":"2023-01-06T20:54:59","date_gmt":"2023-01-06T22:54:59","guid":{"rendered":"https:\/\/www.tiendaled.cl\/?post_type=product&#038;p=37991"},"modified":"2026-04-16T16:07:38","modified_gmt":"2026-04-16T18:07:38","slug":"aplique-de-pared-farol-exterior-diseno-colonial-e27-44cm-de-alto","status":"publish","type":"product","link":"https:\/\/www.tiendaled.cl\/?product=aplique-de-pared-farol-exterior-diseno-colonial-e27-44cm-de-alto","title":{"rendered":"Aplique De Pared Farol Exterior Negro Dise\u00f1o Colonial E27 44cm de alto"},"content":{"rendered":"<p>Aplique de pared farol exterior dise\u00f1o colonial<br \/>\nSoquete E27 ( Soquete Tradicional )<br \/>\nFacbricado metal de alta calidad<\/p>\n<p>Aplique de pared farol de estilo colonial.<br \/>\nLuminaria especialmente dise\u00f1ada para la iluminaci\u00f3n de exteriores.<br \/>\nAcabado en Negro Mate<br \/>\nPosee un grado de protecci\u00f3n IP44 contra el agua y las part\u00edculas.<br \/>\nSu soquete est\u00e1ndar E27 le permitir\u00e1 utilizar cualquier ampolleta de bajo consumo o LED que se ajuste a sus necesidades.<\/p>\n<p>Aplique de pared de estilo moderno.<br \/>\nFabricado en vidrio.<br \/>\nProtecci\u00f3n IP44<br \/>\nAncho: 15cm.<br \/>\nAlto: 44cm<br \/>\nBase a la pared .largo 14cm ancho 12cm<\/p>\n","protected":false},"excerpt":{"rendered":"<p>Aplique de pared farol exterior dise\u00f1o colonial Soquete E27 ( Soquete Tradicional ) Facbricado metal de alta calidad Aplique de pared farol de estilo colonial. Luminaria especialmente dise\u00f1ada para la iluminaci\u00f3n de exteriores. Acabado en Negro Mate Posee un grado de protecci\u00f3n IP44 contra el agua y las part\u00edculas. Su soquete est\u00e1ndar E27 le permitir\u00e1 [&#8230;]\n","protected":false},"featured_media":80840,"comment_status":"open","ping_status":"closed","template":"","meta":{"_joinchat":[]},"product_brand":[],"product_cat":[103,106,104,107,108],"product_tag":[131,255,132,221,139,137],"class_list":{"0":"post-37991","1":"product","2":"type-product","3":"status-publish","4":"has-post-thumbnail","6":"product_cat-lamparas-y-apliques","7":"product_cat-apliques","8":"product_cat-apliques-vintage","9":"product_cat-faroles","10":"product_cat-lamparas-de-muro","11":"product_tag-aplique","12":"product_tag-aplique-clasico","13":"product_tag-aplique-muro","14":"product_tag-aplique-rustico","15":"product_tag-farol-exterior","16":"product_tag-farol-muro","18":"first","19":"instock","20":"shipping-taxable","21":"purchasable","22":"product-type-simple"},"_links":{"self":[{"href":"https:\/\/www.tiendaled.cl\/index.php?rest_route=\/wp\/v2\/product\/37991","targetHints":{"allow":["GET"]}}],"collection":[{"href":"https:\/\/www.tiendaled.cl\/index.php?rest_route=\/wp\/v2\/product"}],"about":[{"href":"https:\/\/www.tiendaled.cl\/index.php?rest_route=\/wp\/v2\/types\/product"}],"replies":[{"embeddable":true,"href":"https:\/\/www.tiendaled.cl\/index.php?rest_route=%2Fwp%2Fv2%2Fcomments&post=37991"}],"wp:featuredmedia":[{"embeddable":true,"href":"https:\/\/www.tiendaled.cl\/index.php?rest_route=\/wp\/v2\/media\/80840"}],"wp:attachment":[{"href":"https:\/\/www.tiendaled.cl\/index.php?rest_route=%2Fwp%2Fv2%2Fmedia&parent=37991"}],"wp:term":[{"taxonomy":"product_brand","embeddable":true,"href":"https:\/\/www.tiendaled.cl\/index.php?rest_route=%2Fwp%2Fv2%2Fproduct_brand&post=37991"},{"taxonomy":"product_cat","embeddable":true,"href":"https:\/\/www.tiendaled.cl\/index.php?rest_route=%2Fwp%2Fv2%2Fproduct_cat&post=37991"},{"taxonomy":"product_tag","embeddable":true,"href":"https:\/\/www.tiendaled.cl\/index.php?rest_route=%2Fwp%2Fv2%2Fproduct_tag&post=37991"}],"curies":[{"name":"wp","href":"https:\/\/api.w.org\/{rel}","templated":true}]}}

Aplique De Pared Farol Exterior Negro Diseño Colonial E27 44cm de alto

<p>Aplique de pared farol exterior diseño colonial<br />
Soquete E27 ( Soquete Tradicional )<br />
Facbricado metal de alta calidad</p>
<p>Aplique de pared farol de estilo colonial.<br />
Luminaria especialmente diseñada para la iluminación de exteriores.<br />
Acabado en Negro Mate<br />
Posee un grado de protección IP44 contra el agua y las partículas.<br />
Su soquete estándar E27 le permitirá utilizar cualquier ampolleta de bajo consumo o LED que se ajuste a sus necesidades.</p>
<p>Aplique de pared de estilo moderno.<br />
Fabricado en vidrio.<br />
Protección IP44<br />
Ancho: 15cm.<br />
Alto: 44cm<br />
Base a la pared .largo 14cm ancho 12cm</p>

<p>Aplique de pared farol exterior diseño colonial Soquete E27 ( Soquete Tradicional ) Facbricado metal de alta calidad Aplique de pared farol de estilo colonial. Luminaria especialmente diseñada para la iluminación de exteriores. Acabado en Negro Mate Posee un grado de protección IP44 contra el agua y las partículas. Su soquete estándar E27 le permitirá [&#8230;]
