{"id":3712,"date":"2019-05-18T21:39:39","date_gmt":"2019-05-18T23:39:39","guid":{"rendered":"http:\/\/www.tiendaled.cl\/?post_type=product&#038;p=3712"},"modified":"2024-09-08T23:51:51","modified_gmt":"2024-09-09T01:51:51","slug":"tripode-para-2-focos-led-regulable-hasta-160m-amarillo","status":"publish","type":"product","link":"https:\/\/www.tiendaled.cl\/?product=tripode-para-2-focos-led-regulable-hasta-160m-amarillo","title":{"rendered":"Tr\u00edpode Para 2 Focos Led Regulable Hasta 1,60m, Amarillo"},"content":{"rendered":"<p>Tr\u00edpode para dos Focos Amarillo<br \/>\nPermite disponer de una fuente de luz en cualquier situaci\u00f3n.<br \/>\nEs posible ajustar la posici\u00f3n de los proyectores en cualquier altura.<br \/>\nIdeal para trabajos en el exterior<br \/>\nMuy buena estabilidad<br \/>\nAltura m\u00e1xima: 1,60 metros<br \/>\nColor: Amarillo<\/p>\n<p>&nbsp;<\/p>\n<p><a mp-mode=\"dftl\" href=\"https:\/\/www.mercadopago.com\/mlc\/checkout\/pay?pref_id=241780181-ef6813c2-c698-45a1-988e-b78c9a13360b\" name=\"MP-payButton\" class='blue-ar-l-sq-none'>Comprar<\/a><br \/>\n<script type=\"text\/javascript\">\n(function(){function $MPC_load(){window.$MPC_loaded !== true && (function(){var s = document.createElement(\"script\");s.type = \"text\/javascript\";s.async = true;s.src = document.location.protocol+\"\/\/secure.mlstatic.com\/mptools\/render.js\";var x = document.getElementsByTagName('script')[0];x.parentNode.insertBefore(s, x);window.$MPC_loaded = true;})();}window.$MPC_loaded !== true ? (window.attachEvent ?window.attachEvent('onload', $MPC_load) : window.addEventListener('load', $MPC_load, false)) : null;})();\n<\/script><\/p>\n","protected":false},"excerpt":{"rendered":"<p>Tr\u00edpode para dos Focos Amarillo Permite disponer de una fuente de luz en cualquier situaci\u00f3n. Es posible ajustar la posici\u00f3n de los proyectores en cualquier altura. Ideal para trabajos en el exterior Muy buena estabilidad Altura m\u00e1xima: 1,60 metros Color: Amarillo &nbsp; Comprar<\/p>\n","protected":false},"featured_media":3713,"comment_status":"open","ping_status":"closed","template":"","meta":{"_joinchat":[]},"product_brand":[],"product_cat":[92,98,117],"product_tag":[150,152,151],"class_list":{"0":"post-3712","1":"product","2":"type-product","3":"status-publish","4":"has-post-thumbnail","6":"product_cat-productos-led","7":"product_cat-proyectores-led","8":"product_cat-accesorios","9":"product_tag-focos-led","10":"product_tag-focos-proyectores","11":"product_tag-proyectores-led","13":"first","14":"instock","15":"shipping-taxable","16":"purchasable","17":"product-type-simple"},"_links":{"self":[{"href":"https:\/\/www.tiendaled.cl\/index.php?rest_route=\/wp\/v2\/product\/3712","targetHints":{"allow":["GET"]}}],"collection":[{"href":"https:\/\/www.tiendaled.cl\/index.php?rest_route=\/wp\/v2\/product"}],"about":[{"href":"https:\/\/www.tiendaled.cl\/index.php?rest_route=\/wp\/v2\/types\/product"}],"replies":[{"embeddable":true,"href":"https:\/\/www.tiendaled.cl\/index.php?rest_route=%2Fwp%2Fv2%2Fcomments&post=3712"}],"wp:featuredmedia":[{"embeddable":true,"href":"https:\/\/www.tiendaled.cl\/index.php?rest_route=\/wp\/v2\/media\/3713"}],"wp:attachment":[{"href":"https:\/\/www.tiendaled.cl\/index.php?rest_route=%2Fwp%2Fv2%2Fmedia&parent=3712"}],"wp:term":[{"taxonomy":"product_brand","embeddable":true,"href":"https:\/\/www.tiendaled.cl\/index.php?rest_route=%2Fwp%2Fv2%2Fproduct_brand&post=3712"},{"taxonomy":"product_cat","embeddable":true,"href":"https:\/\/www.tiendaled.cl\/index.php?rest_route=%2Fwp%2Fv2%2Fproduct_cat&post=3712"},{"taxonomy":"product_tag","embeddable":true,"href":"https:\/\/www.tiendaled.cl\/index.php?rest_route=%2Fwp%2Fv2%2Fproduct_tag&post=3712"}],"curies":[{"name":"wp","href":"https:\/\/api.w.org\/{rel}","templated":true}]}}

Trípode Para 2 Focos Led Regulable Hasta 1,60m, Amarillo

<p>Trípode para dos Focos Amarillo<br />
Permite disponer de una fuente de luz en cualquier situación.<br />
Es posible ajustar la posición de los proyectores en cualquier altura.<br />
Ideal para trabajos en el exterior<br />
Muy buena estabilidad<br />
Altura máxima: 1,60 metros<br />
Color: Amarillo</p>
<p>&nbsp;</p>
<p><a mp-mode="dftl" href="https://www.mercadopago.com/mlc/checkout/pay?pref_id=241780181-ef6813c2-c698-45a1-988e-b78c9a13360b" name="MP-payButton" class='blue-ar-l-sq-none'>Comprar</a><br />
<script type="text/javascript">
(function(){function $MPC_load(){window.$MPC_loaded !== true && (function(){var s = document.createElement("script");s.type = "text/javascript";s.async = true;s.src = document.location.protocol+"//secure.mlstatic.com/mptools/render.js";var x = document.getElementsByTagName('script')[0];x.parentNode.insertBefore(s, x);window.$MPC_loaded = true;})();}window.$MPC_loaded !== true ? (window.attachEvent ?window.attachEvent('onload', $MPC_load) : window.addEventListener('load', $MPC_load, false)) : null;})();
</script></p>

<p>Trípode para dos Focos Amarillo Permite disponer de una fuente de luz en cualquier situación. Es posible ajustar la posición de los proyectores en cualquier altura. Ideal para trabajos en el exterior Muy buena estabilidad Altura máxima: 1,60 metros Color: Amarillo &nbsp; Comprar</p>
