{"id":37027,"date":"2022-10-15T13:06:12","date_gmt":"2022-10-15T15:06:12","guid":{"rendered":"https:\/\/www.tiendaled.cl\/?post_type=product&#038;p=37027"},"modified":"2026-03-03T23:56:03","modified_gmt":"2026-03-04T01:56:03","slug":"farol-aplique-de-pared-geometrico-rustico","status":"publish","type":"product","link":"https:\/\/www.tiendaled.cl\/?product=farol-aplique-de-pared-geometrico-rustico","title":{"rendered":"Farol Aplique De Pared Geometrico Rustico"},"content":{"rendered":"<p>Aplique de pared farol forma geomterica<br \/>\nDise\u00f1o Rustico para exterior fabricado en fierro y vidrio<br \/>\nSoquete Tradicional E27<\/p>\n<p>NO INCLUYE AMPOLLETA<\/p>\n<p>Aplique de pared farol de estilo Rustico.<br \/>\nLuminaria especialmente dise\u00f1ada para la iluminaci\u00f3n de exteriores.<br \/>\nAcabado en Laton negro mattey vidrio<br \/>\nPosee un grado de protecci\u00f3n IP25 contra el agua y las part\u00edculas.<br \/>\nSu soquete est\u00e1ndar E27 le permitir\u00e1 utilizar cualquier ampolleta de bajo consumo o LED que se ajuste a sus necesidades.<\/p>\n<p>Ancho: 20cm<br \/>\nAlto: 30cm.<\/p>\n","protected":false},"excerpt":{"rendered":"<p>Aplique de pared farol forma geomterica Dise\u00f1o Rustico para exterior fabricado en fierro y vidrio Soquete Tradicional E27 NO INCLUYE AMPOLLETA Aplique de pared farol de estilo Rustico. Luminaria especialmente dise\u00f1ada para la iluminaci\u00f3n de exteriores. Acabado en Laton negro mattey vidrio Posee un grado de protecci\u00f3n IP25 contra el agua y las part\u00edculas. Su [&#8230;]\n","protected":false},"featured_media":37034,"comment_status":"open","ping_status":"closed","template":"","meta":{"_joinchat":[]},"product_brand":[],"product_cat":[103,106,104,107,108],"product_tag":[131,132,145,221,182],"class_list":{"0":"post-37027","1":"product","2":"type-product","3":"status-publish","4":"has-post-thumbnail","6":"product_cat-lamparas-y-apliques","7":"product_cat-apliques","8":"product_cat-apliques-vintage","9":"product_cat-faroles","10":"product_cat-lamparas-de-muro","11":"product_tag-aplique","12":"product_tag-aplique-muro","13":"product_tag-aplique-retro","14":"product_tag-aplique-rustico","15":"product_tag-lampara-muro","17":"first","18":"instock","19":"shipping-taxable","20":"purchasable","21":"product-type-simple"},"_links":{"self":[{"href":"https:\/\/www.tiendaled.cl\/index.php?rest_route=\/wp\/v2\/product\/37027","targetHints":{"allow":["GET"]}}],"collection":[{"href":"https:\/\/www.tiendaled.cl\/index.php?rest_route=\/wp\/v2\/product"}],"about":[{"href":"https:\/\/www.tiendaled.cl\/index.php?rest_route=\/wp\/v2\/types\/product"}],"replies":[{"embeddable":true,"href":"https:\/\/www.tiendaled.cl\/index.php?rest_route=%2Fwp%2Fv2%2Fcomments&post=37027"}],"wp:featuredmedia":[{"embeddable":true,"href":"https:\/\/www.tiendaled.cl\/index.php?rest_route=\/wp\/v2\/media\/37034"}],"wp:attachment":[{"href":"https:\/\/www.tiendaled.cl\/index.php?rest_route=%2Fwp%2Fv2%2Fmedia&parent=37027"}],"wp:term":[{"taxonomy":"product_brand","embeddable":true,"href":"https:\/\/www.tiendaled.cl\/index.php?rest_route=%2Fwp%2Fv2%2Fproduct_brand&post=37027"},{"taxonomy":"product_cat","embeddable":true,"href":"https:\/\/www.tiendaled.cl\/index.php?rest_route=%2Fwp%2Fv2%2Fproduct_cat&post=37027"},{"taxonomy":"product_tag","embeddable":true,"href":"https:\/\/www.tiendaled.cl\/index.php?rest_route=%2Fwp%2Fv2%2Fproduct_tag&post=37027"}],"curies":[{"name":"wp","href":"https:\/\/api.w.org\/{rel}","templated":true}]}}

<p>Aplique de pared farol forma geomterica<br />
Diseño Rustico para exterior fabricado en fierro y vidrio<br />
Soquete Tradicional E27</p>
<p>NO INCLUYE AMPOLLETA</p>
<p>Aplique de pared farol de estilo Rustico.<br />
Luminaria especialmente diseñada para la iluminación de exteriores.<br />
Acabado en Laton negro mattey vidrio<br />
Posee un grado de protección IP25 contra el agua y las partículas.<br />
Su soquete estándar E27 le permitirá utilizar cualquier ampolleta de bajo consumo o LED que se ajuste a sus necesidades.</p>
<p>Ancho: 20cm<br />
Alto: 30cm.</p>

<p>Aplique de pared farol forma geomterica Diseño Rustico para exterior fabricado en fierro y vidrio Soquete Tradicional E27 NO INCLUYE AMPOLLETA Aplique de pared farol de estilo Rustico. Luminaria especialmente diseñada para la iluminación de exteriores. Acabado en Laton negro mattey vidrio Posee un grado de protección IP25 contra el agua y las partículas. Su [&#8230;]
