{"id":36979,"date":"2022-10-10T23:00:58","date_gmt":"2022-10-11T01:00:58","guid":{"rendered":"https:\/\/www.tiendaled.cl\/?post_type=product&#038;p=36979"},"modified":"2024-02-20T20:07:46","modified_gmt":"2024-02-20T22:07:46","slug":"aplique-foco-direccional-pared-y-techo-soquete-e27","status":"publish","type":"product","link":"https:\/\/www.tiendaled.cl\/?product=aplique-foco-direccional-pared-y-techo-soquete-e27","title":{"rendered":"Aplique Foco Direccional Pared Y Techo, Soquete E27 Blanco"},"content":{"rendered":"<p>Aplique-Foco Direccional para muro o techo Soquete Tradicional E27<\/p>\n<p>En color Blanco o Negro, medidas 60x145x130mm.<br \/>\nPuede se instalada en pared o techo, incluye tapa de 80mm de diametro para fijar<br \/>\nLos Focos-portal\u00e1mparas son orientables para adaptarse f\u00e1cilmente al dise\u00f1o interior que se desee, ofrece soluciones uso residencial y comercial.<br \/>\nPuede ser instalado directamente a las tomas de corriente suministradas por la red el\u00e9ctrica (220-240VAC) con una frecuencia de servicio de 50\/60Hz.<\/p>\n<p>Este aplique est\u00e1 dise\u00f1ado para emplear 1 ampolleta de LED o Hal\u00f3gena (Max 60W) tipos R63 o menor a 60mm de diametro con soquete E27.<\/p>\n<p>NO INCLUYE LA AMPOLLETA<\/p>\n<p>Este tipo de apliques puede adoptar varios roles dentro la iluminaci\u00f3n del espacio dependiendo del tipo de ampolleta que le pongamos.<br \/>\nSi optamos por una iluminaci\u00f3n tenue ser\u00e1 el elemento ideal para crear una atmosfera c\u00e1lida y acogedora.<br \/>\nSi optamos por una ampolleta fr\u00eda, un poco m\u00e1s potente, puede convertirse en una luz auxiliar perfecta para iluminar cualquier zona.<br \/>\nDise\u00f1ado para un uso en zonas interiores, el aplique orientable puede verse en multitud de espacios, ya sea comerciales o dom\u00e9sticos, siendo los m\u00e1s habituales: tiendas, vitrinas, complejos comerciales, supermercados, salas de exposiciones, salones, dormitorios, cocinas, pasillos, ba\u00f1os, etc.<\/p>\n<p>Acabado en color Blanco o Negro, construido con metal. Tiene un grado de protecci\u00f3n IP20 (v\u00e1lido para polvo y humedad en interiores), adem\u00e1s de ser suficientemente robusto para las exigencias mec\u00e1nicas requeridas.<\/p>\n","protected":false},"excerpt":{"rendered":"<p>Aplique-Foco Direccional para muro o techo Soquete Tradicional E27 En color Blanco o Negro, medidas 60x145x130mm. Puede se instalada en pared o techo, incluye tapa de 80mm de diametro para fijar Los Focos-portal\u00e1mparas son orientables para adaptarse f\u00e1cilmente al dise\u00f1o interior que se desee, ofrece soluciones uso residencial y comercial. Puede ser instalado directamente a [&#8230;]\n","protected":false},"featured_media":36983,"comment_status":"open","ping_status":"closed","template":"","meta":{"_joinchat":[]},"product_brand":[],"product_cat":[192,92,103,106,108],"product_tag":[131,133,132,253,182],"class_list":{"0":"post-36979","1":"product","2":"type-product","3":"status-publish","4":"has-post-thumbnail","6":"product_cat-lamparas-techo","7":"product_cat-productos-led","8":"product_cat-lamparas-y-apliques","9":"product_cat-apliques","10":"product_cat-lamparas-de-muro","11":"product_tag-aplique","12":"product_tag-aplique-moderno","13":"product_tag-aplique-muro","14":"product_tag-aplique-techo","15":"product_tag-lampara-muro","17":"first","18":"instock","19":"shipping-taxable","20":"purchasable","21":"product-type-simple"},"_links":{"self":[{"href":"https:\/\/www.tiendaled.cl\/index.php?rest_route=\/wp\/v2\/product\/36979","targetHints":{"allow":["GET"]}}],"collection":[{"href":"https:\/\/www.tiendaled.cl\/index.php?rest_route=\/wp\/v2\/product"}],"about":[{"href":"https:\/\/www.tiendaled.cl\/index.php?rest_route=\/wp\/v2\/types\/product"}],"replies":[{"embeddable":true,"href":"https:\/\/www.tiendaled.cl\/index.php?rest_route=%2Fwp%2Fv2%2Fcomments&post=36979"}],"wp:featuredmedia":[{"embeddable":true,"href":"https:\/\/www.tiendaled.cl\/index.php?rest_route=\/wp\/v2\/media\/36983"}],"wp:attachment":[{"href":"https:\/\/www.tiendaled.cl\/index.php?rest_route=%2Fwp%2Fv2%2Fmedia&parent=36979"}],"wp:term":[{"taxonomy":"product_brand","embeddable":true,"href":"https:\/\/www.tiendaled.cl\/index.php?rest_route=%2Fwp%2Fv2%2Fproduct_brand&post=36979"},{"taxonomy":"product_cat","embeddable":true,"href":"https:\/\/www.tiendaled.cl\/index.php?rest_route=%2Fwp%2Fv2%2Fproduct_cat&post=36979"},{"taxonomy":"product_tag","embeddable":true,"href":"https:\/\/www.tiendaled.cl\/index.php?rest_route=%2Fwp%2Fv2%2Fproduct_tag&post=36979"}],"curies":[{"name":"wp","href":"https:\/\/api.w.org\/{rel}","templated":true}]}}

<p>Aplique-Foco Direccional para muro o techo Soquete Tradicional E27</p>
<p>En color Blanco o Negro, medidas 60x145x130mm.<br />
Puede se instalada en pared o techo, incluye tapa de 80mm de diametro para fijar<br />
Los Focos-portalámparas son orientables para adaptarse fácilmente al diseño interior que se desee, ofrece soluciones uso residencial y comercial.<br />
Puede ser instalado directamente a las tomas de corriente suministradas por la red eléctrica (220-240VAC) con una frecuencia de servicio de 50/60Hz.</p>
<p>Este aplique está diseñado para emplear 1 ampolleta de LED o Halógena (Max 60W) tipos R63 o menor a 60mm de diametro con soquete E27.</p>
<p>NO INCLUYE LA AMPOLLETA</p>
<p>Este tipo de apliques puede adoptar varios roles dentro la iluminación del espacio dependiendo del tipo de ampolleta que le pongamos.<br />
Si optamos por una iluminación tenue será el elemento ideal para crear una atmosfera cálida y acogedora.<br />
Si optamos por una ampolleta fría, un poco más potente, puede convertirse en una luz auxiliar perfecta para iluminar cualquier zona.<br />
Diseñado para un uso en zonas interiores, el aplique orientable puede verse en multitud de espacios, ya sea comerciales o domésticos, siendo los más habituales: tiendas, vitrinas, complejos comerciales, supermercados, salas de exposiciones, salones, dormitorios, cocinas, pasillos, baños, etc.</p>
<p>Acabado en color Blanco o Negro, construido con metal. Tiene un grado de protección IP20 (válido para polvo y humedad en interiores), además de ser suficientemente robusto para las exigencias mecánicas requeridas.</p>

<p>Aplique-Foco Direccional para muro o techo Soquete Tradicional E27 En color Blanco o Negro, medidas 60x145x130mm. Puede se instalada en pared o techo, incluye tapa de 80mm de diametro para fijar Los Focos-portalámparas son orientables para adaptarse fácilmente al diseño interior que se desee, ofrece soluciones uso residencial y comercial. Puede ser instalado directamente a [&#8230;]
