{"id":36879,"date":"2022-09-30T01:11:01","date_gmt":"2022-09-30T03:11:01","guid":{"rendered":"https:\/\/www.tiendaled.cl\/?post_type=product&#038;p=36879"},"modified":"2024-07-04T01:38:24","modified_gmt":"2024-07-04T03:38:24","slug":"lampara-colgante-jaula-modelo-gelio-negra-con-dorado","status":"publish","type":"product","link":"https:\/\/www.tiendaled.cl\/?product=lampara-colgante-jaula-modelo-gelio-negra-con-dorado","title":{"rendered":"Lampara Colgante Jaula Modelo Gelio Negra Con Dorado"},"content":{"rendered":"<p>LAMPARA COLGANTE GELIO<br \/>\nJAULA METAL NEGRO Y COBRE<\/p>\n<p>Fabricada en hierro, con acabado negro y dorado en su jaula<br \/>\nIdeal para decorar esos espacios que necesitan un toque de dise\u00f1o unico<br \/>\nSoquete tradicional E27<\/p>\n<p>NO INCLUYE AMPOLLETA<\/p>\n<p>Modelo: G\u00e9lio<br \/>\nMaterial: Metal<br \/>\nGrado de Protecci\u00f3n: IP20<br \/>\nTensi\u00f3n: 220v<br \/>\nFrecuencia: 50Hz<br \/>\nPotencia M\u00e1xima: 1x60w<br \/>\nRosca: E27<br \/>\nColor: Negro semi mate \/ cobre<br \/>\nAlto: 320 mm<br \/>\nAncho: 290 mm<\/p>\n","protected":false},"excerpt":{"rendered":"<p>LAMPARA COLGANTE GELIO JAULA METAL NEGRO Y COBRE Fabricada en hierro, con acabado negro y dorado en su jaula Ideal para decorar esos espacios que necesitan un toque de dise\u00f1o unico Soquete tradicional E27 NO INCLUYE AMPOLLETA Modelo: G\u00e9lio Material: Metal Grado de Protecci\u00f3n: IP20 Tensi\u00f3n: 220v Frecuencia: 50Hz Potencia M\u00e1xima: 1x60w Rosca: E27 Color: [&#8230;]\n","protected":false},"featured_media":36880,"comment_status":"open","ping_status":"closed","template":"","meta":{"_joinchat":[]},"product_brand":[],"product_cat":[192,425,103,111],"product_tag":[120,175,122,148],"class_list":{"0":"post-36879","1":"product","2":"type-product","3":"status-publish","4":"has-post-thumbnail","6":"product_cat-lamparas-techo","7":"product_cat-ofertas","8":"product_cat-lamparas-y-apliques","9":"product_cat-lamparas-colgantes","10":"product_tag-lampara","11":"product_tag-lampara-cobre","12":"product_tag-lampara-colgante","13":"product_tag-lampara-techo","15":"first","16":"instock","17":"sale","18":"shipping-taxable","19":"purchasable","20":"product-type-simple"},"_links":{"self":[{"href":"https:\/\/www.tiendaled.cl\/index.php?rest_route=\/wp\/v2\/product\/36879","targetHints":{"allow":["GET"]}}],"collection":[{"href":"https:\/\/www.tiendaled.cl\/index.php?rest_route=\/wp\/v2\/product"}],"about":[{"href":"https:\/\/www.tiendaled.cl\/index.php?rest_route=\/wp\/v2\/types\/product"}],"replies":[{"embeddable":true,"href":"https:\/\/www.tiendaled.cl\/index.php?rest_route=%2Fwp%2Fv2%2Fcomments&post=36879"}],"wp:featuredmedia":[{"embeddable":true,"href":"https:\/\/www.tiendaled.cl\/index.php?rest_route=\/wp\/v2\/media\/36880"}],"wp:attachment":[{"href":"https:\/\/www.tiendaled.cl\/index.php?rest_route=%2Fwp%2Fv2%2Fmedia&parent=36879"}],"wp:term":[{"taxonomy":"product_brand","embeddable":true,"href":"https:\/\/www.tiendaled.cl\/index.php?rest_route=%2Fwp%2Fv2%2Fproduct_brand&post=36879"},{"taxonomy":"product_cat","embeddable":true,"href":"https:\/\/www.tiendaled.cl\/index.php?rest_route=%2Fwp%2Fv2%2Fproduct_cat&post=36879"},{"taxonomy":"product_tag","embeddable":true,"href":"https:\/\/www.tiendaled.cl\/index.php?rest_route=%2Fwp%2Fv2%2Fproduct_tag&post=36879"}],"curies":[{"name":"wp","href":"https:\/\/api.w.org\/{rel}","templated":true}]}}