{"id":36782,"date":"2022-09-23T02:51:02","date_gmt":"2022-09-23T04:51:02","guid":{"rendered":"https:\/\/www.tiendaled.cl\/?post_type=product&#038;p=36782"},"modified":"2024-11-20T12:09:05","modified_gmt":"2024-11-20T14:09:05","slug":"aplique-de-pared-retro-vintage-diseno-caneria-y-llave","status":"publish","type":"product","link":"https:\/\/www.tiendaled.cl\/?product=aplique-de-pared-retro-vintage-diseno-caneria-y-llave","title":{"rendered":"Aplique De Pared Retro Vintage Dise\u00f1o Ca\u00f1eria Y Llave"},"content":{"rendered":"<p>Aplique de Pared L\u00e1mpara Interior Retro Vintage Industrial<br \/>\nOriginal Dise\u00f1o de Grifer\u00eda en Hierro Negro con Brida<br \/>\nSoquete Tradicional E27 220V<\/p>\n<p>(AMPOLLETA NO INCLUIDA)<\/p>\n<p>El aplique negro en forma de Griferia con dise\u00f1o industrial vintage le dar\u00e1 un toque especial a esos espacios en dona la ilmunacion es parte del dise\u00f1o.<br \/>\nAplicaci\u00f3n: esta exquisita l\u00e1mpara nueva es ideal para la sala de estar, la cocina, el comedor, el dormitorio, la cafeter\u00eda, el bar, el club, etc.<br \/>\nTama\u00f1o de habitaci\u00f3n sugerido: 10-15m. Estructura simple, f\u00e1cil de instalar<br \/>\nMaterial de la aplicaci\u00f3n:<br \/>\nHierro. En forma de griferia de agua de pared creativa con brida y v\u00e1lvula roja.<br \/>\nDimensiones: 12 x 18,5 8,5 cm<br \/>\nVersi\u00f3n E27<br \/>\nVoltaje: 110-240V<br \/>\nPotencia m\u00e1xima recomendada de la bombilla: 40W-60W<\/p>\n","protected":false},"excerpt":{"rendered":"<p>Aplique de Pared L\u00e1mpara Interior Retro Vintage Industrial Original Dise\u00f1o de Grifer\u00eda en Hierro Negro con Brida Soquete Tradicional E27 220V (AMPOLLETA NO INCLUIDA) El aplique negro en forma de Griferia con dise\u00f1o industrial vintage le dar\u00e1 un toque especial a esos espacios en dona la ilmunacion es parte del dise\u00f1o. Aplicaci\u00f3n: esta exquisita l\u00e1mpara [&#8230;]\n","protected":false},"featured_media":36783,"comment_status":"open","ping_status":"closed","template":"","meta":{"_joinchat":[]},"product_brand":[],"product_cat":[103,106,104,108],"product_tag":[131,145,221,144],"class_list":{"0":"post-36782","1":"product","2":"type-product","3":"status-publish","4":"has-post-thumbnail","6":"product_cat-lamparas-y-apliques","7":"product_cat-apliques","8":"product_cat-apliques-vintage","9":"product_cat-lamparas-de-muro","10":"product_tag-aplique","11":"product_tag-aplique-retro","12":"product_tag-aplique-rustico","13":"product_tag-aplique-vintage","15":"first","16":"instock","17":"shipping-taxable","18":"purchasable","19":"product-type-simple"},"_links":{"self":[{"href":"https:\/\/www.tiendaled.cl\/index.php?rest_route=\/wp\/v2\/product\/36782","targetHints":{"allow":["GET"]}}],"collection":[{"href":"https:\/\/www.tiendaled.cl\/index.php?rest_route=\/wp\/v2\/product"}],"about":[{"href":"https:\/\/www.tiendaled.cl\/index.php?rest_route=\/wp\/v2\/types\/product"}],"replies":[{"embeddable":true,"href":"https:\/\/www.tiendaled.cl\/index.php?rest_route=%2Fwp%2Fv2%2Fcomments&post=36782"}],"wp:featuredmedia":[{"embeddable":true,"href":"https:\/\/www.tiendaled.cl\/index.php?rest_route=\/wp\/v2\/media\/36783"}],"wp:attachment":[{"href":"https:\/\/www.tiendaled.cl\/index.php?rest_route=%2Fwp%2Fv2%2Fmedia&parent=36782"}],"wp:term":[{"taxonomy":"product_brand","embeddable":true,"href":"https:\/\/www.tiendaled.cl\/index.php?rest_route=%2Fwp%2Fv2%2Fproduct_brand&post=36782"},{"taxonomy":"product_cat","embeddable":true,"href":"https:\/\/www.tiendaled.cl\/index.php?rest_route=%2Fwp%2Fv2%2Fproduct_cat&post=36782"},{"taxonomy":"product_tag","embeddable":true,"href":"https:\/\/www.tiendaled.cl\/index.php?rest_route=%2Fwp%2Fv2%2Fproduct_tag&post=36782"}],"curies":[{"name":"wp","href":"https:\/\/api.w.org\/{rel}","templated":true}]}}