{"id":3643,"date":"2019-04-22T23:45:28","date_gmt":"2019-04-23T01:45:28","guid":{"rendered":"http:\/\/www.tiendaled.cl\/?post_type=product&#038;p=3643"},"modified":"2024-07-04T01:52:51","modified_gmt":"2024-07-04T03:52:51","slug":"lampara-colgante-neumatico-6-cuerdas","status":"publish","type":"product","link":"https:\/\/www.tiendaled.cl\/?product=lampara-colgante-neumatico-6-cuerdas","title":{"rendered":"Lampara Colgante Neumatico 6 Cuerdas"},"content":{"rendered":"<p>Maravillosa lampara reciclada, neumatico y cuerdas para 6 ampolletas<br \/>\nSoquete tradicional E27, ideal para ampolleta led vintage de filamento<\/p>\n<p>NO INCLUYE AMPOLLETAS<\/p>\n<p>Estructura sencilla, estilo industrial antiguo, decoraci\u00f3n fant\u00e1stica para su hogar u oficina.<br \/>\nFacil de instalar.<br \/>\nIluminaci\u00f3n de estilo industrial retro, para que su familia le brinde una sensaci\u00f3n de lujo retro.<br \/>\nDise\u00f1ada para dar un toque de ilumiacion unico y original<\/p>\n<p>Tama\u00f1o: 60 * 130 cm<br \/>\n\u00c1rea de iluminaci\u00f3n (\u00bf): 5\u00bf ~ 10\u00bf<\/p>\n","protected":false},"excerpt":{"rendered":"<p>Maravillosa lampara reciclada, neumatico y cuerdas para 6 ampolletas Soquete tradicional E27, ideal para ampolleta led vintage de filamento NO INCLUYE AMPOLLETAS Estructura sencilla, estilo industrial antiguo, decoraci\u00f3n fant\u00e1stica para su hogar u oficina. Facil de instalar. Iluminaci\u00f3n de estilo industrial retro, para que su familia le brinde una sensaci\u00f3n de lujo retro. Dise\u00f1ada para [&#8230;]\n","protected":false},"featured_media":3644,"comment_status":"open","ping_status":"closed","template":"","meta":{"_joinchat":[]},"product_brand":[],"product_cat":[425,103,111,105],"product_tag":[122,147,124],"class_list":{"0":"post-3643","1":"product","2":"type-product","3":"status-publish","4":"has-post-thumbnail","6":"product_cat-ofertas","7":"product_cat-lamparas-y-apliques","8":"product_cat-lamparas-colgantes","9":"product_cat-lamparas-vintage","10":"product_tag-lampara-colgante","11":"product_tag-lampara-rustica","12":"product_tag-lampara-vintage","14":"first","15":"instock","16":"sale","17":"shipping-taxable","18":"purchasable","19":"product-type-simple"},"_links":{"self":[{"href":"https:\/\/www.tiendaled.cl\/index.php?rest_route=\/wp\/v2\/product\/3643","targetHints":{"allow":["GET"]}}],"collection":[{"href":"https:\/\/www.tiendaled.cl\/index.php?rest_route=\/wp\/v2\/product"}],"about":[{"href":"https:\/\/www.tiendaled.cl\/index.php?rest_route=\/wp\/v2\/types\/product"}],"replies":[{"embeddable":true,"href":"https:\/\/www.tiendaled.cl\/index.php?rest_route=%2Fwp%2Fv2%2Fcomments&post=3643"}],"wp:featuredmedia":[{"embeddable":true,"href":"https:\/\/www.tiendaled.cl\/index.php?rest_route=\/wp\/v2\/media\/3644"}],"wp:attachment":[{"href":"https:\/\/www.tiendaled.cl\/index.php?rest_route=%2Fwp%2Fv2%2Fmedia&parent=3643"}],"wp:term":[{"taxonomy":"product_brand","embeddable":true,"href":"https:\/\/www.tiendaled.cl\/index.php?rest_route=%2Fwp%2Fv2%2Fproduct_brand&post=3643"},{"taxonomy":"product_cat","embeddable":true,"href":"https:\/\/www.tiendaled.cl\/index.php?rest_route=%2Fwp%2Fv2%2Fproduct_cat&post=3643"},{"taxonomy":"product_tag","embeddable":true,"href":"https:\/\/www.tiendaled.cl\/index.php?rest_route=%2Fwp%2Fv2%2Fproduct_tag&post=3643"}],"curies":[{"name":"wp","href":"https:\/\/api.w.org\/{rel}","templated":true}]}}