{"id":36152,"date":"2022-07-28T12:30:53","date_gmt":"2022-07-28T14:30:53","guid":{"rendered":"https:\/\/www.tiendaled.cl\/?post_type=product&#038;p=36152"},"modified":"2025-10-15T14:57:04","modified_gmt":"2025-10-15T16:57:04","slug":"aplique-pared-ajustable-doble-foco-de-vidrio-soquete-e27","status":"publish","type":"product","link":"https:\/\/www.tiendaled.cl\/?product=aplique-pared-ajustable-doble-foco-de-vidrio-soquete-e27","title":{"rendered":"Aplique Pared Ajustable Doble Foco De Vidrio, Soquete E27"},"content":{"rendered":"<p>Aplique de pared ajustable con Doble foco de vidrio<br \/>\nFoco de techo moderno con soporte y base dorado<br \/>\nIdeal para sala de estar, ba\u00f1o, dormitorio, etc.<br \/>\nPuede ser instalado en muro o techo<\/p>\n<p>L\u00e1mpara de pared hecha de n\u00edquel con punto de vidrio m\u00f3vil.<br \/>\nEste foco encaja perfectamente en su estudio o sala de estar<br \/>\nCon la ayuda del Spot m\u00f3vil, esta l\u00e1mpara de pared se puede colocar o alinear perfectamente para iluminar perfectamente la ubicaci\u00f3n elegida<\/p>\n<p>Material: n\u00edquel, mate<br \/>\nPantalla: vidrio opal foco m\u00f3vil<br \/>\nLargo de la barra 30cm<br \/>\nFoco Ancho x alto en cm: 9cmx15cm<br \/>\nSoquete Tradicional E27<br \/>\nNO INCLUYE AMPOLLETAs<\/p>\n<p>Forma: Bola Clase de protecci\u00f3n: IP20<br \/>\nVoltaje: 220v<br \/>\nColor: Dorado<br \/>\nProceso: pintado<\/p>\n<p>Direcci\u00f3n de luz ajustable. : 360 rotaci\u00f3n<br \/>\nSe puede instalar en el techo o en la pared.<br \/>\nPerfecto para techos inclinados o para iluminaci\u00f3n direccional de acento, ya que el Foco rotar para iluminaci\u00f3n donde m\u00e1s se desee<br \/>\nIdeal para usar en entradas, salas de estar, dormitorios, cocinas, escaparate, escaparate, hoteles y otras luces decorativas de interior.<\/p>\n","protected":false},"excerpt":{"rendered":"<p>Aplique de pared ajustable con Doble foco de vidrio Foco de techo moderno con soporte y base dorado Ideal para sala de estar, ba\u00f1o, dormitorio, etc. Puede ser instalado en muro o techo L\u00e1mpara de pared hecha de n\u00edquel con punto de vidrio m\u00f3vil. Este foco encaja perfectamente en su estudio o sala de estar [&#8230;]\n","protected":false},"featured_media":36156,"comment_status":"open","ping_status":"closed","template":"","meta":{"_joinchat":[]},"product_brand":[],"product_cat":[192,103,106,104,108],"product_tag":[131,250,133,132,249],"class_list":{"0":"post-36152","1":"product","2":"type-product","3":"status-publish","4":"has-post-thumbnail","6":"product_cat-lamparas-techo","7":"product_cat-lamparas-y-apliques","8":"product_cat-apliques","9":"product_cat-apliques-vintage","10":"product_cat-lamparas-de-muro","11":"product_tag-aplique","12":"product_tag-aplique-doble","13":"product_tag-aplique-moderno","14":"product_tag-aplique-muro","15":"product_tag-aplique-vidrio","17":"first","18":"instock","19":"shipping-taxable","20":"purchasable","21":"product-type-simple"},"_links":{"self":[{"href":"https:\/\/www.tiendaled.cl\/index.php?rest_route=\/wp\/v2\/product\/36152","targetHints":{"allow":["GET"]}}],"collection":[{"href":"https:\/\/www.tiendaled.cl\/index.php?rest_route=\/wp\/v2\/product"}],"about":[{"href":"https:\/\/www.tiendaled.cl\/index.php?rest_route=\/wp\/v2\/types\/product"}],"replies":[{"embeddable":true,"href":"https:\/\/www.tiendaled.cl\/index.php?rest_route=%2Fwp%2Fv2%2Fcomments&post=36152"}],"wp:featuredmedia":[{"embeddable":true,"href":"https:\/\/www.tiendaled.cl\/index.php?rest_route=\/wp\/v2\/media\/36156"}],"wp:attachment":[{"href":"https:\/\/www.tiendaled.cl\/index.php?rest_route=%2Fwp%2Fv2%2Fmedia&parent=36152"}],"wp:term":[{"taxonomy":"product_brand","embeddable":true,"href":"https:\/\/www.tiendaled.cl\/index.php?rest_route=%2Fwp%2Fv2%2Fproduct_brand&post=36152"},{"taxonomy":"product_cat","embeddable":true,"href":"https:\/\/www.tiendaled.cl\/index.php?rest_route=%2Fwp%2Fv2%2Fproduct_cat&post=36152"},{"taxonomy":"product_tag","embeddable":true,"href":"https:\/\/www.tiendaled.cl\/index.php?rest_route=%2Fwp%2Fv2%2Fproduct_tag&post=36152"}],"curies":[{"name":"wp","href":"https:\/\/api.w.org\/{rel}","templated":true}]}}

<p>Aplique de pared ajustable con Doble foco de vidrio<br />
Foco de techo moderno con soporte y base dorado<br />
Ideal para sala de estar, baño, dormitorio, etc.<br />
Puede ser instalado en muro o techo</p>
<p>Lámpara de pared hecha de níquel con punto de vidrio móvil.<br />
Este foco encaja perfectamente en su estudio o sala de estar<br />
Con la ayuda del Spot móvil, esta lámpara de pared se puede colocar o alinear perfectamente para iluminar perfectamente la ubicación elegida</p>
<p>Material: níquel, mate<br />
Pantalla: vidrio opal foco móvil<br />
Largo de la barra 30cm<br />
Foco Ancho x alto en cm: 9cmx15cm<br />
Soquete Tradicional E27<br />
NO INCLUYE AMPOLLETAs</p>
<p>Forma: Bola Clase de protección: IP20<br />
Voltaje: 220v<br />
Color: Dorado<br />
Proceso: pintado</p>
<p>Dirección de luz ajustable. : 360 rotación<br />
Se puede instalar en el techo o en la pared.<br />
Perfecto para techos inclinados o para iluminación direccional de acento, ya que el Foco rotar para iluminación donde más se desee<br />
Ideal para usar en entradas, salas de estar, dormitorios, cocinas, escaparate, escaparate, hoteles y otras luces decorativas de interior.</p>

<p>Aplique de pared ajustable con Doble foco de vidrio Foco de techo moderno con soporte y base dorado Ideal para sala de estar, baño, dormitorio, etc. Puede ser instalado en muro o techo Lámpara de pared hecha de níquel con punto de vidrio móvil. Este foco encaja perfectamente en su estudio o sala de estar [&#8230;]
