{"id":34731,"date":"2022-04-10T13:47:01","date_gmt":"2022-04-10T15:47:01","guid":{"rendered":"https:\/\/www.tiendaled.cl\/?post_type=product&#038;p=34731"},"modified":"2025-12-20T01:35:17","modified_gmt":"2025-12-20T03:35:17","slug":"aplique-doble-foco-exterior-gu10-hermetico","status":"publish","type":"product","link":"https:\/\/www.tiendaled.cl\/?product=aplique-doble-foco-exterior-gu10-hermetico","title":{"rendered":"Aplique Doble Foco Exterior Gu10 Hermetico"},"content":{"rendered":"<h2 class=\"ui-pdp-description__title\">Descripci\u00f3n<\/h2>\n<p class=\"ui-pdp-description__content\">Aplique Doble Foco Exterior Hermetico Negro y Blanco<br \/>\nFabricado en aluminio y cristal dise\u00f1ada para la iluminaci\u00f3n de espacios exteriores y tambien interiores<\/p>\n<p>Utiliza 2 ampolletas GU10<\/p>\n<p>NO INCLUYE AMPOLLETAS<\/p>\n<p>Sus medidas son de 150x80x68 mil\u00edmetros, por lo que es perfecto para su instalaci\u00f3n en jardines, balcones, terrazas y para la iluminaci\u00f3n en el per\u00edmetro de una fachada.<br \/>\nSe trata de una luminaria muy sencilla de instalar.<\/p>\n","protected":false},"excerpt":{"rendered":"<p>Descripci\u00f3n Aplique Doble Foco Exterior Hermetico Negro y Blanco Fabricado en aluminio y cristal dise\u00f1ada para la iluminaci\u00f3n de espacios exteriores y tambien interiores Utiliza 2 ampolletas GU10 NO INCLUYE AMPOLLETAS Sus medidas son de 150x80x68 mil\u00edmetros, por lo que es perfecto para su instalaci\u00f3n en jardines, balcones, terrazas y para la iluminaci\u00f3n en el [&#8230;]\n","protected":false},"featured_media":34734,"comment_status":"open","ping_status":"closed","template":"","meta":{"_joinchat":[]},"product_brand":[],"product_cat":[92,100,103,106,104,108],"product_tag":[131,237],"class_list":{"0":"post-34731","1":"product","2":"type-product","3":"status-publish","4":"has-post-thumbnail","6":"product_cat-productos-led","7":"product_cat-apliques-led","8":"product_cat-lamparas-y-apliques","9":"product_cat-apliques","10":"product_cat-apliques-vintage","11":"product_cat-lamparas-de-muro","12":"product_tag-aplique","13":"product_tag-gu10-aplique-muro","15":"first","16":"instock","17":"shipping-taxable","18":"purchasable","19":"product-type-simple"},"_links":{"self":[{"href":"https:\/\/www.tiendaled.cl\/index.php?rest_route=\/wp\/v2\/product\/34731","targetHints":{"allow":["GET"]}}],"collection":[{"href":"https:\/\/www.tiendaled.cl\/index.php?rest_route=\/wp\/v2\/product"}],"about":[{"href":"https:\/\/www.tiendaled.cl\/index.php?rest_route=\/wp\/v2\/types\/product"}],"replies":[{"embeddable":true,"href":"https:\/\/www.tiendaled.cl\/index.php?rest_route=%2Fwp%2Fv2%2Fcomments&post=34731"}],"wp:featuredmedia":[{"embeddable":true,"href":"https:\/\/www.tiendaled.cl\/index.php?rest_route=\/wp\/v2\/media\/34734"}],"wp:attachment":[{"href":"https:\/\/www.tiendaled.cl\/index.php?rest_route=%2Fwp%2Fv2%2Fmedia&parent=34731"}],"wp:term":[{"taxonomy":"product_brand","embeddable":true,"href":"https:\/\/www.tiendaled.cl\/index.php?rest_route=%2Fwp%2Fv2%2Fproduct_brand&post=34731"},{"taxonomy":"product_cat","embeddable":true,"href":"https:\/\/www.tiendaled.cl\/index.php?rest_route=%2Fwp%2Fv2%2Fproduct_cat&post=34731"},{"taxonomy":"product_tag","embeddable":true,"href":"https:\/\/www.tiendaled.cl\/index.php?rest_route=%2Fwp%2Fv2%2Fproduct_tag&post=34731"}],"curies":[{"name":"wp","href":"https:\/\/api.w.org\/{rel}","templated":true}]}}

<h2 class="ui-pdp-description__title">Descripción</h2>
<p class="ui-pdp-description__content">Aplique Doble Foco Exterior Hermetico Negro y Blanco<br />
Fabricado en aluminio y cristal diseñada para la iluminación de espacios exteriores y tambien interiores</p>
<p>Utiliza 2 ampolletas GU10</p>
<p>NO INCLUYE AMPOLLETAS</p>
<p>Sus medidas son de 150x80x68 milímetros, por lo que es perfecto para su instalación en jardines, balcones, terrazas y para la iluminación en el perímetro de una fachada.<br />
Se trata de una luminaria muy sencilla de instalar.</p>

<p>Descripción Aplique Doble Foco Exterior Hermetico Negro y Blanco Fabricado en aluminio y cristal diseñada para la iluminación de espacios exteriores y tambien interiores Utiliza 2 ampolletas GU10 NO INCLUYE AMPOLLETAS Sus medidas son de 150x80x68 milímetros, por lo que es perfecto para su instalación en jardines, balcones, terrazas y para la iluminación en el [&#8230;]
