{"id":34591,"date":"2022-03-28T23:19:05","date_gmt":"2022-03-29T01:19:05","guid":{"rendered":"https:\/\/www.tiendaled.cl\/?post_type=product&#038;p=34591"},"modified":"2023-05-08T23:35:18","modified_gmt":"2023-05-09T01:35:18","slug":"lampara-arana-de-8-brazos-retractable-negra","status":"publish","type":"product","link":"https:\/\/www.tiendaled.cl\/?product=lampara-arana-de-8-brazos-retractable-negra","title":{"rendered":"Lampara Ara\u00f1a De 8 Brazos Retractable Negra"},"content":{"rendered":"<h2 class=\"ui-pdp-description__title\">Descripci\u00f3n<\/h2>\n<p class=\"ui-pdp-description__content\">L\u00e1mpara de techo con forma de ara\u00f1a de 8 brazos Retractables<br \/>\nEstructura met\u00e1lica color negro<br \/>\nUna l\u00e1mpara original formada por 8 brazos retractables<br \/>\nCompatible con ampolleta de soquete E27.<br \/>\nPerfecta para utilizar con ampolletas vintage de filamento LED ( no incluidas)<br \/>\nLampara ideal para utilizar en vares, quinchos, salones de eventos, etc<\/p>\n<p>DIMENSIONES (MM.) (min.570- max.820) x (min.500- max.1080)<br \/>\nROSCA 12xE27<br \/>\nVOLTIOS (V) 230<br \/>\nMATERIAL Metal<\/p>\n","protected":false},"excerpt":{"rendered":"<p>Descripci\u00f3n L\u00e1mpara de techo con forma de ara\u00f1a de 8 brazos Retractables Estructura met\u00e1lica color negro Una l\u00e1mpara original formada por 8 brazos retractables Compatible con ampolleta de soquete E27. Perfecta para utilizar con ampolletas vintage de filamento LED ( no incluidas) Lampara ideal para utilizar en vares, quinchos, salones de eventos, etc DIMENSIONES (MM.) [&#8230;]\n","protected":false},"featured_media":34596,"comment_status":"open","ping_status":"closed","template":"","meta":{"_joinchat":[]},"product_brand":[],"product_cat":[192,103,111,105],"product_tag":[120,122,177],"class_list":{"0":"post-34591","1":"product","2":"type-product","3":"status-publish","4":"has-post-thumbnail","6":"product_cat-lamparas-techo","7":"product_cat-lamparas-y-apliques","8":"product_cat-lamparas-colgantes","9":"product_cat-lamparas-vintage","10":"product_tag-lampara","11":"product_tag-lampara-colgante","12":"product_tag-lampara-moderna","14":"first","15":"instock","16":"shipping-taxable","17":"purchasable","18":"product-type-simple"},"_links":{"self":[{"href":"https:\/\/www.tiendaled.cl\/index.php?rest_route=\/wp\/v2\/product\/34591","targetHints":{"allow":["GET"]}}],"collection":[{"href":"https:\/\/www.tiendaled.cl\/index.php?rest_route=\/wp\/v2\/product"}],"about":[{"href":"https:\/\/www.tiendaled.cl\/index.php?rest_route=\/wp\/v2\/types\/product"}],"replies":[{"embeddable":true,"href":"https:\/\/www.tiendaled.cl\/index.php?rest_route=%2Fwp%2Fv2%2Fcomments&post=34591"}],"wp:featuredmedia":[{"embeddable":true,"href":"https:\/\/www.tiendaled.cl\/index.php?rest_route=\/wp\/v2\/media\/34596"}],"wp:attachment":[{"href":"https:\/\/www.tiendaled.cl\/index.php?rest_route=%2Fwp%2Fv2%2Fmedia&parent=34591"}],"wp:term":[{"taxonomy":"product_brand","embeddable":true,"href":"https:\/\/www.tiendaled.cl\/index.php?rest_route=%2Fwp%2Fv2%2Fproduct_brand&post=34591"},{"taxonomy":"product_cat","embeddable":true,"href":"https:\/\/www.tiendaled.cl\/index.php?rest_route=%2Fwp%2Fv2%2Fproduct_cat&post=34591"},{"taxonomy":"product_tag","embeddable":true,"href":"https:\/\/www.tiendaled.cl\/index.php?rest_route=%2Fwp%2Fv2%2Fproduct_tag&post=34591"}],"curies":[{"name":"wp","href":"https:\/\/api.w.org\/{rel}","templated":true}]}}

Lampara Araña De 8 Brazos Retractable Negra

<h2 class="ui-pdp-description__title">Descripción</h2>
<p class="ui-pdp-description__content">Lámpara de techo con forma de araña de 8 brazos Retractables<br />
Estructura metálica color negro<br />
Una lámpara original formada por 8 brazos retractables<br />
Compatible con ampolleta de soquete E27.<br />
Perfecta para utilizar con ampolletas vintage de filamento LED ( no incluidas)<br />
Lampara ideal para utilizar en vares, quinchos, salones de eventos, etc</p>
<p>DIMENSIONES (MM.) (min.570- max.820) x (min.500- max.1080)<br />
ROSCA 12xE27<br />
VOLTIOS (V) 230<br />
MATERIAL Metal</p>

<p>Descripción Lámpara de techo con forma de araña de 8 brazos Retractables Estructura metálica color negro Una lámpara original formada por 8 brazos retractables Compatible con ampolleta de soquete E27. Perfecta para utilizar con ampolletas vintage de filamento LED ( no incluidas) Lampara ideal para utilizar en vares, quinchos, salones de eventos, etc DIMENSIONES (MM.) [&#8230;]
