{"id":3420,"date":"2018-12-07T04:29:16","date_gmt":"2018-12-07T06:29:16","guid":{"rendered":"http:\/\/www.tiendaled.cl\/?post_type=product&#038;p=3420"},"modified":"2022-12-21T20:52:30","modified_gmt":"2022-12-21T22:52:30","slug":"ampolleta-vintage-g80-filamento-led-4w","status":"publish","type":"product","link":"https:\/\/www.tiendaled.cl\/?product=ampolleta-vintage-g80-filamento-led-4w","title":{"rendered":"Ampolleta Vintage G80 Filamento Led 4w"},"content":{"rendered":"<p>Ampolleta G80<br \/>\nVintage LED para soquetes convencionales E27.<br \/>\nAlta potencia lum\u00ednica, ahorro de hasta el 90% en su consumo de luz.<br \/>\nNovedoso dise\u00f1o con Filamentos LED que emulan a los decorativas y vintage bulbos Edison<\/p>\n<p>Especificaciones:<br \/>\n&#8211; Voltaje: 200? 240V AC<br \/>\n&#8211; Base: E27 (Rosca tradicional)<br \/>\n&#8211; LEDs: 4 LED de Filamento<br \/>\n&#8211; Consumo: \u00b14W<br \/>\n&#8211; Color: C\u00e1lido (Aprox. 2.700\u00baK)<br \/>\n&#8211; Luminosidad: Aprox. 360 L\u00famenes. (Eq:\u00b140W incandescente)<br \/>\n&#8211; Angulo de Luz: 360\u00b0 efectivos.<br \/>\n&#8211; Duraci\u00f3n aprox: 30.000 horas<\/p>\n<p>Caracter\u00edsticas:<br \/>\n&#8211; Medidas: 120 x 85mm<br \/>\n&#8211; Material: Rosca de aluminio y Globo de vidrio transparente con 4 Filamentos<\/p>\n<p>Son ideales para usar en decoraci\u00f3n, Restaurantes, hoteles, bodegas de vinos, cavas, ambientes r\u00fasticos, solas como l\u00e1mpara , etc<\/p>\n","protected":false},"excerpt":{"rendered":"<p>Ampolleta G80 Vintage LED para soquetes convencionales E27. Alta potencia lum\u00ednica, ahorro de hasta el 90% en su consumo de luz. Novedoso dise\u00f1o con Filamentos LED que emulan a los decorativas y vintage bulbos Edison Especificaciones: &#8211; Voltaje: 200? 240V AC &#8211; Base: E27 (Rosca tradicional) &#8211; LEDs: 4 LED de Filamento &#8211; Consumo: \u00b14W [&#8230;]\n","protected":false},"featured_media":3421,"comment_status":"open","ping_status":"closed","template":"","meta":{"_joinchat":[]},"product_brand":[],"product_cat":[92,93],"product_tag":[135,134],"class_list":{"0":"post-3420","1":"product","2":"type-product","3":"status-publish","4":"has-post-thumbnail","6":"product_cat-productos-led","7":"product_cat-ampolletas-led","8":"product_tag-ampolleta-led","9":"product_tag-ampolleta-vintage","11":"first","12":"instock","13":"shipping-taxable","14":"purchasable","15":"product-type-simple"},"_links":{"self":[{"href":"https:\/\/www.tiendaled.cl\/index.php?rest_route=\/wp\/v2\/product\/3420","targetHints":{"allow":["GET"]}}],"collection":[{"href":"https:\/\/www.tiendaled.cl\/index.php?rest_route=\/wp\/v2\/product"}],"about":[{"href":"https:\/\/www.tiendaled.cl\/index.php?rest_route=\/wp\/v2\/types\/product"}],"replies":[{"embeddable":true,"href":"https:\/\/www.tiendaled.cl\/index.php?rest_route=%2Fwp%2Fv2%2Fcomments&post=3420"}],"wp:featuredmedia":[{"embeddable":true,"href":"https:\/\/www.tiendaled.cl\/index.php?rest_route=\/wp\/v2\/media\/3421"}],"wp:attachment":[{"href":"https:\/\/www.tiendaled.cl\/index.php?rest_route=%2Fwp%2Fv2%2Fmedia&parent=3420"}],"wp:term":[{"taxonomy":"product_brand","embeddable":true,"href":"https:\/\/www.tiendaled.cl\/index.php?rest_route=%2Fwp%2Fv2%2Fproduct_brand&post=3420"},{"taxonomy":"product_cat","embeddable":true,"href":"https:\/\/www.tiendaled.cl\/index.php?rest_route=%2Fwp%2Fv2%2Fproduct_cat&post=3420"},{"taxonomy":"product_tag","embeddable":true,"href":"https:\/\/www.tiendaled.cl\/index.php?rest_route=%2Fwp%2Fv2%2Fproduct_tag&post=3420"}],"curies":[{"name":"wp","href":"https:\/\/api.w.org\/{rel}","templated":true}]}}