{"id":3398,"date":"2018-12-03T04:33:00","date_gmt":"2018-12-03T06:33:00","guid":{"rendered":"http:\/\/www.tiendaled.cl\/?post_type=product&#038;p=3398"},"modified":"2025-10-30T17:09:56","modified_gmt":"2025-10-30T19:09:56","slug":"lampara-techo-triple-sombrero-hierro-incluye-ampolletas","status":"publish","type":"product","link":"https:\/\/www.tiendaled.cl\/?product=lampara-techo-triple-sombrero-hierro-incluye-ampolletas","title":{"rendered":"Lampara Techo Triple Sombrero Hierro Incluye Ampolletas"},"content":{"rendered":"<p>Lampara techo triple sombrero hierro<br \/>\nIncluye ampolletas vintage led de regalo<\/p>\n<p>Material hierro<br \/>\nL\u00e1mpara de suspensi\u00f3n de doble uso de tipo<br \/>\n3 Soquete tradicionales E27<br \/>\nTama\u00f1o: 120cm x 96cm<\/p>\n<p>Ideal para aplicaciones comerciales y residenciales.<br \/>\nPara sala de estar, ba\u00f1o , hoteles, oficinas, galer\u00edas, centros comerciales, y mucho m\u00e1s!<\/p>\n<p>Aplicable: 10 ~ 20m2<br \/>\nVoltaje: 111V ~ 240V<\/p>\n","protected":false},"excerpt":{"rendered":"<p>Lampara techo triple sombrero hierro Incluye ampolletas vintage led de regalo Material hierro L\u00e1mpara de suspensi\u00f3n de doble uso de tipo 3 Soquete tradicionales E27 Tama\u00f1o: 120cm x 96cm Ideal para aplicaciones comerciales y residenciales. Para sala de estar, ba\u00f1o , hoteles, oficinas, galer\u00edas, centros comerciales, y mucho m\u00e1s! Aplicable: 10 ~ 20m2 Voltaje: 111V [&#8230;]\n","protected":false},"featured_media":3399,"comment_status":"open","ping_status":"closed","template":"","meta":{"_joinchat":[]},"product_brand":[],"product_cat":[103,111],"product_tag":[177,147,148,123,124,206],"class_list":{"0":"post-3398","1":"product","2":"type-product","3":"status-publish","4":"has-post-thumbnail","6":"product_cat-lamparas-y-apliques","7":"product_cat-lamparas-colgantes","8":"product_tag-lampara-moderna","9":"product_tag-lampara-rustica","10":"product_tag-lampara-techo","11":"product_tag-lampara-triple","12":"product_tag-lampara-vintage","13":"product_tag-moderna","15":"first","16":"instock","17":"shipping-taxable","18":"purchasable","19":"product-type-simple"},"_links":{"self":[{"href":"https:\/\/www.tiendaled.cl\/index.php?rest_route=\/wp\/v2\/product\/3398","targetHints":{"allow":["GET"]}}],"collection":[{"href":"https:\/\/www.tiendaled.cl\/index.php?rest_route=\/wp\/v2\/product"}],"about":[{"href":"https:\/\/www.tiendaled.cl\/index.php?rest_route=\/wp\/v2\/types\/product"}],"replies":[{"embeddable":true,"href":"https:\/\/www.tiendaled.cl\/index.php?rest_route=%2Fwp%2Fv2%2Fcomments&post=3398"}],"wp:featuredmedia":[{"embeddable":true,"href":"https:\/\/www.tiendaled.cl\/index.php?rest_route=\/wp\/v2\/media\/3399"}],"wp:attachment":[{"href":"https:\/\/www.tiendaled.cl\/index.php?rest_route=%2Fwp%2Fv2%2Fmedia&parent=3398"}],"wp:term":[{"taxonomy":"product_brand","embeddable":true,"href":"https:\/\/www.tiendaled.cl\/index.php?rest_route=%2Fwp%2Fv2%2Fproduct_brand&post=3398"},{"taxonomy":"product_cat","embeddable":true,"href":"https:\/\/www.tiendaled.cl\/index.php?rest_route=%2Fwp%2Fv2%2Fproduct_cat&post=3398"},{"taxonomy":"product_tag","embeddable":true,"href":"https:\/\/www.tiendaled.cl\/index.php?rest_route=%2Fwp%2Fv2%2Fproduct_tag&post=3398"}],"curies":[{"name":"wp","href":"https:\/\/api.w.org\/{rel}","templated":true}]}}