{"id":33263,"date":"2021-12-28T16:06:44","date_gmt":"2021-12-28T18:06:44","guid":{"rendered":"https:\/\/www.tiendaled.cl\/?post_type=product&#038;p=33263"},"modified":"2025-10-15T14:57:29","modified_gmt":"2025-10-15T16:57:29","slug":"farole-colgante-clasico-exterior-modelo-calabaza","status":"publish","type":"product","link":"https:\/\/www.tiendaled.cl\/?product=farole-colgante-clasico-exterior-modelo-calabaza","title":{"rendered":"Farole Colgante Clasico Exterior Modelo Calabaza"},"content":{"rendered":"<p>Farol Colgante Exterior<br \/>\nModelo Calabaza<br \/>\nDe estilo cl\u00e1sico.<br \/>\nApto para su uso en ambientes exteriores (jardines, terrazas, parques, etc.).<br \/>\nAcabado en Color negro<br \/>\nFabricado en aluminio y cristal transparente.<br \/>\nPosee un grado de protecci\u00f3n contra el agua y las part\u00edculas.<br \/>\nEst\u00e1ndar E27 le que le permitir\u00e1 utilizar cualquier bombilla de bajo consumo o LED, respetando siempre la potencia m\u00e1xima permitida de 100W<br \/>\nDimnesiones<\/p>\n<p>35cm de alto<br \/>\n20cm de ancho<br \/>\nLargo con cable 1mt<\/p>\n","protected":false},"excerpt":{"rendered":"<p>Farol Colgante Exterior Modelo Calabaza De estilo cl\u00e1sico. Apto para su uso en ambientes exteriores (jardines, terrazas, parques, etc.). Acabado en Color negro Fabricado en aluminio y cristal transparente. Posee un grado de protecci\u00f3n contra el agua y las part\u00edculas. Est\u00e1ndar E27 le que le permitir\u00e1 utilizar cualquier bombilla de bajo consumo o LED, respetando [&#8230;]\n","protected":false},"featured_media":33264,"comment_status":"open","ping_status":"closed","template":"","meta":{"_joinchat":[]},"product_brand":[],"product_cat":[192,103,106,107,111],"product_tag":[224,220,140,139],"class_list":{"0":"post-33263","1":"product","2":"type-product","3":"status-publish","4":"has-post-thumbnail","6":"product_cat-lamparas-techo","7":"product_cat-lamparas-y-apliques","8":"product_cat-apliques","9":"product_cat-faroles","10":"product_cat-lamparas-colgantes","11":"product_tag-farol-calabaza","12":"product_tag-farol-clasico","13":"product_tag-farol-colgante","14":"product_tag-farol-exterior","16":"first","17":"instock","18":"shipping-taxable","19":"purchasable","20":"product-type-simple"},"_links":{"self":[{"href":"https:\/\/www.tiendaled.cl\/index.php?rest_route=\/wp\/v2\/product\/33263","targetHints":{"allow":["GET"]}}],"collection":[{"href":"https:\/\/www.tiendaled.cl\/index.php?rest_route=\/wp\/v2\/product"}],"about":[{"href":"https:\/\/www.tiendaled.cl\/index.php?rest_route=\/wp\/v2\/types\/product"}],"replies":[{"embeddable":true,"href":"https:\/\/www.tiendaled.cl\/index.php?rest_route=%2Fwp%2Fv2%2Fcomments&post=33263"}],"wp:featuredmedia":[{"embeddable":true,"href":"https:\/\/www.tiendaled.cl\/index.php?rest_route=\/wp\/v2\/media\/33264"}],"wp:attachment":[{"href":"https:\/\/www.tiendaled.cl\/index.php?rest_route=%2Fwp%2Fv2%2Fmedia&parent=33263"}],"wp:term":[{"taxonomy":"product_brand","embeddable":true,"href":"https:\/\/www.tiendaled.cl\/index.php?rest_route=%2Fwp%2Fv2%2Fproduct_brand&post=33263"},{"taxonomy":"product_cat","embeddable":true,"href":"https:\/\/www.tiendaled.cl\/index.php?rest_route=%2Fwp%2Fv2%2Fproduct_cat&post=33263"},{"taxonomy":"product_tag","embeddable":true,"href":"https:\/\/www.tiendaled.cl\/index.php?rest_route=%2Fwp%2Fv2%2Fproduct_tag&post=33263"}],"curies":[{"name":"wp","href":"https:\/\/api.w.org\/{rel}","templated":true}]}}

<p>Farol Colgante Exterior<br />
Modelo Calabaza<br />
De estilo clásico.<br />
Apto para su uso en ambientes exteriores (jardines, terrazas, parques, etc.).<br />
Acabado en Color negro<br />
Fabricado en aluminio y cristal transparente.<br />
Posee un grado de protección contra el agua y las partículas.<br />
Estándar E27 le que le permitirá utilizar cualquier bombilla de bajo consumo o LED, respetando siempre la potencia máxima permitida de 100W<br />
Dimnesiones</p>
<p>35cm de alto<br />
20cm de ancho<br />
Largo con cable 1mt</p>

<p>Farol Colgante Exterior Modelo Calabaza De estilo clásico. Apto para su uso en ambientes exteriores (jardines, terrazas, parques, etc.). Acabado en Color negro Fabricado en aluminio y cristal transparente. Posee un grado de protección contra el agua y las partículas. Estándar E27 le que le permitirá utilizar cualquier bombilla de bajo consumo o LED, respetando [&#8230;]
