{"id":3322,"date":"2018-11-20T02:13:46","date_gmt":"2018-11-20T04:13:46","guid":{"rendered":"http:\/\/www.tiendaled.cl\/?post_type=product&#038;p=3322"},"modified":"2025-11-12T01:52:25","modified_gmt":"2025-11-12T03:52:25","slug":"aplique-muro-jaula-industrial-incluye-ampolleta-vintage","status":"publish","type":"product","link":"https:\/\/www.tiendaled.cl\/?product=aplique-muro-jaula-industrial-incluye-ampolleta-vintage","title":{"rendered":"Aplique Muro Jaula Industrial Retro"},"content":{"rendered":"<p>Aplique de muro con forma de jaula, estilo industrial retro incluye amplleta Vintage de Regalo<\/p>\n<p>L\u00e1mpara de pared fabricada en metal, el estilo retro fuerte presenta una atm\u00f3sfera c\u00e1lida<br \/>\nIdeal para decorar esos espacios interiores donde quieres tener un toque vintage y nostalgico<\/p>\n<p>NO INCLUYE AMPOLLETA<\/p>\n<p>Espacio de iluminacion de 8-15 (metros cuadrados) (dependiendo de la fuente de luz),<br \/>\nSoquete tradicional E27<br \/>\nTama\u00f1o: 15cm Brazo, juala 30x10cm<\/p>\n<p>Ideal para instalar en Dormitorio, sala de estar, comedor, estudio, pasillo, hotel, cine, KTV, sal\u00f3n de baile, auditorio, sala de estar, sala, sala de estudiantes, sala de ni\u00f1os, tienda, etc<\/p>\n","protected":false},"excerpt":{"rendered":"<p>Aplique de muro con forma de jaula, estilo industrial retro incluye amplleta Vintage de Regalo L\u00e1mpara de pared fabricada en metal, el estilo retro fuerte presenta una atm\u00f3sfera c\u00e1lida Ideal para decorar esos espacios interiores donde quieres tener un toque vintage y nostalgico NO INCLUYE AMPOLLETA Espacio de iluminacion de 8-15 (metros cuadrados) (dependiendo de [&#8230;]\n","protected":false},"featured_media":3323,"comment_status":"open","ping_status":"closed","template":"","meta":{"_joinchat":[]},"product_brand":[],"product_cat":[146,92,103,106,104,108],"product_tag":[132,145,144],"class_list":{"0":"post-3322","1":"product","2":"type-product","3":"status-publish","4":"has-post-thumbnail","6":"product_cat-luces-de-emergencia","7":"product_cat-productos-led","8":"product_cat-lamparas-y-apliques","9":"product_cat-apliques","10":"product_cat-apliques-vintage","11":"product_cat-lamparas-de-muro","12":"product_tag-aplique-muro","13":"product_tag-aplique-retro","14":"product_tag-aplique-vintage","16":"first","17":"instock","18":"shipping-taxable","19":"purchasable","20":"product-type-simple"},"_links":{"self":[{"href":"https:\/\/www.tiendaled.cl\/index.php?rest_route=\/wp\/v2\/product\/3322","targetHints":{"allow":["GET"]}}],"collection":[{"href":"https:\/\/www.tiendaled.cl\/index.php?rest_route=\/wp\/v2\/product"}],"about":[{"href":"https:\/\/www.tiendaled.cl\/index.php?rest_route=\/wp\/v2\/types\/product"}],"replies":[{"embeddable":true,"href":"https:\/\/www.tiendaled.cl\/index.php?rest_route=%2Fwp%2Fv2%2Fcomments&post=3322"}],"wp:featuredmedia":[{"embeddable":true,"href":"https:\/\/www.tiendaled.cl\/index.php?rest_route=\/wp\/v2\/media\/3323"}],"wp:attachment":[{"href":"https:\/\/www.tiendaled.cl\/index.php?rest_route=%2Fwp%2Fv2%2Fmedia&parent=3322"}],"wp:term":[{"taxonomy":"product_brand","embeddable":true,"href":"https:\/\/www.tiendaled.cl\/index.php?rest_route=%2Fwp%2Fv2%2Fproduct_brand&post=3322"},{"taxonomy":"product_cat","embeddable":true,"href":"https:\/\/www.tiendaled.cl\/index.php?rest_route=%2Fwp%2Fv2%2Fproduct_cat&post=3322"},{"taxonomy":"product_tag","embeddable":true,"href":"https:\/\/www.tiendaled.cl\/index.php?rest_route=%2Fwp%2Fv2%2Fproduct_tag&post=3322"}],"curies":[{"name":"wp","href":"https:\/\/api.w.org\/{rel}","templated":true}]}}