{"id":3276,"date":"2018-10-17T02:16:59","date_gmt":"2018-10-17T04:16:59","guid":{"rendered":"http:\/\/www.tiendaled.cl\/?post_type=product&#038;p=3276"},"modified":"2025-11-19T15:52:36","modified_gmt":"2025-11-19T17:52:36","slug":"pack-de-3-faroles-colgantes-negros-clasico-exterior-30-cm","status":"publish","type":"product","link":"https:\/\/www.tiendaled.cl\/?product=pack-de-3-faroles-colgantes-negros-clasico-exterior-30-cm","title":{"rendered":"Pack de 3 Faroles Colgantes Negros Clasico Exterior 30 cm"},"content":{"rendered":"<p>Pack de 3 Faroles Colgantes Negros<br \/>\nDe estilo cl\u00e1sico.<br \/>\nApto para su uso en ambientes exteriores (jardines, terrazas, parques, etc.).<br \/>\nAcabado en blanco y negro<br \/>\nFabricado en aluminio y cristal transparente.<br \/>\nPosee un grado de protecci\u00f3n contra el agua y las part\u00edculas.<br \/>\nEst\u00e1ndar E27 le que le permitir\u00e1 utilizar cualquier bombilla de bajo consumo o LED, respetando siempre la potencia m\u00e1xima permitida de 100W<br \/>\nDimnesiones 30 x 17 cms<\/p>\n","protected":false},"excerpt":{"rendered":"<p>Pack de 3 Faroles Colgantes Negros De estilo cl\u00e1sico. Apto para su uso en ambientes exteriores (jardines, terrazas, parques, etc.). Acabado en blanco y negro Fabricado en aluminio y cristal transparente. Posee un grado de protecci\u00f3n contra el agua y las part\u00edculas. Est\u00e1ndar E27 le que le permitir\u00e1 utilizar cualquier bombilla de bajo consumo o [&#8230;]\n","protected":false},"featured_media":3277,"comment_status":"open","ping_status":"closed","template":"","meta":{"_joinchat":[]},"product_brand":[],"product_cat":[103,106,104,107],"product_tag":[140,139],"class_list":{"0":"post-3276","1":"product","2":"type-product","3":"status-publish","4":"has-post-thumbnail","6":"product_cat-lamparas-y-apliques","7":"product_cat-apliques","8":"product_cat-apliques-vintage","9":"product_cat-faroles","10":"product_tag-farol-colgante","11":"product_tag-farol-exterior","13":"first","14":"outofstock","15":"shipping-taxable","16":"purchasable","17":"product-type-simple"},"_links":{"self":[{"href":"https:\/\/www.tiendaled.cl\/index.php?rest_route=\/wp\/v2\/product\/3276","targetHints":{"allow":["GET"]}}],"collection":[{"href":"https:\/\/www.tiendaled.cl\/index.php?rest_route=\/wp\/v2\/product"}],"about":[{"href":"https:\/\/www.tiendaled.cl\/index.php?rest_route=\/wp\/v2\/types\/product"}],"replies":[{"embeddable":true,"href":"https:\/\/www.tiendaled.cl\/index.php?rest_route=%2Fwp%2Fv2%2Fcomments&post=3276"}],"wp:featuredmedia":[{"embeddable":true,"href":"https:\/\/www.tiendaled.cl\/index.php?rest_route=\/wp\/v2\/media\/3277"}],"wp:attachment":[{"href":"https:\/\/www.tiendaled.cl\/index.php?rest_route=%2Fwp%2Fv2%2Fmedia&parent=3276"}],"wp:term":[{"taxonomy":"product_brand","embeddable":true,"href":"https:\/\/www.tiendaled.cl\/index.php?rest_route=%2Fwp%2Fv2%2Fproduct_brand&post=3276"},{"taxonomy":"product_cat","embeddable":true,"href":"https:\/\/www.tiendaled.cl\/index.php?rest_route=%2Fwp%2Fv2%2Fproduct_cat&post=3276"},{"taxonomy":"product_tag","embeddable":true,"href":"https:\/\/www.tiendaled.cl\/index.php?rest_route=%2Fwp%2Fv2%2Fproduct_tag&post=3276"}],"curies":[{"name":"wp","href":"https:\/\/api.w.org\/{rel}","templated":true}]}}

<p>Pack de 3 Faroles Colgantes Negros<br />
De estilo clásico.<br />
Apto para su uso en ambientes exteriores (jardines, terrazas, parques, etc.).<br />
Acabado en blanco y negro<br />
Fabricado en aluminio y cristal transparente.<br />
Posee un grado de protección contra el agua y las partículas.<br />
Estándar E27 le que le permitirá utilizar cualquier bombilla de bajo consumo o LED, respetando siempre la potencia máxima permitida de 100W<br />
Dimnesiones 30 x 17 cms</p>

<p>Pack de 3 Faroles Colgantes Negros De estilo clásico. Apto para su uso en ambientes exteriores (jardines, terrazas, parques, etc.). Acabado en blanco y negro Fabricado en aluminio y cristal transparente. Posee un grado de protección contra el agua y las partículas. Estándar E27 le que le permitirá utilizar cualquier bombilla de bajo consumo o [&#8230;]
