{"id":32455,"date":"2021-11-04T22:34:01","date_gmt":"2021-11-05T00:34:01","guid":{"rendered":"https:\/\/www.tiendaled.cl\/?post_type=product&#038;p=32455"},"modified":"2025-04-08T22:15:59","modified_gmt":"2025-04-09T00:15:59","slug":"farol-aplique-de-pared-estilo-clasico-exterior","status":"publish","type":"product","link":"https:\/\/www.tiendaled.cl\/?product=farol-aplique-de-pared-estilo-clasico-exterior","title":{"rendered":"Farol Aplique De Pared Estilo Clasico Exterior"},"content":{"rendered":"<p>Aplique de pared farol<br \/>\nDe estilo cl\u00e1sico.<br \/>\nApto para su uso en ambientes exteriores (jardines, terrazas, parques, etc.).<br \/>\nAcabado en color NEGRO<br \/>\nFabricado en aluminio y cristal transparente.<br \/>\nPosee un grado de protecci\u00f3n \u00a0contra el agua y las part\u00edculas.<br \/>\nEst\u00e1ndar E27 le que le permitir\u00e1 utilizar cualquier Ampolleta de bajo consumo o LED, respetando siempre la potencia m\u00e1xima permitida de 100W<br \/>\nDimnesiones 30 x 15 cms<\/p>\n","protected":false},"excerpt":{"rendered":"<p>Aplique de pared farol De estilo cl\u00e1sico. Apto para su uso en ambientes exteriores (jardines, terrazas, parques, etc.). Acabado en color NEGRO Fabricado en aluminio y cristal transparente. Posee un grado de protecci\u00f3n \u00a0contra el agua y las part\u00edculas. Est\u00e1ndar E27 le que le permitir\u00e1 utilizar cualquier Ampolleta de bajo consumo o LED, respetando siempre [&#8230;]\n","protected":false},"featured_media":32476,"comment_status":"open","ping_status":"closed","template":"","meta":{"_joinchat":[]},"product_brand":[],"product_cat":[103,106,104,107],"product_tag":[131,132,220,139],"class_list":{"0":"post-32455","1":"product","2":"type-product","3":"status-publish","4":"has-post-thumbnail","6":"product_cat-lamparas-y-apliques","7":"product_cat-apliques","8":"product_cat-apliques-vintage","9":"product_cat-faroles","10":"product_tag-aplique","11":"product_tag-aplique-muro","12":"product_tag-farol-clasico","13":"product_tag-farol-exterior","15":"first","16":"instock","17":"shipping-taxable","18":"purchasable","19":"product-type-simple"},"_links":{"self":[{"href":"https:\/\/www.tiendaled.cl\/index.php?rest_route=\/wp\/v2\/product\/32455","targetHints":{"allow":["GET"]}}],"collection":[{"href":"https:\/\/www.tiendaled.cl\/index.php?rest_route=\/wp\/v2\/product"}],"about":[{"href":"https:\/\/www.tiendaled.cl\/index.php?rest_route=\/wp\/v2\/types\/product"}],"replies":[{"embeddable":true,"href":"https:\/\/www.tiendaled.cl\/index.php?rest_route=%2Fwp%2Fv2%2Fcomments&post=32455"}],"wp:featuredmedia":[{"embeddable":true,"href":"https:\/\/www.tiendaled.cl\/index.php?rest_route=\/wp\/v2\/media\/32476"}],"wp:attachment":[{"href":"https:\/\/www.tiendaled.cl\/index.php?rest_route=%2Fwp%2Fv2%2Fmedia&parent=32455"}],"wp:term":[{"taxonomy":"product_brand","embeddable":true,"href":"https:\/\/www.tiendaled.cl\/index.php?rest_route=%2Fwp%2Fv2%2Fproduct_brand&post=32455"},{"taxonomy":"product_cat","embeddable":true,"href":"https:\/\/www.tiendaled.cl\/index.php?rest_route=%2Fwp%2Fv2%2Fproduct_cat&post=32455"},{"taxonomy":"product_tag","embeddable":true,"href":"https:\/\/www.tiendaled.cl\/index.php?rest_route=%2Fwp%2Fv2%2Fproduct_tag&post=32455"}],"curies":[{"name":"wp","href":"https:\/\/api.w.org\/{rel}","templated":true}]}}

<p>Aplique de pared farol<br />
De estilo clásico.<br />
Apto para su uso en ambientes exteriores (jardines, terrazas, parques, etc.).<br />
Acabado en color NEGRO<br />
Fabricado en aluminio y cristal transparente.<br />
Posee un grado de protección  contra el agua y las partículas.<br />
Estándar E27 le que le permitirá utilizar cualquier Ampolleta de bajo consumo o LED, respetando siempre la potencia máxima permitida de 100W<br />
Dimnesiones 30 x 15 cms</p>

<p>Aplique de pared farol De estilo clásico. Apto para su uso en ambientes exteriores (jardines, terrazas, parques, etc.). Acabado en color NEGRO Fabricado en aluminio y cristal transparente. Posee un grado de protección  contra el agua y las partículas. Estándar E27 le que le permitirá utilizar cualquier Ampolleta de bajo consumo o LED, respetando siempre [&#8230;]
