{"id":3226,"date":"2018-10-16T11:46:25","date_gmt":"2018-10-16T13:46:25","guid":{"rendered":"http:\/\/www.tiendaled.cl\/?post_type=product&#038;p=3226"},"modified":"2026-01-13T13:06:09","modified_gmt":"2026-01-13T15:06:09","slug":"lampara-de-mesa-blanca-con-base-de-cristal-copia","status":"publish","type":"product","link":"https:\/\/www.tiendaled.cl\/?product=lampara-de-mesa-blanca-con-base-de-cristal-copia","title":{"rendered":"Aplique De Pared Doble Estilo Moderno Exterior Negro"},"content":{"rendered":"<p><span style=\"font-size: 14.4px;\">Aplique de pared Estilo Moderno para Exterior<br \/>\nDise\u00f1o Geomtrico Moderno<br \/>\nApto para su uso en ambientes exteriores (jardines, terrazas, parques, etc.).<br \/>\nAcabado en Gris<br \/>\nFabricado en aluminio y cristal transparente.<br \/>\nPosee un grado de protecci\u00f3n \u00a0contra el agua y las part\u00edculas.<br \/>\nEst\u00e1ndar E27 le que le permitir\u00e1 utilizar cualquier bombilla de bajo consumo o LED, respetando siempre la potencia m\u00e1xima permitida de 100W<br \/>\nDimnesiones 14 X 11 x 34 cms&#8230; .<\/span><\/p>\n","protected":false},"excerpt":{"rendered":"<p>Aplique de pared Estilo Moderno para Exterior Dise\u00f1o Geomtrico Moderno Apto para su uso en ambientes exteriores (jardines, terrazas, parques, etc.). Acabado en Gris Fabricado en aluminio y cristal transparente. Posee un grado de protecci\u00f3n \u00a0contra el agua y las part\u00edculas. Est\u00e1ndar E27 le que le permitir\u00e1 utilizar cualquier bombilla de bajo consumo o LED, [&#8230;]\n","protected":false},"featured_media":3227,"comment_status":"open","ping_status":"closed","template":"","meta":{"_joinchat":[]},"product_brand":[],"product_cat":[103,106],"product_tag":[131,133,132],"class_list":{"0":"post-3226","1":"product","2":"type-product","3":"status-publish","4":"has-post-thumbnail","6":"product_cat-lamparas-y-apliques","7":"product_cat-apliques","8":"product_tag-aplique","9":"product_tag-aplique-moderno","10":"product_tag-aplique-muro","12":"first","13":"outofstock","14":"shipping-taxable","15":"purchasable","16":"product-type-simple"},"_links":{"self":[{"href":"https:\/\/www.tiendaled.cl\/index.php?rest_route=\/wp\/v2\/product\/3226","targetHints":{"allow":["GET"]}}],"collection":[{"href":"https:\/\/www.tiendaled.cl\/index.php?rest_route=\/wp\/v2\/product"}],"about":[{"href":"https:\/\/www.tiendaled.cl\/index.php?rest_route=\/wp\/v2\/types\/product"}],"replies":[{"embeddable":true,"href":"https:\/\/www.tiendaled.cl\/index.php?rest_route=%2Fwp%2Fv2%2Fcomments&post=3226"}],"wp:featuredmedia":[{"embeddable":true,"href":"https:\/\/www.tiendaled.cl\/index.php?rest_route=\/wp\/v2\/media\/3227"}],"wp:attachment":[{"href":"https:\/\/www.tiendaled.cl\/index.php?rest_route=%2Fwp%2Fv2%2Fmedia&parent=3226"}],"wp:term":[{"taxonomy":"product_brand","embeddable":true,"href":"https:\/\/www.tiendaled.cl\/index.php?rest_route=%2Fwp%2Fv2%2Fproduct_brand&post=3226"},{"taxonomy":"product_cat","embeddable":true,"href":"https:\/\/www.tiendaled.cl\/index.php?rest_route=%2Fwp%2Fv2%2Fproduct_cat&post=3226"},{"taxonomy":"product_tag","embeddable":true,"href":"https:\/\/www.tiendaled.cl\/index.php?rest_route=%2Fwp%2Fv2%2Fproduct_tag&post=3226"}],"curies":[{"name":"wp","href":"https:\/\/api.w.org\/{rel}","templated":true}]}}

<p><span style="font-size: 14.4px;">Aplique de pared Estilo Moderno para Exterior<br />
Diseño Geomtrico Moderno<br />
Apto para su uso en ambientes exteriores (jardines, terrazas, parques, etc.).<br />
Acabado en Gris<br />
Fabricado en aluminio y cristal transparente.<br />
Posee un grado de protección  contra el agua y las partículas.<br />
Estándar E27 le que le permitirá utilizar cualquier bombilla de bajo consumo o LED, respetando siempre la potencia máxima permitida de 100W<br />
Dimnesiones 14 X 11 x 34 cms&#8230; .</span></p>

<p>Aplique de pared Estilo Moderno para Exterior Diseño Geomtrico Moderno Apto para su uso en ambientes exteriores (jardines, terrazas, parques, etc.). Acabado en Gris Fabricado en aluminio y cristal transparente. Posee un grado de protección  contra el agua y las partículas. Estándar E27 le que le permitirá utilizar cualquier bombilla de bajo consumo o LED, [&#8230;]
