{"id":31245,"date":"2021-09-16T09:37:50","date_gmt":"2021-09-16T11:37:50","guid":{"rendered":"https:\/\/www.tiendaled.cl\/?post_type=product&#038;p=31245"},"modified":"2022-12-20T01:35:13","modified_gmt":"2022-12-20T03:35:13","slug":"lampara-colgante-retro-art-deco-metal-cono-negro-jaula-cobre","status":"publish","type":"product","link":"https:\/\/www.tiendaled.cl\/?product=lampara-colgante-retro-art-deco-metal-cono-negro-jaula-cobre","title":{"rendered":"L\u00e1mpara Colgante Retro Art Deco Metal Cono Negro Jaula Cobre"},"content":{"rendered":"<p>L\u00e1mpara Colgante Retro con pantalla metalica negra y jaula de cobre<\/p>\n<p>Lampara colgante vintage es con soquete tradicional E27<br \/>\nVoltaje: 220-240V<br \/>\nTAMA\u00d1O: 30cm x 15cm<br \/>\nPotencia: max 60W |<br \/>\nMaterial: metal<br \/>\nCable largo: 100 cm<\/p>\n<p>L\u00e1mpara de techo suspendida Art Deco de lat\u00f3n r\u00fastico \/ y jaula de cobre r\u00fastico<br \/>\nEl color cobre y el color negro se complementan entre s\u00ed y los hacen utilizables en todas las \u00e1reas.<br \/>\nEstructura simple, estilo retro, l\u00edneas elegantes.<br \/>\nNo solo iluminaci\u00f3n, sino tambi\u00e9n decoraci\u00f3n para su casa.<\/p>\n<p>NO INCLUYE AMPOLLETA<\/p>\n<p>Ideal para cafeter\u00eda, bar, club, sala de estar, dormitorio, cocina, comedor, oficina en casa \/ estudio, jard\u00edn de invierno, cuarto de servicio \/ lavander\u00eda, hall, porche, garaje, terraza.<\/p>\n","protected":false},"excerpt":{"rendered":"<p>L\u00e1mpara Colgante Retro con pantalla metalica negra y jaula de cobre Lampara colgante vintage es con soquete tradicional E27 Voltaje: 220-240V TAMA\u00d1O: 30cm x 15cm Potencia: max 60W | Material: metal Cable largo: 100 cm L\u00e1mpara de techo suspendida Art Deco de lat\u00f3n r\u00fastico \/ y jaula de cobre r\u00fastico El color cobre y el [&#8230;]\n","protected":false},"featured_media":31247,"comment_status":"open","ping_status":"closed","template":"","meta":{"_joinchat":[]},"product_brand":[],"product_cat":[192,103,111,105],"product_tag":[120,175,122,196,148],"class_list":{"0":"post-31245","1":"product","2":"type-product","3":"status-publish","4":"has-post-thumbnail","6":"product_cat-lamparas-techo","7":"product_cat-lamparas-y-apliques","8":"product_cat-lamparas-colgantes","9":"product_cat-lamparas-vintage","10":"product_tag-lampara","11":"product_tag-lampara-cobre","12":"product_tag-lampara-colgante","13":"product_tag-lampara-jaula","14":"product_tag-lampara-techo","16":"first","17":"instock","18":"shipping-taxable","19":"purchasable","20":"product-type-simple"},"_links":{"self":[{"href":"https:\/\/www.tiendaled.cl\/index.php?rest_route=\/wp\/v2\/product\/31245","targetHints":{"allow":["GET"]}}],"collection":[{"href":"https:\/\/www.tiendaled.cl\/index.php?rest_route=\/wp\/v2\/product"}],"about":[{"href":"https:\/\/www.tiendaled.cl\/index.php?rest_route=\/wp\/v2\/types\/product"}],"replies":[{"embeddable":true,"href":"https:\/\/www.tiendaled.cl\/index.php?rest_route=%2Fwp%2Fv2%2Fcomments&post=31245"}],"wp:featuredmedia":[{"embeddable":true,"href":"https:\/\/www.tiendaled.cl\/index.php?rest_route=\/wp\/v2\/media\/31247"}],"wp:attachment":[{"href":"https:\/\/www.tiendaled.cl\/index.php?rest_route=%2Fwp%2Fv2%2Fmedia&parent=31245"}],"wp:term":[{"taxonomy":"product_brand","embeddable":true,"href":"https:\/\/www.tiendaled.cl\/index.php?rest_route=%2Fwp%2Fv2%2Fproduct_brand&post=31245"},{"taxonomy":"product_cat","embeddable":true,"href":"https:\/\/www.tiendaled.cl\/index.php?rest_route=%2Fwp%2Fv2%2Fproduct_cat&post=31245"},{"taxonomy":"product_tag","embeddable":true,"href":"https:\/\/www.tiendaled.cl\/index.php?rest_route=%2Fwp%2Fv2%2Fproduct_tag&post=31245"}],"curies":[{"name":"wp","href":"https:\/\/api.w.org\/{rel}","templated":true}]}}

Lámpara Colgante Retro Art Deco Metal Cono Negro Jaula Cobre

<p>Lámpara Colgante Retro con pantalla metalica negra y jaula de cobre</p>
<p>Lampara colgante vintage es con soquete tradicional E27<br />
Voltaje: 220-240V<br />
TAMAÑO: 30cm x 15cm<br />
Potencia: max 60W |<br />
Material: metal<br />
Cable largo: 100 cm</p>
<p>Lámpara de techo suspendida Art Deco de latón rústico / y jaula de cobre rústico<br />
El color cobre y el color negro se complementan entre sí y los hacen utilizables en todas las áreas.<br />
Estructura simple, estilo retro, líneas elegantes.<br />
No solo iluminación, sino también decoración para su casa.</p>
<p>NO INCLUYE AMPOLLETA</p>
<p>Ideal para cafetería, bar, club, sala de estar, dormitorio, cocina, comedor, oficina en casa / estudio, jardín de invierno, cuarto de servicio / lavandería, hall, porche, garaje, terraza.</p>

<p>Lámpara Colgante Retro con pantalla metalica negra y jaula de cobre Lampara colgante vintage es con soquete tradicional E27 Voltaje: 220-240V TAMAÑO: 30cm x 15cm Potencia: max 60W | Material: metal Cable largo: 100 cm Lámpara de techo suspendida Art Deco de latón rústico / y jaula de cobre rústico El color cobre y el [&#8230;]
