{"id":31073,"date":"2021-09-07T08:06:56","date_gmt":"2021-09-07T10:06:56","guid":{"rendered":"https:\/\/www.tiendaled.cl\/?post_type=product&#038;p=31073"},"modified":"2022-12-28T22:46:39","modified_gmt":"2022-12-29T00:46:39","slug":"aplique-de-pared-doble-estilo-moderno-exterior","status":"publish","type":"product","link":"https:\/\/www.tiendaled.cl\/?product=aplique-de-pared-doble-estilo-moderno-exterior","title":{"rendered":"Aplique De Pared Doble Estilo Moderno Exterior"},"content":{"rendered":"<p>Aplique de pared Estilo Moderno para Exterior<br \/>\nDise\u00f1o Clindrico Moderno<br \/>\nApto para su uso en ambientes exteriores (jardines, terrazas, parques, etc.).<br \/>\nAcabado en Negro<br \/>\nFabricado en aluminio y cristal transparente.<br \/>\nPosee un grado de protecci\u00f3n \u00a0contra el agua y las part\u00edculas.<br \/>\nEst\u00e1ndar E27 le que le permitir\u00e1 utilizar cualquier ampolleta de bajo consumo o LED, respetando siempre la potencia m\u00e1xima permitida de 100W<\/p>\n<p>NO INCLUYE AMPOLLETAS<\/p>\n<p>&nbsp;<\/p>\n<p>Dimnesiones 15 X 10 x 30 cms<\/p>\n","protected":false},"excerpt":{"rendered":"<p>Aplique de pared Estilo Moderno para Exterior Dise\u00f1o Clindrico Moderno Apto para su uso en ambientes exteriores (jardines, terrazas, parques, etc.). Acabado en Negro Fabricado en aluminio y cristal transparente. Posee un grado de protecci\u00f3n \u00a0contra el agua y las part\u00edculas. Est\u00e1ndar E27 le que le permitir\u00e1 utilizar cualquier ampolleta de bajo consumo o LED, [&#8230;]\n","protected":false},"featured_media":31079,"comment_status":"open","ping_status":"closed","template":"","meta":{"_joinchat":[]},"product_brand":[],"product_cat":[103,106,108],"product_tag":[131,133,132,182],"class_list":{"0":"post-31073","1":"product","2":"type-product","3":"status-publish","4":"has-post-thumbnail","6":"product_cat-lamparas-y-apliques","7":"product_cat-apliques","8":"product_cat-lamparas-de-muro","9":"product_tag-aplique","10":"product_tag-aplique-moderno","11":"product_tag-aplique-muro","12":"product_tag-lampara-muro","14":"first","15":"outofstock","16":"shipping-taxable","17":"purchasable","18":"product-type-simple"},"_links":{"self":[{"href":"https:\/\/www.tiendaled.cl\/index.php?rest_route=\/wp\/v2\/product\/31073","targetHints":{"allow":["GET"]}}],"collection":[{"href":"https:\/\/www.tiendaled.cl\/index.php?rest_route=\/wp\/v2\/product"}],"about":[{"href":"https:\/\/www.tiendaled.cl\/index.php?rest_route=\/wp\/v2\/types\/product"}],"replies":[{"embeddable":true,"href":"https:\/\/www.tiendaled.cl\/index.php?rest_route=%2Fwp%2Fv2%2Fcomments&post=31073"}],"wp:featuredmedia":[{"embeddable":true,"href":"https:\/\/www.tiendaled.cl\/index.php?rest_route=\/wp\/v2\/media\/31079"}],"wp:attachment":[{"href":"https:\/\/www.tiendaled.cl\/index.php?rest_route=%2Fwp%2Fv2%2Fmedia&parent=31073"}],"wp:term":[{"taxonomy":"product_brand","embeddable":true,"href":"https:\/\/www.tiendaled.cl\/index.php?rest_route=%2Fwp%2Fv2%2Fproduct_brand&post=31073"},{"taxonomy":"product_cat","embeddable":true,"href":"https:\/\/www.tiendaled.cl\/index.php?rest_route=%2Fwp%2Fv2%2Fproduct_cat&post=31073"},{"taxonomy":"product_tag","embeddable":true,"href":"https:\/\/www.tiendaled.cl\/index.php?rest_route=%2Fwp%2Fv2%2Fproduct_tag&post=31073"}],"curies":[{"name":"wp","href":"https:\/\/api.w.org\/{rel}","templated":true}]}}

<p>Aplique de pared Estilo Moderno para Exterior<br />
Diseño Clindrico Moderno<br />
Apto para su uso en ambientes exteriores (jardines, terrazas, parques, etc.).<br />
Acabado en Negro<br />
Fabricado en aluminio y cristal transparente.<br />
Posee un grado de protección  contra el agua y las partículas.<br />
Estándar E27 le que le permitirá utilizar cualquier ampolleta de bajo consumo o LED, respetando siempre la potencia máxima permitida de 100W</p>
<p>NO INCLUYE AMPOLLETAS</p>
<p>&nbsp;</p>
<p>Dimnesiones 15 X 10 x 30 cms</p>

<p>Aplique de pared Estilo Moderno para Exterior Diseño Clindrico Moderno Apto para su uso en ambientes exteriores (jardines, terrazas, parques, etc.). Acabado en Negro Fabricado en aluminio y cristal transparente. Posee un grado de protección  contra el agua y las partículas. Estándar E27 le que le permitirá utilizar cualquier ampolleta de bajo consumo o LED, [&#8230;]
