{"id":3080,"date":"2018-10-07T22:46:53","date_gmt":"2018-10-08T00:46:53","guid":{"rendered":"http:\/\/104.237.153.121\/?post_type=product&#038;p=3080"},"modified":"2025-10-02T15:50:36","modified_gmt":"2025-10-02T17:50:36","slug":"lampara-arana-de-12-brazos-retractable-negra","status":"publish","type":"product","link":"https:\/\/www.tiendaled.cl\/?product=lampara-arana-de-12-brazos-retractable-negra","title":{"rendered":"L\u00e1mpara ara\u00f1a de 12 brazos retractable negra"},"content":{"rendered":"<ul>\n<li>L\u00e1mpara de techo con forma de ara\u00f1a de 12 brazos Retractables<br \/>\nEstructura met\u00e1lica color negro<br \/>\nUna l\u00e1mpara original formada por 12 brazos retractables<br \/>\nCompatible con ampolleta de soquete E27.<br \/>\nPerfecta para utilizar con ampolletas vintage de filamento LED ( no incluidas)<br \/>\nLampara ideal para utilizar en vares, quinchos, salones de eventos, etc<\/li>\n<li>DIMENSIONES (MM.) (min.570- max.820) x (min.500- max.1080)<br \/>\nROSCA 12xE27<\/li>\n<li>VOLTIOS (V) 230<br \/>\nMATERIAL Metal<\/li>\n<\/ul>\n","protected":false},"excerpt":{"rendered":"<p>L\u00e1mpara de techo con forma de ara\u00f1a de 12 brazos Retractables Estructura met\u00e1lica color negro Una l\u00e1mpara original formada por 12 brazos retractables Compatible con ampolleta de soquete E27. Perfecta para utilizar con ampolletas vintage de filamento LED ( no incluidas) Lampara ideal para utilizar en vares, quinchos, salones de eventos, etc DIMENSIONES (MM.) (min.570- [&#8230;]\n","protected":false},"featured_media":3081,"comment_status":"open","ping_status":"closed","template":"","meta":{"_joinchat":[]},"product_brand":[],"product_cat":[111],"product_tag":[],"class_list":{"0":"post-3080","1":"product","2":"type-product","3":"status-publish","4":"has-post-thumbnail","6":"product_cat-lamparas-colgantes","8":"first","9":"instock","10":"sale","11":"shipping-taxable","12":"purchasable","13":"product-type-simple"},"_links":{"self":[{"href":"https:\/\/www.tiendaled.cl\/index.php?rest_route=\/wp\/v2\/product\/3080","targetHints":{"allow":["GET"]}}],"collection":[{"href":"https:\/\/www.tiendaled.cl\/index.php?rest_route=\/wp\/v2\/product"}],"about":[{"href":"https:\/\/www.tiendaled.cl\/index.php?rest_route=\/wp\/v2\/types\/product"}],"replies":[{"embeddable":true,"href":"https:\/\/www.tiendaled.cl\/index.php?rest_route=%2Fwp%2Fv2%2Fcomments&post=3080"}],"wp:featuredmedia":[{"embeddable":true,"href":"https:\/\/www.tiendaled.cl\/index.php?rest_route=\/wp\/v2\/media\/3081"}],"wp:attachment":[{"href":"https:\/\/www.tiendaled.cl\/index.php?rest_route=%2Fwp%2Fv2%2Fmedia&parent=3080"}],"wp:term":[{"taxonomy":"product_brand","embeddable":true,"href":"https:\/\/www.tiendaled.cl\/index.php?rest_route=%2Fwp%2Fv2%2Fproduct_brand&post=3080"},{"taxonomy":"product_cat","embeddable":true,"href":"https:\/\/www.tiendaled.cl\/index.php?rest_route=%2Fwp%2Fv2%2Fproduct_cat&post=3080"},{"taxonomy":"product_tag","embeddable":true,"href":"https:\/\/www.tiendaled.cl\/index.php?rest_route=%2Fwp%2Fv2%2Fproduct_tag&post=3080"}],"curies":[{"name":"wp","href":"https:\/\/api.w.org\/{rel}","templated":true}]}}

Lámpara araña de 12 brazos retractable negra

<ul>
<li>Lámpara de techo con forma de araña de 12 brazos Retractables<br />
Estructura metálica color negro<br />
Una lámpara original formada por 12 brazos retractables<br />
Compatible con ampolleta de soquete E27.<br />
Perfecta para utilizar con ampolletas vintage de filamento LED ( no incluidas)<br />
Lampara ideal para utilizar en vares, quinchos, salones de eventos, etc</li>
<li>DIMENSIONES (MM.) (min.570- max.820) x (min.500- max.1080)<br />
ROSCA 12xE27</li>
<li>VOLTIOS (V) 230<br />
MATERIAL Metal</li>
</ul>

<p>Lámpara de techo con forma de araña de 12 brazos Retractables Estructura metálica color negro Una lámpara original formada por 12 brazos retractables Compatible con ampolleta de soquete E27. Perfecta para utilizar con ampolletas vintage de filamento LED ( no incluidas) Lampara ideal para utilizar en vares, quinchos, salones de eventos, etc DIMENSIONES (MM.) (min.570- [&#8230;]
