{"id":3063,"date":"2018-10-07T22:03:12","date_gmt":"2018-10-08T00:03:12","guid":{"rendered":"http:\/\/104.237.153.121\/?post_type=product&#038;p=3063"},"modified":"2026-03-08T13:48:13","modified_gmt":"2026-03-08T15:48:13","slug":"lampara-techo-campana-30cm-variados-colores","status":"publish","type":"product","link":"https:\/\/www.tiendaled.cl\/?product=lampara-techo-campana-30cm-variados-colores","title":{"rendered":"L\u00e1mpara techo campana 30cm variados colores"},"content":{"rendered":"<ul>\n<li>La l\u00e1mpara colgante de 1 luz es una propuesta de decoraci\u00f3n de alta calidad que se encarga de llenar de luz los espacios de tu hogar u oficina.<br \/>\nTambi\u00e9n es un art\u00edculo ahorrador ya que solo tiene un consumo m\u00e1ximo de 60W para contribuir a tu econom\u00eda.<br \/>\nSu instalaci\u00f3n es muy sencilla y puedes disfrutar de sus beneficios de manera inmediata por un largo periodo de tiempoColores Verde Lim\u00f3n, Amarillo, Plateado, Naranjo, Rojo, Dorado, Caf\u00e9<br \/>\nPotencia m\u00e1ximo 60 WattsTipo Soquete tradicional E27<\/li>\n<\/ul>\n<div class=\"brz-root__container\"><\/div>\n","protected":false},"excerpt":{"rendered":"<p>La l\u00e1mpara colgante de 1 luz es una propuesta de decoraci\u00f3n de alta calidad que se encarga de llenar de luz los espacios de tu hogar u oficina. Tambi\u00e9n es un art\u00edculo ahorrador ya que solo tiene un consumo m\u00e1ximo de 60W para contribuir a tu econom\u00eda. Su instalaci\u00f3n es muy sencilla y puedes disfrutar [&#8230;]\n","protected":false},"featured_media":3020,"comment_status":"open","ping_status":"closed","template":"","meta":{"_joinchat":[]},"product_brand":[],"product_cat":[111],"product_tag":[],"class_list":{"0":"post-3063","1":"product","2":"type-product","3":"status-publish","4":"has-post-thumbnail","6":"product_cat-lamparas-colgantes","8":"first","9":"instock","10":"sale","11":"shipping-taxable","12":"purchasable","13":"product-type-simple"},"_links":{"self":[{"href":"https:\/\/www.tiendaled.cl\/index.php?rest_route=\/wp\/v2\/product\/3063","targetHints":{"allow":["GET"]}}],"collection":[{"href":"https:\/\/www.tiendaled.cl\/index.php?rest_route=\/wp\/v2\/product"}],"about":[{"href":"https:\/\/www.tiendaled.cl\/index.php?rest_route=\/wp\/v2\/types\/product"}],"replies":[{"embeddable":true,"href":"https:\/\/www.tiendaled.cl\/index.php?rest_route=%2Fwp%2Fv2%2Fcomments&post=3063"}],"wp:featuredmedia":[{"embeddable":true,"href":"https:\/\/www.tiendaled.cl\/index.php?rest_route=\/wp\/v2\/media\/3020"}],"wp:attachment":[{"href":"https:\/\/www.tiendaled.cl\/index.php?rest_route=%2Fwp%2Fv2%2Fmedia&parent=3063"}],"wp:term":[{"taxonomy":"product_brand","embeddable":true,"href":"https:\/\/www.tiendaled.cl\/index.php?rest_route=%2Fwp%2Fv2%2Fproduct_brand&post=3063"},{"taxonomy":"product_cat","embeddable":true,"href":"https:\/\/www.tiendaled.cl\/index.php?rest_route=%2Fwp%2Fv2%2Fproduct_cat&post=3063"},{"taxonomy":"product_tag","embeddable":true,"href":"https:\/\/www.tiendaled.cl\/index.php?rest_route=%2Fwp%2Fv2%2Fproduct_tag&post=3063"}],"curies":[{"name":"wp","href":"https:\/\/api.w.org\/{rel}","templated":true}]}}