{"id":28224,"date":"2021-05-16T14:21:04","date_gmt":"2021-05-16T16:21:04","guid":{"rendered":"https:\/\/www.tiendaled.cl\/?post_type=product&#038;p=28224"},"modified":"2024-06-24T22:09:40","modified_gmt":"2024-06-25T00:09:40","slug":"foco-led-solar-con-sensor-de-movimiento-exterior-ip65-2","status":"publish","type":"product","link":"https:\/\/www.tiendaled.cl\/?product=foco-led-solar-con-sensor-de-movimiento-exterior-ip65-2","title":{"rendered":"Foco Led Solar Con Sensor De Movimiento Exterior Ip65"},"content":{"rendered":"<p>Iluminaci\u00f3n ideal para exteriores o bodegas de almacenamiento, podr\u00e1s iluminar cualquier lugar que desees, gracias a este Foco Solar recargable de 56 LED. Tambi\u00e9n cuenta con sensor de movimiento y bater\u00eda recargable incorporada.<\/p>\n<p>Funcionamiento de la luz del sensor de movimiento del foco solar<\/p>\n<p>Durante el d\u00eda, el panel de carga solar incluido con esta luz de seguridad solar convierte la luz del sol en recarga de electricidad a trav\u00e9s de la bater\u00eda. Usando esta energ\u00eda almacenada, las luces LED (incluidas en esta luz de seguridad solar) se encienden autom\u00e1ticamente en la noche cuando se detecta movimiento.<br \/>\nCuando la bater\u00eda est\u00e1 completamente cargada, esta luz de seguridad solar puede encenderse hasta 180 veces cuando est\u00e1 encendida durante 34 segundos a la vez, por un total de 1,7 horas.<\/p>\n","protected":false},"excerpt":{"rendered":"<p>Iluminaci\u00f3n ideal para exteriores o bodegas de almacenamiento, podr\u00e1s iluminar cualquier lugar que desees, gracias a este Foco Solar recargable de 56 LED. Tambi\u00e9n cuenta con sensor de movimiento y bater\u00eda recargable incorporada. Funcionamiento de la luz del sensor de movimiento del foco solar Durante el d\u00eda, el panel de carga solar incluido con esta [&#8230;]\n","protected":false},"featured_media":28233,"comment_status":"open","ping_status":"closed","template":"","meta":{"_joinchat":[]},"product_brand":[],"product_cat":[92,98,112,116,113],"product_tag":[157,150,156,188,155],"class_list":{"0":"post-28224","1":"product","2":"type-product","3":"status-publish","4":"has-post-thumbnail","6":"product_cat-productos-led","7":"product_cat-proyectores-led","8":"product_cat-iluminacion-solar","9":"product_cat-focos-proyectores","10":"product_cat-luminaria-solar","11":"product_tag-focorecargable","12":"product_tag-focos-led","13":"product_tag-focosolar","14":"product_tag-iluminacion-led","15":"product_tag-iluminacionsolar","17":"first","18":"outofstock","19":"shipping-taxable","20":"purchasable","21":"product-type-simple"},"_links":{"self":[{"href":"https:\/\/www.tiendaled.cl\/index.php?rest_route=\/wp\/v2\/product\/28224","targetHints":{"allow":["GET"]}}],"collection":[{"href":"https:\/\/www.tiendaled.cl\/index.php?rest_route=\/wp\/v2\/product"}],"about":[{"href":"https:\/\/www.tiendaled.cl\/index.php?rest_route=\/wp\/v2\/types\/product"}],"replies":[{"embeddable":true,"href":"https:\/\/www.tiendaled.cl\/index.php?rest_route=%2Fwp%2Fv2%2Fcomments&post=28224"}],"wp:featuredmedia":[{"embeddable":true,"href":"https:\/\/www.tiendaled.cl\/index.php?rest_route=\/wp\/v2\/media\/28233"}],"wp:attachment":[{"href":"https:\/\/www.tiendaled.cl\/index.php?rest_route=%2Fwp%2Fv2%2Fmedia&parent=28224"}],"wp:term":[{"taxonomy":"product_brand","embeddable":true,"href":"https:\/\/www.tiendaled.cl\/index.php?rest_route=%2Fwp%2Fv2%2Fproduct_brand&post=28224"},{"taxonomy":"product_cat","embeddable":true,"href":"https:\/\/www.tiendaled.cl\/index.php?rest_route=%2Fwp%2Fv2%2Fproduct_cat&post=28224"},{"taxonomy":"product_tag","embeddable":true,"href":"https:\/\/www.tiendaled.cl\/index.php?rest_route=%2Fwp%2Fv2%2Fproduct_tag&post=28224"}],"curies":[{"name":"wp","href":"https:\/\/api.w.org\/{rel}","templated":true}]}}