{"id":28196,"date":"2021-05-16T00:47:54","date_gmt":"2021-05-16T02:47:54","guid":{"rendered":"https:\/\/www.tiendaled.cl\/?post_type=product&#038;p=28196"},"modified":"2023-09-25T16:04:34","modified_gmt":"2023-09-25T18:04:34","slug":"aplique-direccional-doble-foco-techo-muro-gu10","status":"publish","type":"product","link":"https:\/\/www.tiendaled.cl\/?product=aplique-direccional-doble-foco-techo-muro-gu10","title":{"rendered":"Aplique Direccional Doble Foco , Techo-muro Gu10"},"content":{"rendered":"<p>Foco de techo moderno dorado<br \/>\nIdel para sala de estar,ba\u00f1o, dormitorio, etc.}<\/p>\n<p>Material: Aleaci\u00f3n de Hierro<br \/>\nColor: oro<br \/>\nVoltaje: 220v<br \/>\n2 Soquete GU10<br \/>\nProceso: pintado<\/p>\n<p>NO INCLUYE AMPOLLETAS<\/p>\n<p>Direcci\u00f3n de luz ajustable. : 360 rotaci\u00f3n<br \/>\nSe puede instalar en el techo o en la pared.<br \/>\nPerfecto para techos inclinados o para iluminaci\u00f3n direccional de acento, ya que el FOCO puede\u00a0 rotar para iluminaci\u00f3n donde m\u00e1s se desee<br \/>\nIdeal para usar en entradas, salas de estar, dormitorios, cocinas, escaparate, escaparate, hoteles y otras luces decorativas de interior.<\/p>\n<p>Solo reflectores con cabeza de rotaci\u00f3n<\/p>\n","protected":false},"excerpt":{"rendered":"<p>Foco de techo moderno dorado Idel para sala de estar,ba\u00f1o, dormitorio, etc.} Material: Aleaci\u00f3n de Hierro Color: oro Voltaje: 220v 2 Soquete GU10 Proceso: pintado NO INCLUYE AMPOLLETAS Direcci\u00f3n de luz ajustable. : 360 rotaci\u00f3n Se puede instalar en el techo o en la pared. Perfecto para techos inclinados o para iluminaci\u00f3n direccional de acento, [&#8230;]\n","protected":false},"featured_media":35084,"comment_status":"open","ping_status":"closed","template":"","meta":{"_joinchat":[]},"product_brand":[],"product_cat":[103,106,104,108],"product_tag":[],"class_list":{"0":"post-28196","1":"product","2":"type-product","3":"status-publish","4":"has-post-thumbnail","6":"product_cat-lamparas-y-apliques","7":"product_cat-apliques","8":"product_cat-apliques-vintage","9":"product_cat-lamparas-de-muro","11":"first","12":"outofstock","13":"shipping-taxable","14":"purchasable","15":"product-type-simple"},"_links":{"self":[{"href":"https:\/\/www.tiendaled.cl\/index.php?rest_route=\/wp\/v2\/product\/28196","targetHints":{"allow":["GET"]}}],"collection":[{"href":"https:\/\/www.tiendaled.cl\/index.php?rest_route=\/wp\/v2\/product"}],"about":[{"href":"https:\/\/www.tiendaled.cl\/index.php?rest_route=\/wp\/v2\/types\/product"}],"replies":[{"embeddable":true,"href":"https:\/\/www.tiendaled.cl\/index.php?rest_route=%2Fwp%2Fv2%2Fcomments&post=28196"}],"wp:featuredmedia":[{"embeddable":true,"href":"https:\/\/www.tiendaled.cl\/index.php?rest_route=\/wp\/v2\/media\/35084"}],"wp:attachment":[{"href":"https:\/\/www.tiendaled.cl\/index.php?rest_route=%2Fwp%2Fv2%2Fmedia&parent=28196"}],"wp:term":[{"taxonomy":"product_brand","embeddable":true,"href":"https:\/\/www.tiendaled.cl\/index.php?rest_route=%2Fwp%2Fv2%2Fproduct_brand&post=28196"},{"taxonomy":"product_cat","embeddable":true,"href":"https:\/\/www.tiendaled.cl\/index.php?rest_route=%2Fwp%2Fv2%2Fproduct_cat&post=28196"},{"taxonomy":"product_tag","embeddable":true,"href":"https:\/\/www.tiendaled.cl\/index.php?rest_route=%2Fwp%2Fv2%2Fproduct_tag&post=28196"}],"curies":[{"name":"wp","href":"https:\/\/api.w.org\/{rel}","templated":true}]}}

<p>Foco de techo moderno dorado<br />
Idel para sala de estar,baño, dormitorio, etc.}</p>
<p>Material: Aleación de Hierro<br />
Color: oro<br />
Voltaje: 220v<br />
2 Soquete GU10<br />
Proceso: pintado</p>
<p>NO INCLUYE AMPOLLETAS</p>
<p>Dirección de luz ajustable. : 360 rotación<br />
Se puede instalar en el techo o en la pared.<br />
Perfecto para techos inclinados o para iluminación direccional de acento, ya que el FOCO puede  rotar para iluminación donde más se desee<br />
Ideal para usar en entradas, salas de estar, dormitorios, cocinas, escaparate, escaparate, hoteles y otras luces decorativas de interior.</p>
<p>Solo reflectores con cabeza de rotación</p>

<p>Foco de techo moderno dorado Idel para sala de estar,baño, dormitorio, etc.} Material: Aleación de Hierro Color: oro Voltaje: 220v 2 Soquete GU10 Proceso: pintado NO INCLUYE AMPOLLETAS Dirección de luz ajustable. : 360 rotación Se puede instalar en el techo o en la pared. Perfecto para techos inclinados o para iluminación direccional de acento, [&#8230;]
