{"id":28124,"date":"2021-05-08T22:08:05","date_gmt":"2021-05-09T00:08:05","guid":{"rendered":"https:\/\/www.tiendaled.cl\/?post_type=product&#038;p=28124"},"modified":"2025-05-18T01:02:29","modified_gmt":"2025-05-18T03:02:29","slug":"lampara-colgante-hierro-forma-diamante-cobre-22x22cm","status":"publish","type":"product","link":"https:\/\/www.tiendaled.cl\/?product=lampara-colgante-hierro-forma-diamante-cobre-22x22cm","title":{"rendered":"Lampara Colgante Hierro Forma Diamante Cobre 22x22cm"},"content":{"rendered":"<p>Lampara Colgante Diamante 22x22cm color cobre<br \/>\nL\u00e1mpara de techo con cable transparente y pantalla de hierro con acabado en dorado y forma diamante.<br \/>\nUna l\u00e1mpara de estilo industrial con un dise\u00f1o muy actual.<br \/>\nL\u00e1mpara ligera elegante de estilo del vintage y moderna<br \/>\nGenerosa y elegante decoraci\u00f3n para iluminar tu casa.<br \/>\nEsta encantadora pantalla geom\u00e9trica en forma de diamante de hierro se integra perfectamente con las tendencias de Art-Decoration e Industrial Chic<br \/>\nCreando un hermoso y llamativo marco de luz.<br \/>\nCon l\u00edneas claras y n\u00edtidas, esta llamativa luz de metal color dorado har\u00e1 que tu espacio sea m\u00e1s interesante<\/p>\n<p>Material: Metal<br \/>\nDi\u00e1metro de Jaula: 22cm<br \/>\nColor: cobre<\/p>\n<p>Tipo De ampolleta: E27 (Normal)(no incluida).<br \/>\nWats por ampolleta: Max 50 W<br \/>\nVoltaje de entrada: 110-220 V<br \/>\nEspacio adecuado: 10-15 metro cuadrado<\/p>\n<p>NO INCLUYE AMPOLLETA<\/p>\n<p>Soquete Tradicional E27<\/p>\n<p>La forma geom\u00e9trica interesante y din\u00e1mica de la luminaria colgante de metal hace que funcione bien en una variedad de entornos, Living, Comedor sala de estar, oficina, porche, garaje, dormitorio, cocina, bar, cafeter\u00eda, tienda, restaurante, balc\u00f3n, etc<\/p>\n","protected":false},"excerpt":{"rendered":"<p>Lampara Colgante Diamante 22x22cm color cobre L\u00e1mpara de techo con cable transparente y pantalla de hierro con acabado en dorado y forma diamante. Una l\u00e1mpara de estilo industrial con un dise\u00f1o muy actual. L\u00e1mpara ligera elegante de estilo del vintage y moderna Generosa y elegante decoraci\u00f3n para iluminar tu casa. Esta encantadora pantalla geom\u00e9trica en [&#8230;]\n","protected":false},"featured_media":28126,"comment_status":"open","ping_status":"closed","template":"","meta":{"_joinchat":[]},"product_brand":[],"product_cat":[192,103,111],"product_tag":[120,175,122,196],"class_list":{"0":"post-28124","1":"product","2":"type-product","3":"status-publish","4":"has-post-thumbnail","6":"product_cat-lamparas-techo","7":"product_cat-lamparas-y-apliques","8":"product_cat-lamparas-colgantes","9":"product_tag-lampara","10":"product_tag-lampara-cobre","11":"product_tag-lampara-colgante","12":"product_tag-lampara-jaula","14":"first","15":"instock","16":"shipping-taxable","17":"purchasable","18":"product-type-simple"},"_links":{"self":[{"href":"https:\/\/www.tiendaled.cl\/index.php?rest_route=\/wp\/v2\/product\/28124","targetHints":{"allow":["GET"]}}],"collection":[{"href":"https:\/\/www.tiendaled.cl\/index.php?rest_route=\/wp\/v2\/product"}],"about":[{"href":"https:\/\/www.tiendaled.cl\/index.php?rest_route=\/wp\/v2\/types\/product"}],"replies":[{"embeddable":true,"href":"https:\/\/www.tiendaled.cl\/index.php?rest_route=%2Fwp%2Fv2%2Fcomments&post=28124"}],"wp:featuredmedia":[{"embeddable":true,"href":"https:\/\/www.tiendaled.cl\/index.php?rest_route=\/wp\/v2\/media\/28126"}],"wp:attachment":[{"href":"https:\/\/www.tiendaled.cl\/index.php?rest_route=%2Fwp%2Fv2%2Fmedia&parent=28124"}],"wp:term":[{"taxonomy":"product_brand","embeddable":true,"href":"https:\/\/www.tiendaled.cl\/index.php?rest_route=%2Fwp%2Fv2%2Fproduct_brand&post=28124"},{"taxonomy":"product_cat","embeddable":true,"href":"https:\/\/www.tiendaled.cl\/index.php?rest_route=%2Fwp%2Fv2%2Fproduct_cat&post=28124"},{"taxonomy":"product_tag","embeddable":true,"href":"https:\/\/www.tiendaled.cl\/index.php?rest_route=%2Fwp%2Fv2%2Fproduct_tag&post=28124"}],"curies":[{"name":"wp","href":"https:\/\/api.w.org\/{rel}","templated":true}]}}