{"id":27811,"date":"2021-03-29T08:20:45","date_gmt":"2021-03-29T10:20:45","guid":{"rendered":"https:\/\/www.tiendaled.cl\/?post_type=product&#038;p=27811"},"modified":"2026-03-04T19:25:24","modified_gmt":"2026-03-04T21:25:24","slug":"lampara-colgante-techo-cuencas-de-madera-incluye-ampolleta","status":"publish","type":"product","link":"https:\/\/www.tiendaled.cl\/?product=lampara-colgante-techo-cuencas-de-madera-incluye-ampolleta","title":{"rendered":"Lampara Colgante Techo Cuencas de Madera incluye ampolleta"},"content":{"rendered":"<h1 class=\"ui-pdp-title\">Lampara Colgante Techo Cuencas De Madera<\/h1>\n<p>&nbsp;<\/p>\n<p>Hermosa y potente lampara para ser instalada en aquel lugar de la casa que necesita un toque de dise\u00f1o exclusivo<\/p>\n<p>Sus perlas de madera entregan un dise\u00f1o unico a su iluminacion<br \/>\nFabricada en hierro y madera, material resistente y duradero<\/p>\n<p>Utiliza un ampolleta de soquete tradicional E27<br \/>\nInlcuye una ampolleta led vintage de regalo<\/p>\n<p>Ideal para ser instalada en salas de estar, dormitorios, hall, porche, estudio, cafeter\u00eda, jard\u00edn, patio, de interior y tambien en decoraci\u00f3n al aire libre.<br \/>\nTama\u00f1o del producto: Di\u00e1metro 38cm * 70cm Altura<br \/>\nLampe.R\u00e9glable 50cm de altura.<\/p>\n<p>\u00c1rea aplicable: 10-20 metros<\/p>\n<p>Material: Seleccionado de hierro + registros de alta calidad, soldadura, pulido, de corte.<\/p>\n","protected":false},"excerpt":{"rendered":"<p>Lampara Colgante Techo Cuencas De Madera &nbsp; Hermosa y potente lampara para ser instalada en aquel lugar de la casa que necesita un toque de dise\u00f1o exclusivo Sus perlas de madera entregan un dise\u00f1o unico a su iluminacion Fabricada en hierro y madera, material resistente y duradero Utiliza un ampolleta de soquete tradicional E27 Inlcuye [&#8230;]\n","protected":false},"featured_media":27820,"comment_status":"open","ping_status":"closed","template":"","meta":{"_joinchat":[]},"product_brand":[],"product_cat":[103,111,105],"product_tag":[120,172,122,147,148],"class_list":{"0":"post-27811","1":"product","2":"type-product","3":"status-publish","4":"has-post-thumbnail","6":"product_cat-lamparas-y-apliques","7":"product_cat-lamparas-colgantes","8":"product_cat-lamparas-vintage","9":"product_tag-lampara","10":"product_tag-lampara-candelabro","11":"product_tag-lampara-colgante","12":"product_tag-lampara-rustica","13":"product_tag-lampara-techo","15":"first","16":"outofstock","17":"shipping-taxable","18":"purchasable","19":"product-type-simple"},"_links":{"self":[{"href":"https:\/\/www.tiendaled.cl\/index.php?rest_route=\/wp\/v2\/product\/27811","targetHints":{"allow":["GET"]}}],"collection":[{"href":"https:\/\/www.tiendaled.cl\/index.php?rest_route=\/wp\/v2\/product"}],"about":[{"href":"https:\/\/www.tiendaled.cl\/index.php?rest_route=\/wp\/v2\/types\/product"}],"replies":[{"embeddable":true,"href":"https:\/\/www.tiendaled.cl\/index.php?rest_route=%2Fwp%2Fv2%2Fcomments&post=27811"}],"wp:featuredmedia":[{"embeddable":true,"href":"https:\/\/www.tiendaled.cl\/index.php?rest_route=\/wp\/v2\/media\/27820"}],"wp:attachment":[{"href":"https:\/\/www.tiendaled.cl\/index.php?rest_route=%2Fwp%2Fv2%2Fmedia&parent=27811"}],"wp:term":[{"taxonomy":"product_brand","embeddable":true,"href":"https:\/\/www.tiendaled.cl\/index.php?rest_route=%2Fwp%2Fv2%2Fproduct_brand&post=27811"},{"taxonomy":"product_cat","embeddable":true,"href":"https:\/\/www.tiendaled.cl\/index.php?rest_route=%2Fwp%2Fv2%2Fproduct_cat&post=27811"},{"taxonomy":"product_tag","embeddable":true,"href":"https:\/\/www.tiendaled.cl\/index.php?rest_route=%2Fwp%2Fv2%2Fproduct_tag&post=27811"}],"curies":[{"name":"wp","href":"https:\/\/api.w.org\/{rel}","templated":true}]}}

<h1 class="ui-pdp-title">Lampara Colgante Techo Cuencas De Madera</h1>
<p>&nbsp;</p>
<p>Hermosa y potente lampara para ser instalada en aquel lugar de la casa que necesita un toque de diseño exclusivo</p>
<p>Sus perlas de madera entregan un diseño unico a su iluminacion<br />
Fabricada en hierro y madera, material resistente y duradero</p>
<p>Utiliza un ampolleta de soquete tradicional E27<br />
Inlcuye una ampolleta led vintage de regalo</p>
<p>Ideal para ser instalada en salas de estar, dormitorios, hall, porche, estudio, cafetería, jardín, patio, de interior y tambien en decoración al aire libre.<br />
Tamaño del producto: Diámetro 38cm * 70cm Altura<br />
Lampe.Réglable 50cm de altura.</p>
<p>Área aplicable: 10-20 metros</p>
<p>Material: Seleccionado de hierro + registros de alta calidad, soldadura, pulido, de corte.</p>

<p>Lampara Colgante Techo Cuencas De Madera &nbsp; Hermosa y potente lampara para ser instalada en aquel lugar de la casa que necesita un toque de diseño exclusivo Sus perlas de madera entregan un diseño unico a su iluminacion Fabricada en hierro y madera, material resistente y duradero Utiliza un ampolleta de soquete tradicional E27 Inlcuye [&#8230;]
