{"id":27638,"date":"2021-03-13T19:19:30","date_gmt":"2021-03-13T21:19:30","guid":{"rendered":"https:\/\/www.tiendaled.cl\/?post_type=product&#038;p=27638"},"modified":"2026-01-26T16:31:24","modified_gmt":"2026-01-26T18:31:24","slug":"lampara-triple-de-techo-colgante-vienna","status":"publish","type":"product","link":"https:\/\/www.tiendaled.cl\/?product=lampara-triple-de-techo-colgante-vienna","title":{"rendered":"Lampara Triple De Techo Colgante Vienna"},"content":{"rendered":"<p>LAMPARA TECHO Colgante Triple Vienna<\/p>\n<p>Esta lampara colgante constituye uno de los tres dise\u00f1os m\u00e1s representativos de la colecci\u00f3n inspirada en los modelos originales de Tom Dixon.<\/p>\n<p>Al igual que los otros modelos de la colecci\u00f3n, esta l\u00e1mpara colgante ha sido fabricada en aluminio lacado en negro y en su interior dorado descubrir\u00e1s las atractivas marcas distintivas en forma de celdas de panel de abeja de nuestra l\u00ednea de iluminaci\u00f3n.<\/p>\n<p>Estas l\u00e1mparas permiten una iluminaci\u00f3n direccional y concentrada gracias a su gran capacidad de reflexi\u00f3n interior, resulta tambi\u00e9n ideal para \u00e1reas de trabajo. Sin embargo, si prefieres una atm\u00f3sfera m\u00e1s relajante, c\u00e1lida, difusa y atenuada, puedes tambi\u00e9n conseguirla f\u00e1cilmente utilizando las bombillas con la intensidad y el acabado adecuados.<\/p>\n<p>Podr\u00e1s sacarles mucho partido combin\u00e1ndolas con sus hermanas Sienna y Florencia para generar un ambiente con mucha personalidad. Tanto si optas por colocarlas en hilera, como si te decantas m\u00e1s por un ambiente ecl\u00e9ctico y las agrupas a diferentes alturas, acertar\u00e1s segur<\/p>\n<p>Color: Negro \/ dorado<br \/>\nMaterial Metal Lacado al Horno mediante pintura epoxi de alta resistencia<br \/>\nDimensiones: 19 x 41 x 19 cm (140 cm de cable)<br \/>\nPeso 0,85 kgs<br \/>\nMantenimiento: Limpiar con pa\u00f1o de microfibras \/ No Mojar<br \/>\nAlto 41 cm<br \/>\nDiametro 19 cm<\/p>\n<p>&nbsp;<\/p>\n<p>Base circular al techo de 25cm<\/p>\n","protected":false},"excerpt":{"rendered":"<p>LAMPARA TECHO Colgante Triple Vienna Esta lampara colgante constituye uno de los tres dise\u00f1os m\u00e1s representativos de la colecci\u00f3n inspirada en los modelos originales de Tom Dixon. Al igual que los otros modelos de la colecci\u00f3n, esta l\u00e1mpara colgante ha sido fabricada en aluminio lacado en negro y en su interior dorado descubrir\u00e1s las atractivas [&#8230;]\n","protected":false},"featured_media":27640,"comment_status":"open","ping_status":"closed","template":"","meta":{"_joinchat":[]},"product_brand":[],"product_cat":[425,103,111],"product_tag":[122,177,190,189,206],"class_list":{"0":"post-27638","1":"product","2":"type-product","3":"status-publish","4":"has-post-thumbnail","6":"product_cat-ofertas","7":"product_cat-lamparas-y-apliques","8":"product_cat-lamparas-colgantes","9":"product_tag-lampara-colgante","10":"product_tag-lampara-moderna","11":"product_tag-lampara-vienna","12":"product_tag-lampra-triple","13":"product_tag-moderna","15":"first","16":"instock","17":"sale","18":"shipping-taxable","19":"purchasable","20":"product-type-simple"},"_links":{"self":[{"href":"https:\/\/www.tiendaled.cl\/index.php?rest_route=\/wp\/v2\/product\/27638","targetHints":{"allow":["GET"]}}],"collection":[{"href":"https:\/\/www.tiendaled.cl\/index.php?rest_route=\/wp\/v2\/product"}],"about":[{"href":"https:\/\/www.tiendaled.cl\/index.php?rest_route=\/wp\/v2\/types\/product"}],"replies":[{"embeddable":true,"href":"https:\/\/www.tiendaled.cl\/index.php?rest_route=%2Fwp%2Fv2%2Fcomments&post=27638"}],"wp:featuredmedia":[{"embeddable":true,"href":"https:\/\/www.tiendaled.cl\/index.php?rest_route=\/wp\/v2\/media\/27640"}],"wp:attachment":[{"href":"https:\/\/www.tiendaled.cl\/index.php?rest_route=%2Fwp%2Fv2%2Fmedia&parent=27638"}],"wp:term":[{"taxonomy":"product_brand","embeddable":true,"href":"https:\/\/www.tiendaled.cl\/index.php?rest_route=%2Fwp%2Fv2%2Fproduct_brand&post=27638"},{"taxonomy":"product_cat","embeddable":true,"href":"https:\/\/www.tiendaled.cl\/index.php?rest_route=%2Fwp%2Fv2%2Fproduct_cat&post=27638"},{"taxonomy":"product_tag","embeddable":true,"href":"https:\/\/www.tiendaled.cl\/index.php?rest_route=%2Fwp%2Fv2%2Fproduct_tag&post=27638"}],"curies":[{"name":"wp","href":"https:\/\/api.w.org\/{rel}","templated":true}]}}

<p>LAMPARA TECHO Colgante Triple Vienna</p>
<p>Esta lampara colgante constituye uno de los tres diseños más representativos de la colección inspirada en los modelos originales de Tom Dixon.</p>
<p>Al igual que los otros modelos de la colección, esta lámpara colgante ha sido fabricada en aluminio lacado en negro y en su interior dorado descubrirás las atractivas marcas distintivas en forma de celdas de panel de abeja de nuestra línea de iluminación.</p>
<p>Estas lámparas permiten una iluminación direccional y concentrada gracias a su gran capacidad de reflexión interior, resulta también ideal para áreas de trabajo. Sin embargo, si prefieres una atmósfera más relajante, cálida, difusa y atenuada, puedes también conseguirla fácilmente utilizando las bombillas con la intensidad y el acabado adecuados.</p>
<p>Podrás sacarles mucho partido combinándolas con sus hermanas Sienna y Florencia para generar un ambiente con mucha personalidad. Tanto si optas por colocarlas en hilera, como si te decantas más por un ambiente ecléctico y las agrupas a diferentes alturas, acertarás segur</p>
<p>Color: Negro / dorado<br />
Material Metal Lacado al Horno mediante pintura epoxi de alta resistencia<br />
Dimensiones: 19 x 41 x 19 cm (140 cm de cable)<br />
Peso 0,85 kgs<br />
Mantenimiento: Limpiar con paño de microfibras / No Mojar<br />
Alto 41 cm<br />
Diametro 19 cm</p>
<p>&nbsp;</p>
<p>Base circular al techo de 25cm</p>

<p>LAMPARA TECHO Colgante Triple Vienna Esta lampara colgante constituye uno de los tres diseños más representativos de la colección inspirada en los modelos originales de Tom Dixon. Al igual que los otros modelos de la colección, esta lámpara colgante ha sido fabricada en aluminio lacado en negro y en su interior dorado descubrirás las atractivas [&#8230;]
