{"id":27114,"date":"2021-01-03T18:59:00","date_gmt":"2021-01-03T20:59:00","guid":{"rendered":"https:\/\/www.tiendaled.cl\/?post_type=product&#038;p=27114"},"modified":"2026-01-23T11:23:32","modified_gmt":"2026-01-23T13:23:32","slug":"farol-aplique-de-pared-estilo-clasico-exterior-cafe","status":"publish","type":"product","link":"https:\/\/www.tiendaled.cl\/?product=farol-aplique-de-pared-estilo-clasico-exterior-cafe","title":{"rendered":"Farol Aplique De Pared Estilo Clasico Exterior Cafe"},"content":{"rendered":"<p>Aplique de pared farol<br \/>\nDe estilo cl\u00e1sico.<br \/>\nApto para su uso en ambientes exteriores (jardines, terrazas, parques, etc.).<br \/>\nAcabado en color Cafe<br \/>\nFabricado en aluminio y cristal transparente.<br \/>\nPosee un grado de protecci\u00f3n \u00a0contra el agua y las part\u00edculas.<br \/>\nEst\u00e1ndar E27 le que le permitir\u00e1 utilizar cualquier bombilla de bajo consumo o LED, respetando siempre la potencia m\u00e1xima permitida de 100W<br \/>\nDimnesiones 30 x 15 cms<\/p>\n","protected":false},"excerpt":{"rendered":"<p>Aplique de pared farol De estilo cl\u00e1sico. Apto para su uso en ambientes exteriores (jardines, terrazas, parques, etc.). Acabado en color Cafe Fabricado en aluminio y cristal transparente. Posee un grado de protecci\u00f3n \u00a0contra el agua y las part\u00edculas. Est\u00e1ndar E27 le que le permitir\u00e1 utilizar cualquier bombilla de bajo consumo o LED, respetando siempre [&#8230;]\n","protected":false},"featured_media":27115,"comment_status":"open","ping_status":"closed","template":"","meta":{"_joinchat":[]},"product_brand":[],"product_cat":[103,106,107,108],"product_tag":[132,145,144,139,137],"class_list":{"0":"post-27114","1":"product","2":"type-product","3":"status-publish","4":"has-post-thumbnail","6":"product_cat-lamparas-y-apliques","7":"product_cat-apliques","8":"product_cat-faroles","9":"product_cat-lamparas-de-muro","10":"product_tag-aplique-muro","11":"product_tag-aplique-retro","12":"product_tag-aplique-vintage","13":"product_tag-farol-exterior","14":"product_tag-farol-muro","16":"first","17":"instock","18":"shipping-taxable","19":"purchasable","20":"product-type-simple"},"_links":{"self":[{"href":"https:\/\/www.tiendaled.cl\/index.php?rest_route=\/wp\/v2\/product\/27114","targetHints":{"allow":["GET"]}}],"collection":[{"href":"https:\/\/www.tiendaled.cl\/index.php?rest_route=\/wp\/v2\/product"}],"about":[{"href":"https:\/\/www.tiendaled.cl\/index.php?rest_route=\/wp\/v2\/types\/product"}],"replies":[{"embeddable":true,"href":"https:\/\/www.tiendaled.cl\/index.php?rest_route=%2Fwp%2Fv2%2Fcomments&post=27114"}],"wp:featuredmedia":[{"embeddable":true,"href":"https:\/\/www.tiendaled.cl\/index.php?rest_route=\/wp\/v2\/media\/27115"}],"wp:attachment":[{"href":"https:\/\/www.tiendaled.cl\/index.php?rest_route=%2Fwp%2Fv2%2Fmedia&parent=27114"}],"wp:term":[{"taxonomy":"product_brand","embeddable":true,"href":"https:\/\/www.tiendaled.cl\/index.php?rest_route=%2Fwp%2Fv2%2Fproduct_brand&post=27114"},{"taxonomy":"product_cat","embeddable":true,"href":"https:\/\/www.tiendaled.cl\/index.php?rest_route=%2Fwp%2Fv2%2Fproduct_cat&post=27114"},{"taxonomy":"product_tag","embeddable":true,"href":"https:\/\/www.tiendaled.cl\/index.php?rest_route=%2Fwp%2Fv2%2Fproduct_tag&post=27114"}],"curies":[{"name":"wp","href":"https:\/\/api.w.org\/{rel}","templated":true}]}}

<p>Aplique de pared farol<br />
De estilo clásico.<br />
Apto para su uso en ambientes exteriores (jardines, terrazas, parques, etc.).<br />
Acabado en color Cafe<br />
Fabricado en aluminio y cristal transparente.<br />
Posee un grado de protección  contra el agua y las partículas.<br />
Estándar E27 le que le permitirá utilizar cualquier bombilla de bajo consumo o LED, respetando siempre la potencia máxima permitida de 100W<br />
Dimnesiones 30 x 15 cms</p>

<p>Aplique de pared farol De estilo clásico. Apto para su uso en ambientes exteriores (jardines, terrazas, parques, etc.). Acabado en color Cafe Fabricado en aluminio y cristal transparente. Posee un grado de protección  contra el agua y las partículas. Estándar E27 le que le permitirá utilizar cualquier bombilla de bajo consumo o LED, respetando siempre [&#8230;]
