{"id":27106,"date":"2021-01-03T18:51:18","date_gmt":"2021-01-03T20:51:18","guid":{"rendered":"https:\/\/www.tiendaled.cl\/?post_type=product&#038;p=27106"},"modified":"2026-01-08T16:50:36","modified_gmt":"2026-01-08T18:50:36","slug":"lampara-techo-negra-farol-industrial-incluye-ampolleta-led-vintage","status":"publish","type":"product","link":"https:\/\/www.tiendaled.cl\/?product=lampara-techo-negra-farol-industrial-incluye-ampolleta-led-vintage","title":{"rendered":"Lampara Techo Negra Farol Industrial Incluye Ampolleta Led Vintage"},"content":{"rendered":"<p>L\u00e1mpara Colgante Estilo Farol Industrial incluye Ampolleta Vintage<\/p>\n<p>La L\u00e1mpara Colgante Estilo Farol Industrial te permitir\u00e1 darle un toque de calidez a tu hogar.<br \/>\nEs ideal si deseas renovar la decoraci\u00f3n de tu hogar al mismo tiempo que garantizas condiciones de luz adecuadas en el lugar.<br \/>\nLampara hecha de metal, lo que asegura una durabilidad por mucho tiempo.<\/p>\n<p>Ideal para iluminar el dormitorio, la terraza, la sala de estar, el bar, etc.<br \/>\nSobresale por utilizar una ampolleta vintage de filamento (incluida ), por lo que te generar\u00e1 un ahorro en el consumo el\u00e9ctrico.<br \/>\nDe la misma manera, te ser\u00e1 sencillo regular su altura tras su montaje, a fin de generar un ambiente confortable y que se ajuste a tus preferencias est\u00e9ticas.<\/p>\n<p>La l\u00e1mpara livinana, ademas de contar con una protecci\u00f3n que protege la ampolleta contra alg\u00fan impacto.<br \/>\nEstructura c\u00f3nica que te asegura una proyecci\u00f3n m\u00e1s amplia de la luz.<br \/>\nSu dise\u00f1o est\u00e9tico terminar\u00e1 por darle un toque elegante y moderno a tus espacios<br \/>\nIncluye ampolleta Vintage led de Filamento de 4W<\/p>\n","protected":false},"excerpt":{"rendered":"<p>L\u00e1mpara Colgante Estilo Farol Industrial incluye Ampolleta Vintage La L\u00e1mpara Colgante Estilo Farol Industrial te permitir\u00e1 darle un toque de calidez a tu hogar. Es ideal si deseas renovar la decoraci\u00f3n de tu hogar al mismo tiempo que garantizas condiciones de luz adecuadas en el lugar. Lampara hecha de metal, lo que asegura una durabilidad [&#8230;]\n","protected":false},"featured_media":27108,"comment_status":"open","ping_status":"closed","template":"","meta":{"_joinchat":[]},"product_brand":[],"product_cat":[92,93,103,111,105],"product_tag":[134,120,122,147,148,124],"class_list":{"0":"post-27106","1":"product","2":"type-product","3":"status-publish","4":"has-post-thumbnail","6":"product_cat-productos-led","7":"product_cat-ampolletas-led","8":"product_cat-lamparas-y-apliques","9":"product_cat-lamparas-colgantes","10":"product_cat-lamparas-vintage","11":"product_tag-ampolleta-vintage","12":"product_tag-lampara","13":"product_tag-lampara-colgante","14":"product_tag-lampara-rustica","15":"product_tag-lampara-techo","16":"product_tag-lampara-vintage","18":"first","19":"instock","20":"shipping-taxable","21":"purchasable","22":"product-type-simple"},"_links":{"self":[{"href":"https:\/\/www.tiendaled.cl\/index.php?rest_route=\/wp\/v2\/product\/27106","targetHints":{"allow":["GET"]}}],"collection":[{"href":"https:\/\/www.tiendaled.cl\/index.php?rest_route=\/wp\/v2\/product"}],"about":[{"href":"https:\/\/www.tiendaled.cl\/index.php?rest_route=\/wp\/v2\/types\/product"}],"replies":[{"embeddable":true,"href":"https:\/\/www.tiendaled.cl\/index.php?rest_route=%2Fwp%2Fv2%2Fcomments&post=27106"}],"wp:featuredmedia":[{"embeddable":true,"href":"https:\/\/www.tiendaled.cl\/index.php?rest_route=\/wp\/v2\/media\/27108"}],"wp:attachment":[{"href":"https:\/\/www.tiendaled.cl\/index.php?rest_route=%2Fwp%2Fv2%2Fmedia&parent=27106"}],"wp:term":[{"taxonomy":"product_brand","embeddable":true,"href":"https:\/\/www.tiendaled.cl\/index.php?rest_route=%2Fwp%2Fv2%2Fproduct_brand&post=27106"},{"taxonomy":"product_cat","embeddable":true,"href":"https:\/\/www.tiendaled.cl\/index.php?rest_route=%2Fwp%2Fv2%2Fproduct_cat&post=27106"},{"taxonomy":"product_tag","embeddable":true,"href":"https:\/\/www.tiendaled.cl\/index.php?rest_route=%2Fwp%2Fv2%2Fproduct_tag&post=27106"}],"curies":[{"name":"wp","href":"https:\/\/api.w.org\/{rel}","templated":true}]}}