{"id":26915,"date":"2020-12-20T13:30:28","date_gmt":"2020-12-20T15:30:28","guid":{"rendered":"https:\/\/www.tiendaled.cl\/?post_type=product&#038;p=26915"},"modified":"2020-12-20T13:31:50","modified_gmt":"2020-12-20T15:31:50","slug":"lampara-colgante-vintage-bronce-ampolleta-led-filamento-g125","status":"publish","type":"product","link":"https:\/\/www.tiendaled.cl\/?product=lampara-colgante-vintage-bronce-ampolleta-led-filamento-g125","title":{"rendered":"Lampara Colgante Vintage Bronce +ampolleta Led Filamento G125"},"content":{"rendered":"<p>Lampara Colgante Vintage Bronce + Ampolleta Led Vintage G125<\/p>\n<p>Base met\u00e1lico<br \/>\nCord\u00f3n de 1 metro<br \/>\nCombina a la perfecci\u00f3n con el color bronce anodizado del casquillo de estilo industrial\/vintage.<br \/>\nIdeal para combinar con Ampolletas Vintage<br \/>\nIncluye Ampolleta Vintage Globo Modelo G125<\/p>\n<p>Esta lampara vintage\/industrial es ideal para crear ambientes decorativos y antiguos.<br \/>\nDependiendo con que ampolletas LED las combines puedes obtener unos resultados sorprendentes.<br \/>\nSon ideales para restaurantes, bares, tiendas o para casa.<br \/>\nLa iluminaci\u00f3n decorativa de estilo vingate est\u00e1 de moda y la vemos por todas partes<\/p>\n<p>Medidas Soquete 45 mm ancho x 85 mm alto<br \/>\nCable 1,2 Mt<br \/>\nColor Dorado<br \/>\nFuente de luz Entrada E27<br \/>\nIMaterial Metal<br \/>\nIncluye Ampolleta Led Filamento tipo Edison, cable textil y canope para fijar a techo<br \/>\nncluye ampolleta<br \/>\nMedidad ampolleta 175mm x 125mm<\/p>\n","protected":false},"excerpt":{"rendered":"<p>Lampara Colgante Vintage Bronce + Ampolleta Led Vintage G125 Base met\u00e1lico Cord\u00f3n de 1 metro Combina a la perfecci\u00f3n con el color bronce anodizado del casquillo de estilo industrial\/vintage. Ideal para combinar con Ampolletas Vintage Incluye Ampolleta Vintage Globo Modelo G125 Esta lampara vintage\/industrial es ideal para crear ambientes decorativos y antiguos. Dependiendo con que [&#8230;]\n","protected":false},"featured_media":26917,"comment_status":"open","ping_status":"closed","template":"","meta":{"_joinchat":[]},"product_brand":[],"product_cat":[92,93,103,111,105],"product_tag":[],"class_list":{"0":"post-26915","1":"product","2":"type-product","3":"status-publish","4":"has-post-thumbnail","6":"product_cat-productos-led","7":"product_cat-ampolletas-led","8":"product_cat-lamparas-y-apliques","9":"product_cat-lamparas-colgantes","10":"product_cat-lamparas-vintage","12":"first","13":"instock","14":"shipping-taxable","15":"purchasable","16":"product-type-simple"},"_links":{"self":[{"href":"https:\/\/www.tiendaled.cl\/index.php?rest_route=\/wp\/v2\/product\/26915","targetHints":{"allow":["GET"]}}],"collection":[{"href":"https:\/\/www.tiendaled.cl\/index.php?rest_route=\/wp\/v2\/product"}],"about":[{"href":"https:\/\/www.tiendaled.cl\/index.php?rest_route=\/wp\/v2\/types\/product"}],"replies":[{"embeddable":true,"href":"https:\/\/www.tiendaled.cl\/index.php?rest_route=%2Fwp%2Fv2%2Fcomments&post=26915"}],"wp:featuredmedia":[{"embeddable":true,"href":"https:\/\/www.tiendaled.cl\/index.php?rest_route=\/wp\/v2\/media\/26917"}],"wp:attachment":[{"href":"https:\/\/www.tiendaled.cl\/index.php?rest_route=%2Fwp%2Fv2%2Fmedia&parent=26915"}],"wp:term":[{"taxonomy":"product_brand","embeddable":true,"href":"https:\/\/www.tiendaled.cl\/index.php?rest_route=%2Fwp%2Fv2%2Fproduct_brand&post=26915"},{"taxonomy":"product_cat","embeddable":true,"href":"https:\/\/www.tiendaled.cl\/index.php?rest_route=%2Fwp%2Fv2%2Fproduct_cat&post=26915"},{"taxonomy":"product_tag","embeddable":true,"href":"https:\/\/www.tiendaled.cl\/index.php?rest_route=%2Fwp%2Fv2%2Fproduct_tag&post=26915"}],"curies":[{"name":"wp","href":"https:\/\/api.w.org\/{rel}","templated":true}]}}